V/TestService( 1013): action:android.intent.action.MEDIA_MOUNTED
V/TestService( 1013): pathfile:///mnt/external_sd,bootcomplete=true
V/TestService( 1013): path1:file:///mnt/external_sd
W/ContextImpl( 1013): Calling a method in the system process without a qualified user: android.app.ContextImpl.startService:1704 android.content.ContextWrapper.startService:516 android.content.ContextWrapper.startService:516 com.rockchip.devicetest.BootReceiver.onReceive:58 android.app.ActivityThread.handleReceiver:2609
D/TestService( 1013): onCreate
D/TestService( 1013): onStartCommand,from:mount
D/StorageList( 1013): VolumnState:mounted
D/StorageList( 1013): Storage'paths:/mnt/internal_sd state:mounted
D/StorageList( 1013): VolumnState:mounted
D/StorageList( 1013): Storage'paths:/mnt/external_sd state:mounted
D/StorageList( 1013): VolumnState:removed
D/StorageList( 1013): Storage'paths:/mnt/usb_storage state:removed
D/DeviceTest-FileUitls( 1013): find path:/mnt/internal_sd
D/StorageList( 1013): VolumnState:mounted
D/DeviceTest-FileUitls( 1013): find path:/mnt/external_sd
D/StorageList( 1013): VolumnState:mounted
D/DeviceTest-FileUitls( 1013): find file:/mnt/external_sd/LOST.DIR
D/DeviceTest-FileUitls( 1013): find file:/mnt/external_sd/Android
D/DeviceTest-FileUitls( 1013): find file:/mnt/external_sd/Musics
D/DeviceTest-FileUitls( 1013): find file:/mnt/external_sd/Photos
D/DeviceTest-FileUitls( 1013): find file:/mnt/external_sd/tk_gapps_log.txt
D/DeviceTest-FileUitls( 1013): find file:/mnt/external_sd/TWRP
D/DeviceTest-FileUitls( 1013): find file:/mnt/external_sd/UPDATE-SuperSU-v1.51.zip
D/DeviceTest-FileUitls( 1013): find file:/mnt/external_sd/utils_format.zip
D/DeviceTest-FileUitls( 1013): find file:/mnt/external_sd/App
D/DeviceTest-FileUitls( 1013): find file:/mnt/external_sd/Documents
D/DeviceTest-FileUitls( 1013): find file:/mnt/external_sd/Videos
D/DeviceTest-FileUitls( 1013): find file:/mnt/external_sd/metadata.img
D/DeviceTest-FileUitls( 1013): find file:/mnt/external_sd/utils_format-signed.zip
D/DeviceTest-FileUitls( 1013): find file:/mnt/external_sd/2gapps-config.txt
D/DeviceTest-FileUitls( 1013): find file:/mnt/external_sd/1gapps-config.txt
D/DeviceTest-FileUitls( 1013): find file:/mnt/external_sd/DCIM
D/DeviceTest-FileUitls( 1013): find file:/mnt/external_sd/tk_gapps-modular-mini-5.1.1-20150628-signed.zip
D/DeviceTest-FileUitls( 1013): find file:/mnt/external_sd/tk_gapps_debug_logs.tar.gz
D/DeviceTest-FileUitls( 1013): find file:/mnt/external_sd/.tcookieid
D/DeviceTest-FileUitls( 1013): find file:/mnt/external_sd/System Volume Information
D/DeviceTest-FileUitls( 1013): find file:/mnt/external_sd/ok_gapps-config.txt
D/DeviceTest-FileUitls( 1013): find file:/mnt/external_sd/pa_gapps-modular-full-4.4.4-20150125-signed.zip
D/DeviceTest-FileUitls( 1013): find file:/mnt/external_sd/.android_secure
D/DeviceTest-FileUitls( 1013): find file:/mnt/external_sd/UPDATE-SuperSU-v2.46.zip
D/DeviceTest-FileUitls( 1013): find file:/mnt/external_sd/etc
D/DeviceTest-FileUitls( 1013): find file:/mnt/external_sd/updater-script
D/DeviceTest-FileUitls( 1013): find file:/mnt/external_sd/utils_format-ex2.zip
D/DeviceTest-FileUitls( 1013): find file:/mnt/external_sd/pa_gapps-modular-mini-5.0.1-20150315-signed.zip
D/DeviceTest-FileUitls( 1013): find file:/mnt/external_sd/gapps-config.txt
D/DeviceTest-FileUitls( 1013): find file:/mnt/external_sd/cm12.1.zip
D/DeviceTest-FileUitls( 1013): find path:/mnt/usb_storage
D/StorageList( 1013): VolumnState:removed
D/DeviceTest-FileUitls( 1013): find file:/mnt/internal_sd/LOST.DIR
D/DeviceTest-FileUitls( 1013): find file:/mnt/internal_sd/.android_secure
D/DeviceTest-FileUitls( 1013): find file:/mnt/internal_sd/Music
D/DeviceTest-FileUitls( 1013): find file:/mnt/internal_sd/Podcasts
D/DeviceTest-FileUitls( 1013): find file:/mnt/internal_sd/Ringtones
D/DeviceTest-FileUitls( 1013): find file:/mnt/internal_sd/Alarms
D/DeviceTest-FileUitls( 1013): find file:/mnt/internal_sd/Notifications
D/DeviceTest-FileUitls( 1013): find file:/mnt/internal_sd/Pictures
D/DeviceTest-FileUitls( 1013): find file:/mnt/internal_sd/Movies
D/DeviceTest-FileUitls( 1013): find file:/mnt/internal_sd/Download
D/DeviceTest-FileUitls( 1013): find file:/mnt/internal_sd/DCIM
D/DeviceTest-FileUitls( 1013): find file:/mnt/internal_sd/eHomeMediaCenter
D/DeviceTest-FileUitls( 1013): find file:/mnt/internal_sd/Android
D/TestService( 1013): no DeviceTest.apk
D/TestService( 1013): Rock Recv Mount action. 21139
D/ExternalStorage( 1049): After updating volumes, found 2 active roots
D/MediaScannerReceiver( 589): action: android.intent.action.MEDIA_MOUNTED path: /mnt/external_sd
D/RKUpdateReceiver( 776): action = android.intent.action.MEDIA_MOUNTED
I/ActivityManager( 480): Start proc 1135:eu.chainfire.supersu/u0a58 for broadcast eu.chainfire.supersu/.UserPresentReceiver
D/MediaScannerService( 589): start scanning volume external: [/mnt/external_sd]
I/ActivityManager( 480): Start proc 1156:com.android.keychain/1000 for service com.android.keychain/.KeyChainService
W/Thread-80( 1169): type=1400 audit(0.0:24): avc: denied { unlink } for name="log" dev="mmcblk0p8" ino=18 scontext=u:r:system_server:s0 tcontext=u:object_r:unlabeled:s0 tclass=file permissive=0
W/Thread-80( 1169): type=1400 audit(0.0:25): avc: denied { unlink } for name=".version" dev="mmcblk0p8" ino=24 scontext=u:r:system_server:s0 tcontext=u:object_r:unlabeled:s0 tclass=file permissive=0
W/Thread-80( 1169): type=1400 audit(0.0:26): avc: denied { unlink } for name="recovery.fstab" dev="mmcblk0p8" ino=25 scontext=u:r:system_server:s0 tcontext=u:object_r:unlabeled:s0 tclass=file permissive=0
W/Thread-80( 1169): type=1400 audit(0.0:27): avc: denied { unlink } for name="storage.fstab" dev="mmcblk0p8" ino=26 scontext=u:r:system_server:s0 tcontext=u:object_r:unlabeled:s0 tclass=file permissive=0
W/Thread-80( 1169): type=1400 audit(0.0:28): avc: denied { unlink } for name="intent" dev="mmcblk0p8" ino=27 scontext=u:r:system_server:s0 tcontext=u:object_r:unlabeled:s0 tclass=file permissive=0
E/RecoverySystem( 480): Can't delete: /cache/recovery/log
E/RecoverySystem( 480): Can't delete: /cache/recovery/.version
E/RecoverySystem( 480): Can't delete: /cache/recovery/recovery.fstab
E/RecoverySystem( 480): Can't delete: /cache/recovery/storage.fstab
E/RecoverySystem( 480): Can't delete: /cache/recovery/intent
I/ActivityManager( 480): Start proc 1176:com.android.settings/1000 for broadcast com.android.settings/.HdmiReceiver
I/BootReceiver( 480): Copying /proc/last_kmsg to DropBox (SYSTEM_LAST_KMSG)
I/BootReceiver( 480): Copying audit failures to DropBox
I/BootReceiver( 480): Copied 0 worth of audits to DropBox
I/BootReceiver( 480): Checking for fsck errors
D/MediaScannerService( 589): done scanning volume external
E/DisplayOutputManager( 1176): Error listing main interfaces :java.lang.NullPointerException: Attempt to invoke virtual method 'com.android.server.NativeDaemonEvent[] com.android.server.NativeDaemonConnector.executeForList(java.lang.String, java.lang.Object[])' on a null object reference
E/DisplayOutputManager( 1176): Error listing aux interfaces :java.lang.NullPointerException: Attempt to invoke virtual method 'com.android.server.NativeDaemonEvent[] com.android.server.NativeDaemonConnector.executeForList(java.lang.String, java.lang.Object[])' on a null object reference
E/DisplayOutputManager( 1176): There is no display interface.
D/HdmiReceiver( 1176): hdmi receiver action=android.intent.action.BOOT_COMPLETED
D/HdmiReceiver( 1176): BOOT_COMPLETED
E/SystemUIBootReceiver( 607): BootReceiver:config.disable_systemui=true
V/TestService( 1013): action:android.intent.action.BOOT_COMPLETED
V/TestService( 1013): getSystemAbnormalRestartTime0:37
V/TestService( 1013): setSystemStart0:true
V/TestService( 1013): SystemUtils.isBootComplete()=true
V/TestService( 1013): setSystemStart1:true
W/ContextImpl( 1013): Calling a method in the system process without a qualified user: android.app.ContextImpl.startService:1704 android.content.ContextWrapper.startService:516 android.content.ContextWrapper.startService:516 com.rockchip.devicetest.BootReceiver.onReceive:77 android.app.ActivityThread.handleReceiver:2609
V/TestService( 1013): getSystemAbnormalRestartTime1:38
D/TestService( 1013): onStartCommand,from:boot
D/StorageList( 1013): VolumnState:mounted
D/StorageList( 1013): Storage'paths:/mnt/internal_sd state:mounted
D/StorageList( 1013): VolumnState:mounted
D/StorageList( 1013): Storage'paths:/mnt/external_sd state:mounted
D/StorageList( 1013): VolumnState:removed
D/StorageList( 1013): Storage'paths:/mnt/usb_storage state:removed
D/DeviceTest-FileUitls( 1013): find path:/mnt/internal_sd
D/StorageList( 1013): VolumnState:mounted
D/DeviceTest-FileUitls( 1013): find path:/mnt/external_sd
D/StorageList( 1013): VolumnState:mounted
D/DeviceTest-FileUitls( 1013): find file:/mnt/external_sd/LOST.DIR
D/DeviceTest-FileUitls( 1013): find file:/mnt/external_sd/Android
D/DeviceTest-FileUitls( 1013): find file:/mnt/external_sd/Musics
D/DeviceTest-FileUitls( 1013): find file:/mnt/external_sd/Photos
D/DeviceTest-FileUitls( 1013): find file:/mnt/external_sd/tk_gapps_log.txt
D/DeviceTest-FileUitls( 1013): find file:/mnt/external_sd/TWRP
D/DeviceTest-FileUitls( 1013): find file:/mnt/external_sd/UPDATE-SuperSU-v1.51.zip
D/DeviceTest-FileUitls( 1013): find file:/mnt/external_sd/utils_format.zip
D/DeviceTest-FileUitls( 1013): find file:/mnt/external_sd/App
D/DeviceTest-FileUitls( 1013): find file:/mnt/external_sd/Documents
D/DeviceTest-FileUitls( 1013): find file:/mnt/external_sd/Videos
D/DeviceTest-FileUitls( 1013): find file:/mnt/external_sd/metadata.img
D/DeviceTest-FileUitls( 1013): find file:/mnt/external_sd/utils_format-signed.zip
D/DeviceTest-FileUitls( 1013): find file:/mnt/external_sd/2gapps-config.txt
D/DeviceTest-FileUitls( 1013): find file:/mnt/external_sd/1gapps-config.txt
D/DeviceTest-FileUitls( 1013): find file:/mnt/external_sd/DCIM
D/DeviceTest-FileUitls( 1013): find file:/mnt/external_sd/tk_gapps-modular-mini-5.1.1-20150628-signed.zip
D/DeviceTest-FileUitls( 1013): find file:/mnt/external_sd/tk_gapps_debug_logs.tar.gz
D/DeviceTest-FileUitls( 1013): find file:/mnt/external_sd/.tcookieid
D/DeviceTest-FileUitls( 1013): find file:/mnt/external_sd/System Volume Information
D/DeviceTest-FileUitls( 1013): find file:/mnt/external_sd/ok_gapps-config.txt
D/DeviceTest-FileUitls( 1013): find file:/mnt/external_sd/pa_gapps-modular-full-4.4.4-20150125-signed.zip
D/DeviceTest-FileUitls( 1013): find file:/mnt/external_sd/.android_secure
D/DeviceTest-FileUitls( 1013): find file:/mnt/external_sd/UPDATE-SuperSU-v2.46.zip
D/DeviceTest-FileUitls( 1013): find file:/mnt/external_sd/etc
D/DeviceTest-FileUitls( 1013): find file:/mnt/external_sd/updater-script
D/DeviceTest-FileUitls( 1013): find file:/mnt/external_sd/utils_format-ex2.zip
D/DeviceTest-FileUitls( 1013): find file:/mnt/external_sd/pa_gapps-modular-mini-5.0.1-20150315-signed.zip
D/DeviceTest-FileUitls( 1013): find file:/mnt/external_sd/gapps-config.txt
D/DeviceTest-FileUitls( 1013): find file:/mnt/external_sd/cm12.1.zip
D/DeviceTest-FileUitls( 1013): find path:/mnt/usb_storage
D/StorageList( 1013): VolumnState:removed
D/DeviceTest-FileUitls( 1013): find file:/mnt/internal_sd/LOST.DIR
D/DeviceTest-FileUitls( 1013): find file:/mnt/internal_sd/.android_secure
D/DeviceTest-FileUitls( 1013): find file:/mnt/internal_sd/Music
D/DeviceTest-FileUitls( 1013): find file:/mnt/internal_sd/Podcasts
D/DeviceTest-FileUitls( 1013): find file:/mnt/internal_sd/Ringtones
D/DeviceTest-FileUitls( 1013): find file:/mnt/internal_sd/Alarms
D/DeviceTest-FileUitls( 1013): find file:/mnt/internal_sd/Notifications
D/DeviceTest-FileUitls( 1013): find file:/mnt/internal_sd/Pictures
D/DeviceTest-FileUitls( 1013): find file:/mnt/internal_sd/Movies
D/DeviceTest-FileUitls( 1013): find file:/mnt/internal_sd/Download
D/DeviceTest-FileUitls( 1013): find file:/mnt/internal_sd/DCIM
D/DeviceTest-FileUitls( 1013): find file:/mnt/internal_sd/eHomeMediaCenter
D/DeviceTest-FileUitls( 1013): find file:/mnt/internal_sd/Android
D/TestService( 1013): no DeviceTest.apk
D/TestService( 1013): Rock Recv boot action. 21723
D/TestService( 1013): Rock check storage inter_path=/mnt/internal_sd
D/TestService( 1013): Rock check storage, mounted.
D/TestService( 1013): Rock check storage, mounted.
I/ActivityManager( 480): Start proc 1202:com.rockchip.mediacenter/u0a56 for broadcast com.rockchip.mediacenter/.BootReceiver
I/art ( 171): Explicit concurrent mark sweep GC freed 704(30KB) AllocSpace objects, 0(0B) LOS objects, 40% free, 9MB/15MB, paused 380us total 17.875ms
I/art ( 171): Explicit concurrent mark sweep GC freed 5(160B) AllocSpace objects, 0(0B) LOS objects, 40% free, 9MB/15MB, paused 231us total 16.911ms
I/art ( 171): Explicit concurrent mark sweep GC freed 5(160B) AllocSpace objects, 0(0B) LOS objects, 40% free, 9MB/15MB, paused 232us total 11.724ms
I/ActivityManager( 480): Start proc 1221:com.rockchip.mediacenter:service/u0a56 for service com.rockchip.mediacenter/.SystemDeviceService
D/SuperSU][APK( 1135): [SuperSU][APK][Installer] detect(245)
I/ActivityManager( 480): Start proc 1241:com.android.dialer/u0a4 for broadcast com.android.dialer/.calllog.CallLogReceiver
D/ExtensionsFactory( 1241): No custom extensions.
D/WIFI ( 480): Registering NetworkFactory
D/WIFI_UT ( 480): Registering NetworkFactory
D/ConnectivityService( 480): Got NetworkFactory Messenger for WIFI
D/ConnectivityService( 480): Got NetworkFactory Messenger for WIFI_UT
D/WIFI ( 480): got request NetworkRequest [ id=1, legacyType=-1, [ Capabilities: INTERNET&NOT_RESTRICTED&TRUSTED&NOT_VPN] ] with score 0
D/WIFI_UT ( 480): got request NetworkRequest [ id=1, legacyType=-1, [ Capabilities: INTERNET&NOT_RESTRICTED&TRUSTED&NOT_VPN] ] with score 0
D/SuperSU][APK( 1135): [SuperSU][APK][Installer] su --> 245
I/ActivityManager( 480): Start proc 1274:com.android.providers.calendar/u0a1 for broadcast com.android.providers.calendar/.CalendarReceiver
W/ResourcesManager( 1274): Asset path '/system/framework/android.test.runner.jar' does not exist or contains no resources.
D/SuperSU][APK( 1135): [SuperSU][APK][Installer] su backup --> 245
I/CalendarProvider2( 1274): Created com.android.providers.calendar.CalendarAlarmManager@38992207(com.android.providers.calendar.CalendarProvider2@19fbcf34)
I/ActivityManager( 480): Start proc 1309:com.android.managedprovisioning/u0a7 for broadcast com.android.managedprovisioning/.BootReminder
D/SuperSU][APK( 1135): [SuperSU][APK][Installer] su daemon --> 245
W/sugote-mksh( 1350): type=1400 audit(0.0:29): avc: denied { getattr } for path="/system/bin/toolbox" dev="mmcblk0p10" ino=414 scontext=u:r:system_app:s0 tcontext=u:object_r:toolbox_exec:s0 tclass=file permissive=0
D/MediaScannerService( 589): start scanning volume internal: [/system/media, /oem/media]
D/xzj ( 589): true---------------------------ooooooooooo,stop mtp service---------------false
D/SuperSU][APK( 1135): [SuperSU][APK][Installer] sugote --> 245 / 1 / 1
I/ActivityManager( 480): Start proc 1354:com.android.mms/u0a8 for broadcast com.android.mms/.transaction.MmsSystemEventReceiver
E/SQLiteLog( 589): (283) recovered 143 frames from WAL file /data/data/com.android.providers.media/databases/internal.db-wal
D/SuperSU][APK( 1135): [SuperSU][APK][Installer] supolicy --> 245
D/SuperSU][APK( 1135): [SuperSU][APK][Installer] su old --> -2
D/SuperSU][APK( 1135): [SuperSU][APK][Installer] app_process --> 1
D/CountryDetector( 480): The first listener is added
D/SuperSU][APK( 1135): [SuperSU][APK][Installer] sdk == 22
D/SuperSU][APK( 1135): [SuperSU][APK][Installer] xbin_only == 0
D/SuperSU][APK( 1135): [SuperSU][APK][Installer] selinux_enforcing == 1
D/SuperSU][APK( 1135): [SuperSU][APK][Installer] is_daemon_mode == 1
D/SuperSU][APK( 1135): [SuperSU][APK][Installer] is_sugote_needed == 1
D/SuperSU][APK( 1135): [SuperSU][APK][Installer] is_supolicy_needed == 1
D/SuperSU][APK( 1135): [SuperSU][APK][Installer] context_toolbox == u:object_r:toolbox_exec:s0
D/SuperSU][APK( 1135): [SuperSU][APK][Installer] want_install == 0
D/SuperSU][APK( 1135): [SuperSU][APK][Installer] want_backup == 0
D/SuperSU][APK( 1135): [SuperSU][APK][Installer] want_daemon == 0
D/SuperSU][APK( 1135): [SuperSU][APK][Installer] want_sugote == 0
D/SuperSU][APK( 1135): [SuperSU][APK][Installer] want_supolicy == 0
D/SuperSU][APK( 1135): [SuperSU][APK][Installer] want_app_process == 0
D/SuperSU][APK( 1135): [SuperSU][APK][Installer] have_recovery_context == 1
D/SuperSU][APK( 1135): [SuperSU][APK][Installer] wantInstall() == 0
D/SuperSU][APK( 1135): [SuperSU][APK][Installer] canInstall() == 1
V/Mms ( 1354): mnc/mcc:
V/Mms ( 1354): tag: bool value: enabledMMS - true
V/Mms ( 1354): tag: int value: maxMessageSize - 307200
V/Mms ( 1354): tag: int value: maxImageHeight - 480
V/Mms ( 1354): tag: int value: maxImageWidth - 640
V/Mms ( 1354): tag: int value: defaultSMSMessagesPerThread - 10000
V/Mms ( 1354): tag: int value: defaultMMSMessagesPerThread - 1000
V/Mms ( 1354): tag: int value: minMessageCountPerThread - 10
V/Mms ( 1354): tag: int value: maxMessageCountPerThread - 5000
V/Mms ( 1354): tag: string value: uaProfUrl - http://www.google.com/oha/rdf/ua-profile-kila.xml
V/Mms ( 1354): tag: int value: recipientLimit - -1
V/Mms ( 1354): tag: bool value: enableMultipartSMS - true
V/Mms ( 1354): tag: int value: smsToMmsTextThreshold - -1
V/Mms ( 1354): tag: bool value: enableSlideDuration - true
V/Mms ( 1354): tag: int value: maxMessageTextSize - -1
I/ActivityManager( 480): Delay finish: com.android.mms/.transaction.SmsReceiver
D/ConnectivityManager( 1354): getMobileDataEnabled()+ subId=0
D/PhoneInterfaceManager( 893): [PhoneIntfMgr] getDataEnabled: subId=0 phoneId=0
D/PhoneInterfaceManager( 893): [PhoneIntfMgr] getDataEnabled: subId=0 retVal=true
D/ConnectivityManager( 1354): getMobileDataEnabled()- subId=0 retVal=true
D/Mms ( 1354): cancelNotification
D/MmsSmsDatabaseHelper( 893): [MmsSmsDb] tableName: threads hasAutoIncrement: CREATE TABLE threads (_id INTEGER PRIMARY KEY AUTOINCREMENT,date INTEGER DEFAULT 0,message_count INTEGER DEFAULT 0,recipient_ids TEXT,snippet TEXT,snippet_cs INTEGER DEFAULT 0,read INTEGER DEFAULT 1,archived INTEGER DEFAULT 0,type INTEGER DEFAULT 0,error INTEGER DEFAULT 0,has_attachment INTEGER DEFAULT 0) result: true
D/MmsSmsDatabaseHelper( 893): [MmsSmsDb] tableName: canonical_addresses hasAutoIncrement: CREATE TABLE canonical_addresses (_id INTEGER PRIMARY KEY AUTOINCREMENT,address TEXT) result: true
D/MmsSmsDatabaseHelper( 893): [MmsSmsDb] tableName: part hasAutoIncrement: CREATE TABLE part (_id INTEGER PRIMARY KEY AUTOINCREMENT,mid INTEGER,seq INTEGER DEFAULT 0,ct TEXT,name TEXT,chset INTEGER,cd TEXT,fn TEXT,cid TEXT,cl TEXT,ctt_s INTEGER,ctt_t TEXT,_data TEXT,text TEXT) result: true
D/MmsSmsDatabaseHelper( 893): [MmsSmsDb] tableName: pdu hasAutoIncrement: CREATE TABLE pdu (_id INTEGER PRIMARY KEY AUTOINCREMENT,thread_id INTEGER,date INTEGER,date_sent INTEGER DEFAULT 0,msg_box INTEGER,read INTEGER DEFAULT 0,m_id TEXT,sub TEXT,sub_cs INTEGER,ct_t TEXT,ct_l TEXT,exp INTEGER,m_cls TEXT,m_type INTEGER,v INTEGER,m_size INTEGER,pri INTEGER,rr INTEGER,rpt_a INTEGER,resp_st INTEGER,st INTEGER,tr_id TEXT,retr_st INTEGER,retr_txt TEXT,retr_txt_cs INTEGER,read_status INTEGER,ct_cls INTEGER,resp_txt TEXT,d_tm INTEGER,d_rpt INTEGER,locked INTEGER DEFAULT 0,sub_id INTEGER DEFAULT -1, seen INTEGER DEFAULT 0,creator TEXT,text_only INTEGER DEFAULT 0) result: true
D/MmsSmsDatabaseHelper( 893): [getWritableDatabase] hasAutoIncrementThreads: true hasAutoIncrementAddresses: true hasAutoIncrementPart: true hasAutoIncrementPdu: true
D/ConnectivityManager( 1354): getMobileDataEnabled()+ subId=0
D/PhoneInterfaceManager( 893): [PhoneIntfMgr] getDataEnabled: subId=0 phoneId=0
D/PhoneInterfaceManager( 893): [PhoneIntfMgr] getDataEnabled: subId=0 retVal=true
D/ConnectivityManager( 1354): getMobileDataEnabled()- subId=0 retVal=true
D/Mms ( 1354): cancelNotification
I/ActivityManager( 480): Resuming delayed broadcast
W/MediaScanner( 589): Error opening directory '/oem/media/', skipping: No such file or directory.
I/ActivityManager( 480): Start proc 1410:com.android.onetimeinitializer/u0a10 for broadcast com.android.onetimeinitializer/.OneTimeInitializerReceiver
V/OneTimeInitializerRece( 1410): OneTimeInitializerReceiver.onReceive
I/ActivityManager( 480): Start proc 1436:com.android.voicedialer/u0a14 for broadcast com.android.voicedialer/.VoiceDialerReceiver
D/MediaScannerService( 589): done scanning volume internal
D/MediaScannerService( 589): start scanning volume external: [/mnt/external_sd]
I/ActivityManager( 480): Start proc 1456:com.android.calendar/u0a20 for broadcast com.android.calendar/.alerts.AlertReceiver
D/MediaScannerService( 589): done scanning volume external
D/MediaScannerService( 589): start scanning volume external: [/mnt/usb_storage]
D/ExtensionsFactory( 1456): No custom extensions.
D/AlertReceiver( 1456): onReceive: a=android.intent.action.BOOT_COMPLETED Intent { act=android.intent.action.BOOT_COMPLETED flg=0x8000010 cmp=com.android.calendar/.alerts.AlertReceiver (has extras) }
D/AlertService( 1456): 0 Action = android.intent.action.BOOT_COMPLETED
W/MediaScanner( 589): Error opening directory '/mnt/usb_storage/', skipping: Permission denied.
D/AlertService( 1456): Scheduling next alarm with AlarmScheduler. sEventReminderReceived: null
D/MediaScannerService( 589): done scanning volume external
D/MediaScannerService( 589): start scanning volume external: [/mnt/internal_sd]
D/AlarmScheduler( 1456): No events found starting within 1 week.
D/MediaScanner( 589): Skipping: /mnt/internal_sd/Android/
I/SystemBroadcastReceiver( 674): Boot has been completed
I/LauncherIconVisibilityManager( 674): Activity has already been disabled: ComponentInfo{com.android.inputmethod.latin/com.android.inputmethod.latin.setup.SetupActivity}
D/MediaScannerService( 589): done scanning volume external
D/RKUpdateReceiver( 776): action = android.intent.action.BOOT_COMPLETED
D/RKUpdateReceiver( 776): RKUpdateReceiver recv ACTION_BOOT_COMPLETED. I/android_rockchip_update_UpdateService.cpp( 776): JNI_OnLoad
D/RKUpdateService( 776): starting RKUpdateService, version is 1.8.0
D/RKUpdateService( 776): remote uri is http://www.rockchip.com:2300/OtaUpdater/android?product=P1-3G&version=1.0.0&sn=3RKPK0BF86&country=US&language=en
D/RKUpdateService( 776): remote uri backup is http://192.168.1.143:2300/OtaUpdater/android?product=P1-3G&version=1.0.0&sn=3RKPK0BF86&country=US&language=en
D/RKUpdateService( 776): first startup!!!
D/RKUpdateService( 776): onStartCommand.......
D/RKUpdateService( 776): command = 1 delaytime = 20000
D/RKUpdateService( 776): onStartCommand.......
D/RKUpdateService( 776): command = 2 delaytime = 25000
V/Mms ( 1354): onStart: #1 mResultCode: -1 = Activity.RESULT_OK
I/CalendarProvider2( 1274): Sending notification intent: Intent { act=android.intent.action.PROVIDER_CHANGED dat=content://com.android.calendar }
W/ContentResolver( 1274): Failed to get type for: content://com.android.calendar (Unknown URL content://com.android.calendar)
D/AlertReceiver( 1456): onReceive: a=android.intent.action.PROVIDER_CHANGED Intent { act=android.intent.action.PROVIDER_CHANGED dat=content://com.android.calendar flg=0x10 cmp=com.android.calendar/.alerts.AlertReceiver }
D/AlertService( 1456): 0 Action = android.intent.action.PROVIDER_CHANGED
D/StorageList( 1013): VolumnState:mounted
D/StorageList( 1013): Storage'paths:/mnt/internal_sd state:mounted
D/StorageList( 1013): VolumnState:mounted
D/StorageList( 1013): Storage'paths:/mnt/external_sd state:mounted
D/StorageList( 1013): VolumnState:removed
D/StorageList( 1013): Storage'paths:/mnt/usb_storage state:removed
D/DeviceTest-FileUitls( 1013): find path:/mnt/internal_sd
D/StorageList( 1013): VolumnState:mounted
D/DeviceTest-FileUitls( 1013): find path:/mnt/external_sd
D/StorageList( 1013): VolumnState:mounted
D/DeviceTest-FileUitls( 1013): find file:/mnt/external_sd/LOST.DIR
D/DeviceTest-FileUitls( 1013): find file:/mnt/external_sd/Android
D/DeviceTest-FileUitls( 1013): find file:/mnt/external_sd/Musics
D/DeviceTest-FileUitls( 1013): find file:/mnt/external_sd/Photos
D/DeviceTest-FileUitls( 1013): find file:/mnt/external_sd/tk_gapps_log.txt
D/DeviceTest-FileUitls( 1013): find file:/mnt/external_sd/TWRP
D/DeviceTest-FileUitls( 1013): find file:/mnt/external_sd/UPDATE-SuperSU-v1.51.zip
D/DeviceTest-FileUitls( 1013): find file:/mnt/external_sd/utils_format.zip
D/DeviceTest-FileUitls( 1013): find file:/mnt/external_sd/App
D/DeviceTest-FileUitls( 1013): find file:/mnt/external_sd/Documents
D/DeviceTest-FileUitls( 1013): find file:/mnt/external_sd/Videos
D/DeviceTest-FileUitls( 1013): find file:/mnt/external_sd/metadata.img
D/DeviceTest-FileUitls( 1013): find file:/mnt/external_sd/utils_format-signed.zip
D/DeviceTest-FileUitls( 1013): find file:/mnt/external_sd/2gapps-config.txt
D/DeviceTest-FileUitls( 1013): find file:/mnt/external_sd/1gapps-config.txt
D/DeviceTest-FileUitls( 1013): find file:/mnt/external_sd/DCIM
D/DeviceTest-FileUitls( 1013): find file:/mnt/external_sd/tk_gapps-modular-mini-5.1.1-20150628-signed.zip
D/DeviceTest-FileUitls( 1013): find file:/mnt/external_sd/tk_gapps_debug_logs.tar.gz
D/DeviceTest-FileUitls( 1013): find file:/mnt/external_sd/.tcookieid
D/DeviceTest-FileUitls( 1013): find file:/mnt/external_sd/System Volume Information
D/DeviceTest-FileUitls( 1013): find file:/mnt/external_sd/ok_gapps-config.txt
D/DeviceTest-FileUitls( 1013): find file:/mnt/external_sd/pa_gapps-modular-full-4.4.4-20150125-signed.zip
D/DeviceTest-FileUitls( 1013): find file:/mnt/external_sd/.android_secure
D/DeviceTest-FileUitls( 1013): find file:/mnt/external_sd/UPDATE-SuperSU-v2.46.zip
D/DeviceTest-FileUitls( 1013): find file:/mnt/external_sd/etc
D/DeviceTest-FileUitls( 1013): find file:/mnt/external_sd/updater-script
D/DeviceTest-FileUitls( 1013): find file:/mnt/external_sd/utils_format-ex2.zip
D/DeviceTest-FileUitls( 1013): find file:/mnt/external_sd/pa_gapps-modular-mini-5.0.1-20150315-signed.zip
D/DeviceTest-FileUitls( 1013): find file:/mnt/external_sd/gapps-config.txt
D/DeviceTest-FileUitls( 1013): find file:/mnt/external_sd/cm12.1.zip
D/DeviceTest-FileUitls( 1013): find path:/mnt/usb_storage
D/StorageList( 1013): VolumnState:removed
D/DeviceTest-FileUitls( 1013): find file:/mnt/internal_sd/LOST.DIR
D/DeviceTest-FileUitls( 1013): find file:/mnt/internal_sd/.android_secure
D/DeviceTest-FileUitls( 1013): find file:/mnt/internal_sd/Music
D/DeviceTest-FileUitls( 1013): find file:/mnt/internal_sd/Podcasts
D/DeviceTest-FileUitls( 1013): find file:/mnt/internal_sd/Ringtones
D/DeviceTest-FileUitls( 1013): find file:/mnt/internal_sd/Alarms
D/DeviceTest-FileUitls( 1013): find file:/mnt/internal_sd/Notifications
D/DeviceTest-FileUitls( 1013): find file:/mnt/internal_sd/Pictures
D/DeviceTest-FileUitls( 1013): find file:/mnt/internal_sd/Movies
D/DeviceTest-FileUitls( 1013): find file:/mnt/internal_sd/Download
D/DeviceTest-FileUitls( 1013): find file:/mnt/internal_sd/DCIM
D/DeviceTest-FileUitls( 1013): find file:/mnt/internal_sd/eHomeMediaCenter
D/DeviceTest-FileUitls( 1013): find file:/mnt/internal_sd/Android
D/StorageList( 1013): VolumnState:mounted
D/StorageList( 1013): Storage'paths:/mnt/internal_sd state:mounted
D/StorageList( 1013): VolumnState:mounted
D/StorageList( 1013): Storage'paths:/mnt/external_sd state:mounted
D/StorageList( 1013): VolumnState:removed
D/StorageList( 1013): Storage'paths:/mnt/usb_storage state:removed
D/DeviceTest-FileUitls( 1013): find path:/mnt/internal_sd
D/StorageList( 1013): VolumnState:mounted
D/DeviceTest-FileUitls( 1013): find path:/mnt/external_sd
D/StorageList( 1013): VolumnState:mounted
D/DeviceTest-FileUitls( 1013): find file:/mnt/external_sd/LOST.DIR
D/DeviceTest-FileUitls( 1013): find file:/mnt/external_sd/Android
D/DeviceTest-FileUitls( 1013): find file:/mnt/external_sd/Musics
D/DeviceTest-FileUitls( 1013): find file:/mnt/external_sd/Photos
D/DeviceTest-FileUitls( 1013): find file:/mnt/external_sd/tk_gapps_log.txt
D/DeviceTest-FileUitls( 1013): find file:/mnt/external_sd/TWRP
D/DeviceTest-FileUitls( 1013): find file:/mnt/external_sd/UPDATE-SuperSU-v1.51.zip
D/DeviceTest-FileUitls( 1013): find file:/mnt/external_sd/utils_format.zip
D/DeviceTest-FileUitls( 1013): find file:/mnt/external_sd/App
D/DeviceTest-FileUitls( 1013): find file:/mnt/external_sd/Documents
D/DeviceTest-FileUitls( 1013): find file:/mnt/external_sd/Videos
D/DeviceTest-FileUitls( 1013): find file:/mnt/external_sd/metadata.img
D/DeviceTest-FileUitls( 1013): find file:/mnt/external_sd/utils_format-signed.zip
D/DeviceTest-FileUitls( 1013): find file:/mnt/external_sd/2gapps-config.txt
D/DeviceTest-FileUitls( 1013): find file:/mnt/external_sd/1gapps-config.txt
D/DeviceTest-FileUitls( 1013): find file:/mnt/external_sd/DCIM
D/DeviceTest-FileUitls( 1013): find file:/mnt/external_sd/tk_gapps-modular-mini-5.1.1-20150628-signed.zip
D/DeviceTest-FileUitls( 1013): find file:/mnt/external_sd/tk_gapps_debug_logs.tar.gz
D/DeviceTest-FileUitls( 1013): find file:/mnt/external_sd/.tcookieid
D/DeviceTest-FileUitls( 1013): find file:/mnt/external_sd/System Volume Information
D/DeviceTest-FileUitls( 1013): find file:/mnt/external_sd/ok_gapps-config.txt
D/DeviceTest-FileUitls( 1013): find file:/mnt/external_sd/pa_gapps-modular-full-4.4.4-20150125-signed.zip
D/DeviceTest-FileUitls( 1013): find file:/mnt/external_sd/.android_secure
D/DeviceTest-FileUitls( 1013): find file:/mnt/external_sd/UPDATE-SuperSU-v2.46.zip
D/DeviceTest-FileUitls( 1013): find file:/mnt/external_sd/etc
D/DeviceTest-FileUitls( 1013): find file:/mnt/external_sd/updater-script
D/DeviceTest-FileUitls( 1013): find file:/mnt/external_sd/utils_format-ex2.zip
D/DeviceTest-FileUitls( 1013): find file:/mnt/external_sd/pa_gapps-modular-mini-5.0.1-20150315-signed.zip
D/DeviceTest-FileUitls( 1013): find file:/mnt/external_sd/gapps-config.txt
D/DeviceTest-FileUitls( 1013): find file:/mnt/external_sd/cm12.1.zip
D/DeviceTest-FileUitls( 1013): find path:/mnt/usb_storage
D/StorageList( 1013): VolumnState:removed
D/DeviceTest-FileUitls( 1013): find file:/mnt/internal_sd/LOST.DIR
D/DeviceTest-FileUitls( 1013): find file:/mnt/internal_sd/.android_secure
D/DeviceTest-FileUitls( 1013): find file:/mnt/internal_sd/Music
D/DeviceTest-FileUitls( 1013): find file:/mnt/internal_sd/Podcasts
D/DeviceTest-FileUitls( 1013): find file:/mnt/internal_sd/Ringtones
D/DeviceTest-FileUitls( 1013): find file:/mnt/internal_sd/Alarms
D/DeviceTest-FileUitls( 1013): find file:/mnt/internal_sd/Notifications
D/DeviceTest-FileUitls( 1013): find file:/mnt/internal_sd/Pictures
D/DeviceTest-FileUitls( 1013): find file:/mnt/internal_sd/Movies
D/DeviceTest-FileUitls( 1013): find file:/mnt/internal_sd/Download
D/DeviceTest-FileUitls( 1013): find file:/mnt/internal_sd/DCIM
D/DeviceTest-FileUitls( 1013): find file:/mnt/internal_sd/eHomeMediaCenter
D/DeviceTest-FileUitls( 1013): find file:/mnt/internal_sd/Android
D/TestService( 1013): factoryFilePath: agingFilePath: externalStorageFilePath:/mnt/internal_sd
D/StorageList( 1013): VolumnState:mounted
D/StorageList( 1013): Storage'paths:/mnt/internal_sd state:mounted
D/StorageList( 1013): VolumnState:mounted
D/StorageList( 1013): Storage'paths:/mnt/external_sd state:mounted
D/StorageList( 1013): VolumnState:removed
D/StorageList( 1013): Storage'paths:/mnt/usb_storage state:removed
D/DeviceTest-FileUitls( 1013): find path:/mnt/internal_sd
D/StorageList( 1013): VolumnState:mounted
D/DeviceTest-FileUitls( 1013): find path:/mnt/external_sd
D/StorageList( 1013): VolumnState:mounted
D/DeviceTest-FileUitls( 1013): find file:/mnt/external_sd/LOST.DIR
D/DeviceTest-FileUitls( 1013): find file:/mnt/external_sd/Android
D/DeviceTest-FileUitls( 1013): find file:/mnt/external_sd/Musics
D/DeviceTest-FileUitls( 1013): find file:/mnt/external_sd/Photos
D/DeviceTest-FileUitls( 1013): find file:/mnt/external_sd/tk_gapps_log.txt
D/DeviceTest-FileUitls( 1013): find file:/mnt/external_sd/TWRP
D/DeviceTest-FileUitls( 1013): find file:/mnt/external_sd/UPDATE-SuperSU-v1.51.zip
D/DeviceTest-FileUitls( 1013): find file:/mnt/external_sd/utils_format.zip
D/DeviceTest-FileUitls( 1013): find file:/mnt/external_sd/App
D/DeviceTest-FileUitls( 1013): find file:/mnt/external_sd/Documents
D/DeviceTest-FileUitls( 1013): find file:/mnt/external_sd/Videos
D/DeviceTest-FileUitls( 1013): find file:/mnt/external_sd/metadata.img
D/DeviceTest-FileUitls( 1013): find file:/mnt/external_sd/utils_format-signed.zip
D/DeviceTest-FileUitls( 1013): find file:/mnt/external_sd/2gapps-config.txt
D/DeviceTest-FileUitls( 1013): find file:/mnt/external_sd/1gapps-config.txt
D/DeviceTest-FileUitls( 1013): find file:/mnt/external_sd/DCIM
D/DeviceTest-FileUitls( 1013): find file:/mnt/external_sd/tk_gapps-modular-mini-5.1.1-20150628-signed.zip
D/DeviceTest-FileUitls( 1013): find file:/mnt/external_sd/tk_gapps_debug_logs.tar.gz
D/DeviceTest-FileUitls( 1013): find file:/mnt/external_sd/.tcookieid
D/DeviceTest-FileUitls( 1013): find file:/mnt/external_sd/System Volume Information
D/DeviceTest-FileUitls( 1013): find file:/mnt/external_sd/ok_gapps-config.txt
D/DeviceTest-FileUitls( 1013): find file:/mnt/external_sd/pa_gapps-modular-full-4.4.4-20150125-signed.zip
D/DeviceTest-FileUitls( 1013): find file:/mnt/external_sd/.android_secure
D/DeviceTest-FileUitls( 1013): find file:/mnt/external_sd/UPDATE-SuperSU-v2.46.zip
D/DeviceTest-FileUitls( 1013): find file:/mnt/external_sd/etc
D/DeviceTest-FileUitls( 1013): find file:/mnt/external_sd/updater-script
D/DeviceTest-FileUitls( 1013): find file:/mnt/external_sd/utils_format-ex2.zip
D/DeviceTest-FileUitls( 1013): find file:/mnt/external_sd/pa_gapps-modular-mini-5.0.1-20150315-signed.zip
D/DeviceTest-FileUitls( 1013): find file:/mnt/external_sd/gapps-config.txt
D/DeviceTest-FileUitls( 1013): find file:/mnt/external_sd/cm12.1.zip
D/DeviceTest-FileUitls( 1013): find path:/mnt/usb_storage
D/StorageList( 1013): VolumnState:removed
D/DeviceTest-FileUitls( 1013): find file:/mnt/internal_sd/LOST.DIR
D/DeviceTest-FileUitls( 1013): find file:/mnt/internal_sd/.android_secure
D/DeviceTest-FileUitls( 1013): find file:/mnt/internal_sd/Music
D/DeviceTest-FileUitls( 1013): find file:/mnt/internal_sd/Podcasts
D/DeviceTest-FileUitls( 1013): find file:/mnt/internal_sd/Ringtones
D/DeviceTest-FileUitls( 1013): find file:/mnt/internal_sd/Alarms
D/DeviceTest-FileUitls( 1013): find file:/mnt/internal_sd/Notifications
D/DeviceTest-FileUitls( 1013): find file:/mnt/internal_sd/Pictures
D/DeviceTest-FileUitls( 1013): find file:/mnt/internal_sd/Movies
D/DeviceTest-FileUitls( 1013): find file:/mnt/internal_sd/Download
D/DeviceTest-FileUitls( 1013): find file:/mnt/internal_sd/DCIM
D/DeviceTest-FileUitls( 1013): find file:/mnt/internal_sd/eHomeMediaCenter
D/DeviceTest-FileUitls( 1013): find file:/mnt/internal_sd/Android
D/TestService( 1013): It is not in factory/aging test mode.
D/TestService( 1013): onDestroy
I/Sensors ( 480): **** No Motion ****
E/SQLiteLog( 1274): (284) automatic index on view_events(_id)
I/GlobalDismissManager( 1456): no sender configured
D/AlertService( 1456): Beginning updateAlertNotification
D/AlertService( 1456): No fired or scheduled alerts
D/AlertService( 1456): Scheduling next alarm with AlarmScheduler. sEventReminderReceived: null
D/AlarmScheduler( 1456): No events found starting within 1 week.
D/GpsLocationProvider( 480): received SIM realted action:
V/KeyguardUpdateMonitor( 607): action android.intent.action.SIM_STATE_CHANGED state: READY slotId: 0 subid: 0
D/GpsLocationProvider( 480): SIM MCC/MNC is still not available
D/KeyguardUpdateMonitor( 607): handleSimStateChange(subId=0, slotId=0, state=READY)
D/KeyguardViewMediator( 607): onSimStateChanged(subId=0, slotId=0,state=READY)
D/MccTable( 893): updateMccMncConfiguration mccmnc='60502' fromServiceState=false
D/MccTable( 893): updateMccMncConfiguration defaultMccMnc=
D/MccTable( 893): updateMccMncConfiguration: mcc=605, mnc=2
D/MccTable( 893): defaultLanguageForMcc(605): country tn uses ar
D/MccTable( 893): getLocaleFromMcc to ar_tn mcc=605
D/MccTable( 893): getLocaleForLanguageCountry: not permitted to update locale
D/MccTable( 893): updateMccMncConfiguration updateConfig config={1.0 605mcc2mnc ?locale ?layoutDir ?swdp ?wdp ?hdp ?density ?lsize ?long ?orien ?uimode ?night ?touch ?keyb/?/? ?nav/?}
I/ActivityManager( 480): Config changes=3 {1.0 605mcc2mnc en_US ?layoutDir sw768dp w1024dp h695dp 320dpi xlrg land finger -keyb/v/h -nav/h s.5}
D/PermissionCache( 159): checking android.permission.READ_FRAME_BUFFER for uid=1000 => granted (153 us)
W/[Gralloc-Warning]( 159): int gralloc_register_buffer(const gralloc_module_t*, buffer_handle_t):104 Registering handle 0xb5c52020 coming from the same process: 159.
D/MccTable( 893): updateMccMncConfiguration mccmnc='60502' fromServiceState=false
D/MccTable( 893): updateMccMncConfiguration defaultMccMnc=
D/MccTable( 893): updateMccMncConfiguration: mcc=605, mnc=2
D/MccTable( 893): defaultLanguageForMcc(605): country tn uses ar
D/MccTable( 893): getLocaleFromMcc to ar_tn mcc=605
D/MccTable( 893): getLocaleForLanguageCountry: not permitted to update locale
D/MccTable( 893): updateMccMncConfiguration updateConfig config={1.0 605mcc2mnc ?locale ?layoutDir ?swdp ?wdp ?hdp ?density ?lsize ?long ?orien ?uimode ?night ?touch ?keyb/?/? ?nav/?}
I/art ( 480): Explicit concurrent mark sweep GC freed 9059(481KB) AllocSpace objects, 6(720KB) LOS objects, 33% free, 6MB/10MB, paused 1.523ms total 65.620ms
W/Launcher( 911): setApplicationContext called twice! old=com.android.launcher3.LauncherApplication@19fbcf34 new=com.android.launcher3.LauncherApplication@19fbcf34
W/ResourceType( 911): Attempt to retrieve bag 0x7f0d0008 which is invalid or in a cycle.
D/Launcher( 911): 11683562 - bindAddScreens()
D/Launcher( 911): 11683562 - orderedScreenIds: 3
D/Launcher.Workspace( 911): 11683562 - insertNewWorkspaceScreen(): 3 at index: 0
V/WindowManager( 480): Based on layer: Adding window Window{17ca2915 u0 com.android.launcher3/com.android.launcher3.Launcher} at 1 of 6
D/Launcher.Model( 911): Reload apps on config change. curr_mcc:605 prevmcc:0
D/Launcher.Model( 911): 11683562 - loadWorkspace()
D/Launcher.Model( 911): 11683562 - loadedOldDb: false
D/GpsLocationProvider( 480): received SIM realted action:
V/KeyguardUpdateMonitor( 607): action android.intent.action.SIM_STATE_CHANGED state: IMSI slotId: 0 subid: 0
D/GpsLocationProvider( 480): SIM MCC/MNC is still not available
D/KeyguardUpdateMonitor( 607): handleSimStateChange(subId=0, slotId=0, state=READY)
D/mali_winsys( 911): new_window_surface returns 0x3000
D/MccTable( 893): updateMccMncConfiguration mccmnc='60502' fromServiceState=false
D/MccTable( 893): updateMccMncConfiguration defaultMccMnc=
D/MccTable( 893): updateMccMncConfiguration: mcc=605, mnc=2
D/MccTable( 893): defaultLanguageForMcc(605): country tn uses ar
D/MccTable( 893): getLocaleFromMcc to ar_tn mcc=605
D/MccTable( 893): getLocaleForLanguageCountry: not permitted to update locale
D/MccTable( 893): updateMccMncConfiguration updateConfig config={1.0 605mcc2mnc ?locale ?layoutDir ?swdp ?wdp ?hdp ?density ?lsize ?long ?orien ?uimode ?night ?touch ?keyb/?/? ?nav/?}
D/Launcher.Model( 911): 11683562 - loadWorkspaceScreensDb()
D/Launcher.Model( 911): 11683562 - screens: { 0: 3 }
D/Launcher.Model( 911): 11683562 - sBgWorkspaceScreens: 3
I/WindowManager( 480): Screen frozen for +318ms due to Window{17ca2915 u0 com.android.launcher3/com.android.launcher3.Launcher}
D/Launcher( 911): 11683562 - bindAddScreens()
D/Launcher( 911): 11683562 - orderedScreenIds: 3
D/Launcher.Workspace( 911): 11683562 - insertNewWorkspaceScreen(): 3 at index: 0
D/GpsLocationProvider( 480): received SIM realted action:
D/GpsLocationProvider( 480): SIM MCC/MNC is available: 60502
D/GpsLocationProvider( 480): Reset GPS properties, previous size = 5
D/GpsLocationProvider( 480): GpsParamsResource: SUPL_HOST=supl.google.com
D/GpsLocationProvider( 480): GpsParamsResource: SUPL_PORT=7275
D/GpsLocationProvider( 480): GpsParamsResource: NTP_SERVER=north-america.pool.ntp.org
D/GpsLocationProvider( 480): GpsParamsResource: SUPL_VER=0x20000
D/GpsLocationProvider( 480): GpsParamsResource: SUPL_MODE=1
W/GpsLocationProvider( 480): Could not open GPS configuration file /etc/gps.conf
D/GpsLocationProvider( 480): GPS properties reloaded, size = 5
D/gpslogd ( 480): agps_set_server: Waiting for IPC connection...
V/KeyguardUpdateMonitor( 607): onSubscriptionInfoChanged()
V/KeyguardUpdateMonitor( 607): onSubscriptionInfoChanged: list is null
I/Telephony( 893): PstnIncomingCallNotifier: Unregistering: Handler (com.android.internal.telephony.gsm.GSMPhone) {a96131d}
I/Telephony( 893): PstnIncomingCallNotifier: Registering: Handler (com.android.internal.telephony.gsm.GSMPhone) {a96131d}
V/KeyguardUpdateMonitor( 607): onSubscriptionInfoChanged()
V/KeyguardUpdateMonitor( 607): onSubscriptionInfoChanged: list is null
V/KeyguardUpdateMonitor( 607): onSubscriptionInfoChanged()
V/KeyguardUpdateMonitor( 607): onSubscriptionInfoChanged: list is null
I/Telephony( 893): PstnIncomingCallNotifier: Unregistering: Handler (com.android.internal.telephony.gsm.GSMPhone) {a96131d}
I/Telephony( 893): PstnIncomingCallNotifier: Registering: Handler (com.android.internal.telephony.gsm.GSMPhone) {a96131d}
I/Telephony( 893): PstnIncomingCallNotifier: Unregistering: Handler (com.android.internal.telephony.gsm.GSMPhone) {a96131d}
I/Telephony( 893): PstnIncomingCallNotifier: Registering: Handler (com.android.internal.telephony.gsm.GSMPhone) {a96131d}
E/TelephonyProvider( 893): Failed setting numeric '60502' to the current operator
E/JavaBinder( 480): *** Uncaught remote exception! (Exceptions are not yet supported across processes.)
E/JavaBinder( 480): java.lang.ArrayIndexOutOfBoundsException: length=1; index=-1
E/JavaBinder( 480): at com.android.server.TelephonyRegistry.notifyOtaspChangedForSubscriber(TelephonyRegistry.java:1142)
E/JavaBinder( 480): at com.android.server.TelephonyRegistry.notifyOtaspChanged(TelephonyRegistry.java:1128)
E/JavaBinder( 480): at com.android.internal.telephony.ITelephonyRegistry$Stub.onTransact(ITelephonyRegistry.java:355)
E/JavaBinder( 480): at android.os.Binder.execTransact(Binder.java:446)
V/KeyguardUpdateMonitor( 607): onSubscriptionInfoChanged()
V/KeyguardUpdateMonitor( 607): onSubscriptionInfoChanged: list is null
I/Telephony( 893): PstnIncomingCallNotifier: Unregistering: Handler (com.android.internal.telephony.gsm.GSMPhone) {a96131d}
I/Telephony( 893): PstnIncomingCallNotifier: Registering: Handler (com.android.internal.telephony.gsm.GSMPhone) {a96131d}
D/MccTable( 893): updateMccMncConfiguration mccmnc='60502' fromServiceState=false
D/MccTable( 893): updateMccMncConfiguration defaultMccMnc=
D/MccTable( 893): updateMccMncConfiguration: mcc=605, mnc=2
D/MccTable( 893): defaultLanguageForMcc(605): country tn uses ar
D/MccTable( 893): getLocaleFromMcc to ar_tn mcc=605
D/MccTable( 893): getLocaleForLanguageCountry: not permitted to update locale
D/MccTable( 893): updateMccMncConfiguration updateConfig config={1.0 605mcc2mnc ?locale ?layoutDir ?swdp ?wdp ?hdp ?density ?lsize ?long ?orien ?uimode ?night ?touch ?keyb/?/? ?nav/?}
V/KeyguardUpdateMonitor( 607): onSubscriptionInfoChanged()
D/MccTable( 893): updateMccMncConfiguration mccmnc='60502' fromServiceState=false
D/MccTable( 893): updateMccMncConfiguration defaultMccMnc=
D/MccTable( 893): updateMccMncConfiguration: mcc=605, mnc=2
D/MccTable( 893): defaultLanguageForMcc(605): country tn uses ar
D/MccTable( 893): getLocaleFromMcc to ar_tn mcc=605
D/MccTable( 893): getLocaleForLanguageCountry: not permitted to update locale
D/MccTable( 893): updateMccMncConfiguration updateConfig config={1.0 605mcc2mnc ?locale ?layoutDir ?swdp ?wdp ?hdp ?density ?lsize ?long ?orien ?uimode ?night ?touch ?keyb/?/? ?nav/?}
V/KeyguardUpdateMonitor( 607): SubInfo:{id=1, iccId=89860002091070314495 simSlotIndex=0 displayName=TUNTEL carrierName= nameSource=0 iconTint=-16746133 dataRoaming=0 iconBitmap=android.graphics.Bitmap@c912567 mcc 605 mnc 2}
D/KeyguardViewMediator( 607): onSimStateChanged(subId=1, slotId=0,state=READY)
E/blb ( 607): mmEthernetVisible: false
E/blb ( 607): mmEthernetVisible: false
E/blb ( 607): mmEthernetVisible: false
E/blb ( 607): mmEthernetVisible: false
E/blb ( 607): mmEthernetVisible: false
E/blb ( 607): mmEthernetVisible: false
D/GpsLocationProvider( 480): received SIM realted action:
D/GpsLocationProvider( 480): SIM MCC/MNC is still not available
V/KeyguardUpdateMonitor( 607): onSubscriptionInfoChanged()
V/KeyguardUpdateMonitor( 607): SubInfo:{id=1, iccId=89860002091070314495 simSlotIndex=0 displayName=TUNTEL carrierName= nameSource=0 iconTint=-16746133 dataRoaming=0 iconBitmap=android.graphics.Bitmap@24663db2 mcc 605 mnc 2}
V/KeyguardUpdateMonitor( 607): action android.intent.action.SIM_STATE_CHANGED state: LOADED slotId: 0 subid: 1
D/KeyguardUpdateMonitor( 607): handleSimStateChange(subId=1, slotId=0, state=READY)
I/Telephony( 893): PstnIncomingCallNotifier: Unregistering: Handler (com.android.internal.telephony.gsm.GSMPhone) {a96131d}
I/Telephony( 893): PstnIncomingCallNotifier: Registering: Handler (com.android.internal.telephony.gsm.GSMPhone) {a96131d}
I/Telephony( 893): PstnIncomingCallNotifier: Unregistering: Handler (com.android.internal.telephony.gsm.GSMPhone) {a96131d}
I/Telephony( 893): PstnIncomingCallNotifier: Registering: Handler (com.android.internal.telephony.gsm.GSMPhone) {a96131d}
I/NotificationMgr( 893): updateMwi(): subId 1 update to false
D/gpslogd ( 480): agps_set_server: Waiting for IPC connection - timeout
E/gpslogd ( 480): LIBGPS: Cannot communicate (write) with a GPSD
E/gpslogd ( 480): IPC Communication Error, /tmp/12861424_190916/customers/broadcom/Lophiusandroid/../../../proprietary/deliverables/android/gps_interface/../gps_interface/gpsi_client/GpsiClient.cpp:1075 agps_set_server
E/GpsLocationProvider( 480): no GPS configuration interface in configuraiton_update
D/GpsLocationProvider( 480): final config = #Sat Aug 15 00:35:45 GMT+02:00 2015
D/GpsLocationProvider( 480): SUPL_VER=0x20000
D/GpsLocationProvider( 480): SUPL_HOST=supl.google.com
D/GpsLocationProvider( 480): NTP_SERVER=north-america.pool.ntp.org
D/GpsLocationProvider( 480): SUPL_PORT=7275
D/GpsLocationProvider( 480): SUPL_MODE=1
D/GpsLocationProvider( 480): received SIM realted action:
D/GpsLocationProvider( 480): SIM MCC/MNC is still not available
D/GpsLocationProvider( 480): received SIM realted action:
D/GpsLocationProvider( 480): SIM MCC/MNC is still not available
D/GpsLocationProvider( 480): received SIM realted action:
D/GpsLocationProvider( 480): SIM MCC/MNC is still not available
D/GpsLocationProvider( 480): received SIM realted action:
D/GpsLocationProvider( 480): SIM MCC/MNC is still not available
D/GpsLocationProvider( 480): received SIM realted action:
D/GpsLocationProvider( 480): SIM MCC/MNC is still not available
I/art ( 480): Explicit concurrent mark sweep GC freed 8164(651KB) AllocSpace objects, 7(112KB) LOS objects, 33% free, 7MB/10MB, paused 1.483ms total 84.580ms
I/ActivityManager( 480): Waited long enough for: ServiceRecord{2e6064f u0 com.android.music/.MediaPlaybackService}
I/PowerManagerService( 480): Going to sleep due to screen timeout (uid 1000)...
V/Sensors ( 480): int poll__activate(sensors_poll_device_t*, int, int)
V/Sensors ( 480): int sensors_poll_context_t::activate(int, int)
V/Sensors ( 480): enable - sensor Accelerometer (handle 4) en -> dis
I/PowerManagerService( 480): Sleeping (uid 1000)...
V/Sensors ( 480): enabled_sensors: 0 dmp_started: 1
V/Sensors ( 480): Stopping DMP
W/Sensors ( 480): Cannot disable 9 axis sensor fusion - already disabled
I/MPL-mldl_cfg_mpu:( 480): inv_mpu_suspend(,,,,7fff) -> 0000
E/WifiStateMachine( 480): cancelDelayedScan -> 1
D/mali_winsys( 480): new_window_surface returns 0x3000
E/WifiStateMachine( 480): cancelDelayedScan -> 2
D/DisplayPowerController( 480): screen off, so turn off btn && keyboard lights
I/DisplayManagerService( 480): Display device changed: DisplayDeviceInfo{"Built-in Screen": uniqueId="local:0", 2048 x 1536, 59.938004 fps, supportedRefreshRates [59.938004], density 320, 160.05908 x 159.89508 dpi, appVsyncOff 0, presDeadline 17683906, touch INTERNAL, rotation 0, type BUILT_IN, state OFF, FLAG_DEFAULT_DISPLAY, FLAG_ROTATES_WITH_CONTENT, FLAG_SECURE, FLAG_SUPPORTS_PROTECTED_BUFFERS}
V/ActivityManager( 480): Display changed displayId=0
D/SurfaceFlinger( 159): Set power mode=0, type=0 flinger=0xb6482000
D/hwcomposer( 159): hwc_blank dpy[0],blank[1]
D/SurfaceControl( 480): Excessive delay in setPowerMode(): 157ms
E/RKPowerHAL( 480): Error opening /sys/devices/system/cpu/cpufreq/interactive/input_boost: No such file or directory
E/RKPowerHAL( 480): Error opening /sys/devices/system/cpu/cpu7/online: No such file or directory
E/RKPowerHAL( 480): Error opening /sys/devices/system/cpu/cpu6/online: No such file or directory
E/RKPowerHAL( 480): Error opening /sys/devices/system/cpu/cpu5/online: No such file or directory
E/RKPowerHAL( 480): Error opening /sys/devices/system/cpu/cpu4/online: No such file or directory
D/PowerManagerService-JNI( 480): Excessive delay in setInteractive(false) while turning screen off: 30ms
I/ActivityManager( 480): Waited long enough for: ServiceRecord{19c4d82f u0 com.rockchip.mediacenter/.SystemDeviceService}
I/ActivityManager( 480): Waited long enough for: ServiceRecord{1ca86ae9 u0 com.android.calendar/.alerts.InitAlarmsService}
I/ActivityManager( 480): Waited long enough for: ServiceRecord{1d7eb36e u0 android.rockchip.update.service/.RKUpdateService}
D/RKUpdateService( 776): WorkHandler::handleMessage() : To perform 'COMMAND_CHECK_LOCAL_UPDATING'.
D/RKUpdateService( 776): getValidFirmwareImageFile() : Target image file path : /data/media/0/update.zip
D/RKUpdateService( 776): getValidFirmwareImageFile() : Target image file path : /mnt/internal_sd/update.zip
D/RKUpdateService( 776): getValidFirmwareImageFile() : Target image file path : /mnt/external_sd/update.zip
