D/CameraHal( 165): StartElementHandler(768): zoom(1)!
D/CameraHal( 165): StartElementHandler(796): Continue_SnapShot(1)!
D/CameraHal( 165): StartElementHandler(799): InterpolationRes(0)!
D/CameraHal( 165): StartElementHandler(790): PreviewSize(800x600)!
D/CameraHal( 165): StartElementHandler(786): face detect config(0),max face num is (0)!
D/CameraHal( 165): ParserDVConfig(601): DV_QCIF(qcif) resolution(176x144) fps(10) support(1)
D/CameraHal( 165): ParserDVConfig(613): DV_QVGA(qvga) resolution(320x240) fps(10) support(1)
D/CameraHal( 165): ParserDVConfig(625): DV_CIF(cif) resolution(352x288) fps(10) support(1)
D/CameraHal( 165): ParserDVConfig(637): DV_VGA(480p) resolution(640x480) fps(10) support(1)
D/CameraHal( 165): ParserDVConfig(649): DV_480P(480p) resolution(720x480) fps(10) support(0)
D/CameraHal( 165): ParserDVConfig(673): DV_720P(720p) resolution(1280x720) fps(10) support(0)
D/CameraHal( 165): ParserDVConfig(685): DV_1080P(1080p) resolution(1920x1080) fps(10) support(0)
D/CameraHal( 165): ParserSensorInfo(46): SensorName(GS8604)
D/CameraHal( 165): ParserSensorInfo(49): lensName(9569A2)
D/CameraHal( 165): ParserSensorInfo(51): SensorDevID(CAMSYS_DEVID_SENSOR_1B)
D/CameraHal( 165): ParserSensorInfo(62): SensorDevID(33554432)
D/CameraHal( 165): ParserSensorInfo(64): SensorHostDevID(CAMSYS_DEVID_MARVIN)
D/CameraHal( 165): ParserSensorInfo(79): Sensori2cBusNum(3)
D/CameraHal( 165): ParserSensorInfo(82): SensorI2cAddrByte(2)
D/CameraHal( 165): ParserSensorInfo(85): SensorI2cRate(100000)
D/CameraHal( 165): ParserSensorInfo(88): SensorMclk(24000000)
D/CameraHal( 165): ParserSensorInfo(91): SensorAvdd(NC) min(0) max(0)
D/CameraHal( 165): ParserSensorInfo(96): SensorDovdd(NC) min(18000000) max(18000000)
D/CameraHal( 165): ParserSensorInfo(101): SensorDvdd(NC) min(0) max(0)
D/CameraHal( 165): ParserSensorInfo(106): SensorGpioPwdn(RK30_PIN2_PB7) active(0)
D/CameraHal( 165): ParserSensorInfo(110): SensorGpioRst(NC) active(0)
D/CameraHal( 165): ParserSensorInfo(114): SensorGpioPwen(RK30_PIN0_PC1) active(1)
D/CameraHal( 165): ParserSensorInfo(118): SensorFacing(back)
D/CameraHal( 165): ParserSensorInfo(127): SensorInterface(MIPI)
D/CameraHal( 165): ParserSensorInfo(140): SensorMirrorFlip(0)
D/CameraHal( 165): ParserSensorInfo(146): SensorOrientation(0)
D/CameraHal( 165): ParserSensorInfo(143): SensorPowerupSequence(1234)
D/CameraHal( 165): ParserSensorInfo(240): SensorFovParemeter fov_h(60.0)(60.000000) fov_v(60.0)(60.000000)
D/CameraHal( 165): ParserSensorInfo(243): SensorAWB_Frame_Skip fps(15)
D/CameraHal( 165): ParserSensorInfo(214): SensorPhy: MIPI lane: 2 phyindex: 1 fmt: 0x2b
D/CameraHal( 165): ParserVCMInfo(255): VCMDrvName(BuiltInSensor)
D/CameraHal( 165): ParserVCMInfo(258): VCMName(NC)
D/CameraHal( 165): ParserVCMInfo(261): VCMI2cBusNum(3)
D/CameraHal( 165): ParserVCMInfo(264): VCMI2cAddrByte(0)
D/CameraHal( 165): ParserVCMInfo(267): VCMI2cRate(0)
D/CameraHal( 165): ParserVCMInfo(278): VCMVdd(NC) min(0) max(0)
D/CameraHal( 165): ParserVCMInfo(270): VCMGpioPwdn(NC) active(0)
D/CameraHal( 165): ParserVCMInfo(274): VCMGpioPower(NC) active(0)
D/CameraHal( 165): ParserVCMInfo(294): start current(0) rated current(100) vcm max(100) step mode(4) drv max(100)
D/CameraHal( 165): ParserFlashInfo(308): FlashName(Internal)
D/CameraHal( 165): ParserFlashInfo(311): FlashI2cBusNum(0)
D/CameraHal( 165): ParserFlashInfo(314): FlashI2cAddrByte(0)
D/CameraHal( 165): ParserFlashInfo(317): FlashI2cRate(0)
D/CameraHal( 165): ParserFlashInfo(320): FlashTrigger(NC) active(0)
D/CameraHal( 165): ParserFlashInfo(324): FlashEn(NC) active(0)
D/CameraHal( 165): ParserFlashInfo(331): FlashLuminance(0)
D/CameraHal( 165): ParserFlashInfo(334): FlashColorTemp(0)
D/CameraHal( 165): StartElementHandler(760): HDR(1)!
D/CameraHal( 165): StartElementHandler(764): ZSL(1)!
D/CameraHal( 165): StartElementHandler(768): zoom(1)!
D/CameraHal( 165): StartElementHandler(796): Continue_SnapShot(1)!
D/CameraHal( 165): StartElementHandler(799): InterpolationRes(0)!
D/CameraHal( 165): StartElementHandler(790): PreviewSize(0x0)!
D/CameraHal( 165): StartElementHandler(786): face detect config(1),max face num is (1)!
D/CameraHal( 165): StartElementHandler(776): cproc support 0(contrast:1.100000,saturation:1.000000,hue:0.000000,brightness:0)!
D/CameraHal( 165): StartElementHandler(781): Gammaout support 0(mGamma:1.000000,mOffSet:0)!
D/CameraHal( 165): ParserDVConfig(601): DV_QCIF(qcif) resolution(176x144) fps(10) support(1)
D/CameraHal( 165): ParserDVConfig(613): DV_QVGA(qvga) resolution(320x240) fps(10) support(1)
D/CameraHal( 165): ParserDVConfig(625): DV_CIF(cif) resolution(352x288) fps(10) support(1)
D/CameraHal( 165): ParserDVConfig(637): DV_VGA(480p) resolution(640x480) fps(10) support(0)
D/CameraHal( 165): ParserDVConfig(649): DV_480P(480p) resolution(720x480) fps(10) support(0)
D/CameraHal( 165): ParserDVConfig(673): DV_720P(720p) resolution(1280x720) fps(10) support(1)
D/CameraHal( 165): ParserDVConfig(685): DV_1080P(1080p) resolution(1920x1080) fps(10) support(1)
D/CameraHal( 165): ParserSensorInfo(46): SensorName(IMX214)
D/CameraHal( 165): ParserSensorInfo(49): lensName(50013A7)
D/CameraHal( 165): ParserSensorInfo(51): SensorDevID(CAMSYS_DEVID_SENSOR_1B)
D/CameraHal( 165): ParserSensorInfo(62): SensorDevID(33554432)
D/CameraHal( 165): ParserSensorInfo(64): SensorHostDevID(CAMSYS_DEVID_MARVIN)
D/CameraHal( 165): ParserSensorInfo(79): Sensori2cBusNum(3)
D/CameraHal( 165): ParserSensorInfo(82): SensorI2cAddrByte(2)
D/CameraHal( 165): ParserSensorInfo(85): SensorI2cRate(100000)
D/CameraHal( 165): ParserSensorInfo(88): SensorMclk(24000000)
D/CameraHal( 165): ParserSensorInfo(91): SensorAvdd(NC) min(0) max(0)
D/CameraHal( 165): ParserSensorInfo(96): SensorDovdd(NC) min(18000000) max(18000000)
D/CameraHal( 165): ParserSensorInfo(101): SensorDvdd(NC) min(0) max(0)
D/CameraHal( 165): ParserSensorInfo(106): SensorGpioPwdn(RK30_PIN2_PB7) active(0)
D/CameraHal( 165): ParserSensorInfo(110): SensorGpioRst(NC) active(0)
D/CameraHal( 165): ParserSensorInfo(114): SensorGpioPwen(RK30_PIN0_PC1) active(1)
D/CameraHal( 165): ParserSensorInfo(118): SensorFacing(back)
D/CameraHal( 165): ParserSensorInfo(127): SensorInterface(MIPI)
D/CameraHal( 165): ParserSensorInfo(140): SensorMirrorFlip(0)
D/CameraHal( 165): ParserSensorInfo(146): SensorOrientation(0)
D/CameraHal( 165): ParserSensorInfo(143): SensorPowerupSequence(1234)
D/CameraHal( 165): ParserSensorInfo(240): SensorFovParemeter fov_h(60.0)(60.000000) fov_v(60.0)(60.000000)
D/CameraHal( 165): ParserSensorInfo(243): SensorAWB_Frame_Skip fps(15)
D/CameraHal( 165): ParserSensorInfo(214): SensorPhy: MIPI lane: 2 phyindex: 1 fmt: 0x2b
D/CameraHal( 165): ParserVCMInfo(255): VCMDrvName(BuiltInSensor)
D/CameraHal( 165): ParserVCMInfo(258): VCMName(NC)
D/CameraHal( 165): ParserVCMInfo(261): VCMI2cBusNum(3)
D/CameraHal( 165): ParserVCMInfo(264): VCMI2cAddrByte(0)
D/CameraHal( 165): ParserVCMInfo(267): VCMI2cRate(0)
D/CameraHal( 165): ParserVCMInfo(278): VCMVdd(NC) min(0) max(0)
D/CameraHal( 165): ParserVCMInfo(270): VCMGpioPwdn(NC) active(0)
D/CameraHal( 165): ParserVCMInfo(274): VCMGpioPower(NC) active(0)
D/CameraHal( 165): ParserVCMInfo(294): start current(0) rated current(100) vcm max(100) step mode(4) drv max(100)
D/CameraHal( 165): ParserFlashInfo(308): FlashName(Internal)
D/CameraHal( 165): ParserFlashInfo(311): FlashI2cBusNum(0)
D/CameraHal( 165): ParserFlashInfo(314): FlashI2cAddrByte(0)
D/CameraHal( 165): ParserFlashInfo(317): FlashI2cRate(0)
D/CameraHal( 165): ParserFlashInfo(320): FlashTrigger(NC) active(0)
D/CameraHal( 165): ParserFlashInfo(324): FlashEn(NC) active(0)
D/CameraHal( 165): ParserFlashInfo(331): FlashLuminance(0)
D/CameraHal( 165): ParserFlashInfo(334): FlashColorTemp(0)
D/CameraHal( 165): StartElementHandler(760): HDR(1)!
D/CameraHal( 165): StartElementHandler(764): ZSL(1)!
D/CameraHal( 165): StartElementHandler(768): zoom(1)!
D/CameraHal( 165): StartElementHandler(796): Continue_SnapShot(1)!
D/CameraHal( 165): StartElementHandler(799): InterpolationRes(0)!
D/CameraHal( 165): StartElementHandler(790): PreviewSize(0x0)!
D/CameraHal( 165): StartElementHandler(786): face detect config(1),max face num is (1)!
D/CameraHal( 165): StartElementHandler(776): cproc support 0(contrast:1.100000,saturation:1.000000,hue:0.000000,brightness:0)!
D/CameraHal( 165): StartElementHandler(781): Gammaout support 0(mGamma:1.000000,mOffSet:0)!
D/CameraHal( 165): ParserDVConfig(601): DV_QCIF(qcif) resolution(176x144) fps(10) support(1)
D/CameraHal( 165): ParserDVConfig(613): DV_QVGA(qvga) resolution(320x240) fps(10) support(1)
D/CameraHal( 165): ParserDVConfig(625): DV_CIF(cif) resolution(352x288) fps(10) support(1)
D/CameraHal( 165): ParserDVConfig(637): DV_VGA(480p) resolution(640x480) fps(10) support(0)
D/CameraHal( 165): ParserDVConfig(649): DV_480P(480p) resolution(720x480) fps(10) support(0)
D/CameraHal( 165): ParserDVConfig(673): DV_720P(720p) resolution(1280x720) fps(10) support(1)
D/CameraHal( 165): ParserDVConfig(685): DV_1080P(1080p) resolution(1920x1080) fps(10) support(1)
D/CameraHal( 165): number of camdevice (7)
D/CameraHal( 165): now DV size(7)
E/CameraHal( 165): camera_get_number_of_cameras(686): board profiles cam num 7
D/CameraHal( 165): read cam name from xml(/data/camera/media_profiles.xml)
D/CameraHal( 165): videoname0="OV8825" index=0 facing=0 -->
D/CameraHal( 165):
D/CameraHal( 165): videoname1="OV2659" index=4 facing=1 -->
D/CameraHal( 165):
D/CameraHal( 165): find camera count(2) cam1(OV8825) cam2(OV2659)
D/CameraHal( 165):
D/CameraHal( 165):
D/CameraHal( 165):
D/CameraHal( 165): CamSys_Head.h Version Check:
D/CameraHal( 165): Kernel camsys_head.h: v0.10.0
D/CameraHal( 165): Kernel camsys_drv : v0.27.1
D/CameraHal( 165): CameraHal camsys_head.h : v0.11.0
D/CameraHal( 165):
D/CameraHal( 165):
D/CameraHal( 165):
E/CameraHal( 165): RegisterSensorDevice:
E/CameraHal( 165): VERSION-WARNING: camsys_head.h version isn't match in Kernel and CameraHal
E/CameraHal( 165):
E/CameraHal( 165):
D/CameraHal( 165): Check OV8825 ID: reg: 0x300a val: 0x88 default: 0x88
D/CameraHal( 165): Check OV8825 ID: reg: 0x300b val: 0x25 default: 0x25
D/CameraHal( 165): Check OV8825 ID: reg: 0x300c val: 0x0 default: 0x0
D/CameraHal( 165): OpenAndRegistOneSensor(992): sensor xml file name : /etc/OV8825.xml lens name
D/AppOps ( 480): AppOpsService published
I/SystemServiceManager( 480): Starting com.android.server.power.PowerManagerService
D/RKPowerHAL( 480): version 3.0
W/libsuspend( 480): Error writing 'on' to /sys/power/state: Invalid argument
I/libsuspend( 480): Selected wakeup count
E/RKPowerHAL( 480): Error opening /sys/devices/system/cpu/cpufreq/interactive/input_boost: No such file or directory
E/RKPowerHAL( 480): Error opening /sys/devices/system/cpu/cpu7/online: No such file or directory
E/RKPowerHAL( 480): Error opening /sys/devices/system/cpu/cpu6/online: No such file or directory
E/RKPowerHAL( 480): Error opening /sys/devices/system/cpu/cpu5/online: No such file or directory
E/RKPowerHAL( 480): Error opening /sys/devices/system/cpu/cpu4/online: No such file or directory
E/RKPowerHAL( 480): Error opening /sys/devices/system/cpu/cpu3/online: Permission denied
E/RKPowerHAL( 480): Error opening /sys/devices/system/cpu/cpu2/online: Permission denied
E/RKPowerHAL( 480): Error writing to /sys/devices/system/cpu/cpu1/online: Invalid argument
I/SystemServiceManager( 480): Starting com.android.server.display.DisplayManagerService
I/SystemServiceManager( 480): Starting phase 100
I/DisplayManagerService( 480): Display device added: DisplayDeviceInfo{"Built-in Screen": uniqueId="local:0", 2048 x 1536, 59.938004 fps, supportedRefreshRates [59.938004], density 320, 160.05908 x 159.89508 dpi, appVsyncOff 0, presDeadline 17683906, touch INTERNAL, rotation 0, type BUILT_IN, state UNKNOWN, FLAG_DEFAULT_DISPLAY, FLAG_ROTATES_WITH_CONTENT, FLAG_SECURE, FLAG_SUPPORTS_PROTECTED_BUFFERS}
I/SystemServer( 480): Package Manager
D/CameraHal( 165):
D/CameraHal( 165):
D/CameraHal( 165):
D/CameraHal( 165): CamSys_Head.h Version Check:
D/CameraHal( 165): Kernel camsys_head.h: v0.10.0
D/CameraHal( 165): Kernel camsys_drv : v0.27.1
D/CameraHal( 165): CameraHal camsys_head.h : v0.11.0
D/CameraHal( 165):
D/CameraHal( 165):
D/CameraHal( 165):
E/CameraHal( 165): RegisterSensorDevice:
E/CameraHal( 165): VERSION-WARNING: camsys_head.h version isn't match in Kernel and CameraHal
E/CameraHal( 165):
E/CameraHal( 165):
D/CameraHal( 165): Check OV2659 ID: reg: 0x300a val: 0x26 default: 0x26
D/CameraHal( 165): Check OV2659 ID: reg: 0x300b val: 0x56 default: 0x56
D/CameraHal( 165): Check OV2659 ID: reg: 0x300c val: 0x0 default: 0x0
E/CameraHal( 165): camera_get_number_of_cameras(693): load sensor name(OV8825) connect 1
E/CameraHal( 165): camera_get_number_of_cameras(693): load sensor name(OV8858) connect 0
E/CameraHal( 165): camera_get_number_of_cameras(693): load sensor name(OV13850) connect 0
E/CameraHal( 165): camera_get_number_of_cameras(693): load sensor name(OV5648) connect 0
E/CameraHal( 165): camera_get_number_of_cameras(693): load sensor name(OV2659) connect 1
E/CameraHal( 165): camera_get_number_of_cameras(693): load sensor name(GS8604) connect 0
E/CameraHal( 165): camera_get_number_of_cameras(693): load sensor name(IMX214) connect 0
D/CameraHal( 165): camera_get_number_of_cameras(1109): camera_get_number_of_cameras(1109): Current board have 2 cameras attached.
D/CameraHal( 165): camera_get_number_of_cameras(1112): meida_profiles_xml_control time (225344)us
I/AudioPolicyService( 165): AudioPolicyService CSTOR in new mode
I/AudioPolicyManager( 165): loadAudioPolicyConfig() loaded /system/etc/audio_policy.conf
D/alsa_route( 165): Get route table for sound card0 RKRT3224
I/AudioFlinger( 165): loadHwModule() Loaded primary audio interface from LEGACY Audio HW HAL (audio) handle 1
I/AudioFlinger( 165): HAL output buffer size 1024 frames, normal sink buffer size 1024 frames
I/AudioMixer( 165): found effect "Multichannel Downmix To Stereo" from The Android Open Source Project
I/AudioFlinger( 165): Using module 1 has the primary audio interface
I/AudioFlinger( 165): AudioFlinger's thread 0xb4cd3000 ready to run
D/AudioHardwareInterface( 165): setMode(NORMAL)
D/AudioHardware( 165): AudioStreamOutALSA::setParameters() routing=2
W/Binder ( 480): Caught a RuntimeException from the binder stub implementation.
W/Binder ( 480): java.lang.NullPointerException: Attempt to invoke interface method 'int android.app.IActivityManager.checkPermission(java.lang.String, int, int)' on a null object reference
W/Binder ( 480): at android.app.ContextImpl.checkPermission(ContextImpl.java:1877)
W/Binder ( 480): at android.app.ContextImpl.checkCallingOrSelfPermission(ContextImpl.java:1918)
W/Binder ( 480): at android.app.ContextImpl.enforceCallingOrSelfPermission(ContextImpl.java:1955)
W/Binder ( 480): at com.android.server.power.PowerManagerService$BinderService.acquireWakeLock(PowerManagerService.java:2987)
W/Binder ( 480): at android.os.IPowerManager$Stub.onTransact(IPowerManager.java:66)
W/Binder ( 480): at android.os.Binder.execTransact(Binder.java:446)
W/Binder ( 480): Caught a RuntimeException from the binder stub implementation.
W/Binder ( 480): java.lang.NullPointerException: Attempt to invoke interface method 'int android.app.IActivityManager.checkPermission(java.lang.String, int, int)' on a null object reference
W/Binder ( 480): at android.app.ContextImpl.checkPermission(ContextImpl.java:1877)
W/Binder ( 480): at android.app.ContextImpl.checkCallingOrSelfPermission(ContextImpl.java:1918)
W/Binder ( 480): at android.app.ContextImpl.enforceCallingOrSelfPermission(ContextImpl.java:1955)
W/Binder ( 480): at com.android.server.power.PowerManagerService$BinderService.releaseWakeLock(PowerManagerService.java:3015)
W/Binder ( 480): at android.os.IPowerManager$Stub.onTransact(IPowerManager.java:94)
W/Binder ( 480): at android.os.Binder.execTransact(Binder.java:446)
W/Binder ( 480): Caught a RuntimeException from the binder stub implementation.
W/Binder ( 480): java.lang.NullPointerException: Attempt to invoke interface method 'int android.app.IActivityManager.checkPermission(java.lang.String, int, int)' on a null object reference
W/Binder ( 480): at android.app.ContextImpl.checkPermission(ContextImpl.java:1877)
W/Binder ( 480): at android.app.ContextImpl.checkCallingOrSelfPermission(ContextImpl.java:1918)
W/Binder ( 480): at android.app.ContextImpl.enforceCallingOrSelfPermission(ContextImpl.java:1955)
W/Binder ( 480): at com.android.server.power.PowerManagerService$BinderService.acquireWakeLock(PowerManagerService.java:2987)
W/Binder ( 480): at android.os.IPowerManager$Stub.onTransact(IPowerManager.java:66)
W/Binder ( 480): at android.os.Binder.execTransact(Binder.java:446)
W/Binder ( 480): Caught a RuntimeException from the binder stub implementation.
W/Binder ( 480): java.lang.NullPointerException: Attempt to invoke interface method 'int android.app.IActivityManager.checkPermission(java.lang.String, int, int)' on a null object reference
W/Binder ( 480): at android.app.ContextImpl.checkPermission(ContextImpl.java:1877)
W/Binder ( 480): at android.app.ContextImpl.checkCallingOrSelfPermission(ContextImpl.java:1918)
W/Binder ( 480): at android.app.ContextImpl.enforceCallingOrSelfPermission(ContextImpl.java:1955)
W/Binder ( 480): at com.android.server.power.PowerManagerService$BinderService.updateWakeLockWorkSource(PowerManagerService.java:3046)
W/Binder ( 480): at com.android.server.power.PowerManagerService$BinderService.updateWakeLockUids(PowerManagerService.java:3037)
W/Binder ( 480): at android.os.IPowerManager$Stub.onTransact(IPowerManager.java:105)
W/Binder ( 480): at android.os.Binder.execTransact(Binder.java:446)
I/AudioFlinger( 165): AudioFlinger's thread 0xb4d98000 ready to run
I/audio_a2dp_hw( 165): adev_open: adev_open in A2dp_hw module
I/AudioFlinger( 165): loadHwModule() Loaded a2dp audio interface from A2DP Audio HW HAL (audio) handle 5
I/AudioFlinger( 165): loadHwModule() Loaded usb audio interface from USB audio HW HAL (audio) handle 6
I/r_submix( 165): adev_open(name=audio_hw_if)
I/r_submix( 165): adev_init_check()
I/AudioFlinger( 165): loadHwModule() Loaded r_submix audio interface from Wifi Display audio HAL (audio) handle 7
D/r_submix( 165): adev_open_input_stream(addr=0)
D/r_submix( 165): submix_audio_device_create_pipe_l(addr=0, idx=9)
D/r_submix( 165): now using address 0 for route 9
E/MonoPipe( 165): Failed to fetch local time frequency when constructing a MonoPipe (res = -32). getNextWriteTimestamp calls will be non-functional
I/AudioFlinger( 165): AudioFlinger's thread 0xb4dc1000 ready to run
D/r_submix( 165): adev_close_input_stream()
D/r_submix( 165): submix_audio_device_release_pipe_l(idx=9) addr=0
D/r_submix( 165): submix_audio_device_destroy_pipe_l(): pipe destroyed
E/SoundTriggerHwService( 165): couldn't load sound trigger module sound_trigger.primary (No such file or directory)
E/Minikin ( 171): addFont failed to create font /system/fonts/NotoSansTaiLe-Regular.ttf
W/SystemConfig( 480): No directory /system/etc/sysconfig, skipping
I/art ( 171): Explicit concurrent mark sweep GC freed 1797(109KB) AllocSpace objects, 1(16KB) LOS objects, 92% free, 79KB/1103KB, paused 131us total 3.845ms
I/art ( 171): Explicit concurrent mark sweep GC freed 1933(92KB) AllocSpace objects, 0(0B) LOS objects, 89% free, 119KB/1143KB, paused 135us total 5.136ms
I/art ( 171): Explicit concurrent mark sweep GC freed 1986(88KB) AllocSpace objects, 0(0B) LOS objects, 86% free, 155KB/1179KB, paused 130us total 4.872ms
I/art ( 171): Explicit concurrent mark sweep GC freed 371(19KB) AllocSpace objects, 0(0B) LOS objects, 84% free, 188KB/1212KB, paused 130us total 5.137ms
D/SELinuxMMAC( 480): Using policy file /system/etc/security/mac_permissions.xml
I/art ( 171): Thread[1,tid=171,WaitingForJniOnLoad,Thread*=0xb483d500,peer=0x733ed700,"main"] recursive attempt to load library "/system/lib/libmedia_jni.so"
D/MtpDeviceJNI( 171): register_android_mtp_MtpDevice
I/art ( 171): Thread[1,tid=171,WaitingForJniOnLoad,Thread*=0xb483d500,peer=0x733ed700,"main"] recursive attempt to load library "/system/lib/libmedia_jni.so"
I/art ( 171): Thread[1,tid=171,WaitingForJniOnLoad,Thread*=0xb483d500,peer=0x733ed700,"main"] recursive attempt to load library "/system/lib/libmedia_jni.so"
D/MediaProfiles( 171): CameraGroupFound(668): media_profiles_id: 0x0
D/MediaProfiles( 171): getInstance(763): Create instance from /data/camera/media_profiles.xml
I/art ( 171): Explicit concurrent mark sweep GC freed 663(37KB) AllocSpace objects, 0(0B) LOS objects, 82% free, 210KB/1234KB, paused 134us total 5.578ms
I/art ( 171): Explicit concurrent mark sweep GC freed 572(29KB) AllocSpace objects, 0(0B) LOS objects, 81% free, 230KB/1254KB, paused 132us total 5.394ms
I/art ( 171): Explicit concurrent mark sweep GC freed 478(27KB) AllocSpace objects, 0(0B) LOS objects, 79% free, 269KB/1293KB, paused 136us total 4.088ms
I/art ( 171): Explicit concurrent mark sweep GC freed 1789(104KB) AllocSpace objects, 0(0B) LOS objects, 70% free, 420KB/1444KB, paused 133us total 5.034ms
E/EmojiFactory_jni( 171): Failed to load libemoji.so: dlopen failed: library "libemoji.so" not found
D/PackageManager( 480): No files in app dir /vendor/overlay
W/PackageManager( 480): Failed to parse /system/framework/arm: Missing base APK in /system/framework/arm
I/art ( 171): Explicit concurrent mark sweep GC freed 366(45KB) AllocSpace objects, 0(0B) LOS objects, 58% free, 717KB/1741KB, paused 138us total 6.416ms
I/art ( 171): Explicit concurrent mark sweep GC freed 440(30KB) AllocSpace objects, 0(0B) LOS objects, 58% free, 736KB/1760KB, paused 139us total 5.929ms
I/art ( 171): Explicit concurrent mark sweep GC freed 780(49KB) AllocSpace objects, 0(0B) LOS objects, 58% free, 736KB/1760KB, paused 135us total 5.409ms
I/art ( 171): Explicit concurrent mark sweep GC freed 955(85KB) AllocSpace objects, 1(16KB) LOS objects, 56% free, 779KB/1803KB, paused 134us total 8.058ms
I/art ( 171): Explicit concurrent mark sweep GC freed 597(42KB) AllocSpace objects, 0(0B) LOS objects, 56% free, 786KB/1810KB, paused 133us total 6.045ms
I/art ( 171): Explicit concurrent mark sweep GC freed 265(20KB) AllocSpace objects, 0(0B) LOS objects, 55% free, 814KB/1838KB, paused 138us total 5.441ms
I/art ( 171): WaitForGcToComplete blocked for 5.468ms for cause Explicit
I/art ( 171): Explicit concurrent mark sweep GC freed 14(640B) AllocSpace objects, 0(0B) LOS objects, 46% free, 1193KB/2MB, paused 153us total 6.585ms
I/art ( 171): Explicit concurrent mark sweep GC freed 572(33KB) AllocSpace objects, 0(0B) LOS objects, 45% free, 1209KB/2MB, paused 145us total 7.627ms
I/art ( 171): Explicit concurrent mark sweep GC freed 741(45KB) AllocSpace objects, 0(0B) LOS objects, 45% free, 1212KB/2MB, paused 145us total 7.082ms
W/PackageParser( 480): No actions in intent filter at /system/priv-app/Contacts/Contacts.apk Binary XML file line #356
I/System ( 171): Loaded time zone names for "" in 223ms (221ms in ICU)
W/PackageParser( 480): No actions in intent filter at /system/priv-app/Dialer/Dialer.apk Binary XML file line #166
I/System ( 171): Loaded time zone names for "en_US" in 133ms (131ms in ICU)
I/art ( 171): Explicit concurrent mark sweep GC freed 2343(110KB) AllocSpace objects, 2(64KB) LOS objects, 42% free, 1364KB/2MB, paused 165us total 7.674ms
I/art ( 171): Explicit concurrent mark sweep GC freed 138(12KB) AllocSpace objects, 0(0B) LOS objects, 41% free, 1429KB/2MB, paused 155us total 7.246ms
I/art ( 171): Explicit concurrent mark sweep GC freed 288(24KB) AllocSpace objects, 0(0B) LOS objects, 40% free, 1475KB/2MB, paused 170us total 7.836ms
I/art ( 171): Explicit concurrent mark sweep GC freed 679(47KB) AllocSpace objects, 0(0B) LOS objects, 40% free, 1476KB/2MB, paused 147us total 7.490ms
I/Zygote ( 171): ...preloaded 3005 classes in 2836ms.
I/art ( 171): VMRuntime.preloadDexCaches starting
I/art ( 171): VMRuntime.preloadDexCaches strings total=213359 before=39631 after=39631
I/art ( 171): VMRuntime.preloadDexCaches types total=18569 before=6418 after=6454
I/art ( 171): VMRuntime.preloadDexCaches fields total=86392 before=32360 after=32694
I/art ( 171): VMRuntime.preloadDexCaches methods total=152960 before=67161 after=68066
I/art ( 171): VMRuntime.preloadDexCaches finished
I/art ( 171): Counter: 0
I/art ( 171): Counter: 1
I/art ( 171): Explicit concurrent mark sweep GC freed 61(15KB) AllocSpace objects, 0(0B) LOS objects, 41% free, 1462KB/2MB, paused 123us total 8.099ms
D/idmap ( 524): error: no read access to /vendor/overlay: No such file or directory
I/Zygote ( 171): Preloading resources...
I/art ( 171): Explicit concurrent mark sweep GC freed 51(1952B) AllocSpace objects, 0(0B) LOS objects, 40% free, 1515KB/2MB, paused 136us total 6.860ms
I/art ( 171): Explicit concurrent mark sweep GC freed 28(1264B) AllocSpace objects, 0(0B) LOS objects, 39% free, 1564KB/2MB, paused 121us total 5.916ms
I/art ( 171): Explicit concurrent mark sweep GC freed 32(1456B) AllocSpace objects, 0(0B) LOS objects, 39% free, 1614KB/2MB, paused 116us total 5.822ms
I/art ( 171): Explicit concurrent mark sweep GC freed 32(1456B) AllocSpace objects, 0(0B) LOS objects, 39% free, 1663KB/2MB, paused 119us total 5.900ms
I/art ( 171): Explicit concurrent mark sweep GC freed 32(1456B) AllocSpace objects, 0(0B) LOS objects, 39% free, 1713KB/2MB, paused 120us total 5.898ms
I/art ( 171): Explicit concurrent mark sweep GC freed 34(1584B) AllocSpace objects, 0(0B) LOS objects, 39% free, 1763KB/2MB, paused 119us total 5.989ms
I/art ( 171): Explicit concurrent mark sweep GC freed 32(1456B) AllocSpace objects, 0(0B) LOS objects, 39% free, 1813KB/2MB, paused 127us total 6.028ms
I/art ( 171): Explicit concurrent mark sweep GC freed 66(2960B) AllocSpace objects, 0(0B) LOS objects, 40% free, 1870KB/3MB, paused 129us total 6.267ms
I/art ( 171): Explicit concurrent mark sweep GC freed 36(1648B) AllocSpace objects, 0(0B) LOS objects, 39% free, 1919KB/3MB, paused 151us total 6.434ms
I/art ( 171): Explicit concurrent mark sweep GC freed 36(1968B) AllocSpace objects, 0(0B) LOS objects, 40% free, 1969KB/3MB, paused 128us total 6.487ms
I/art ( 171): Explicit concurrent mark sweep GC freed 32(1456B) AllocSpace objects, 0(0B) LOS objects, 39% free, 2019KB/3MB, paused 132us total 6.317ms
I/art ( 171): Explicit concurrent mark sweep GC freed 32(1456B) AllocSpace objects, 0(0B) LOS objects, 39% free, 2MB/3MB, paused 128us total 6.345ms
I/art ( 171): Explicit concurrent mark sweep GC freed 32(1456B) AllocSpace objects, 0(0B) LOS objects, 40% free, 2MB/3MB, paused 132us total 7.100ms
I/art ( 171): Explicit concurrent mark sweep GC freed 34(2128B) AllocSpace objects, 0(0B) LOS objects, 40% free, 2MB/3MB, paused 131us total 6.335ms
I/art ( 171): Explicit concurrent mark sweep GC freed 36(1696B) AllocSpace objects, 0(0B) LOS objects, 40% free, 2MB/3MB, paused 203us total 8.022ms
I/art ( 171): Explicit concurrent mark sweep GC freed 37(1760B) AllocSpace objects, 0(0B) LOS objects, 40% free, 2MB/3MB, paused 157us total 7.308ms
I/art ( 171): Explicit concurrent mark sweep GC freed 52(2208B) AllocSpace objects, 0(0B) LOS objects, 40% free, 2MB/3MB, paused 179us total 7.380ms
I/art ( 171): Explicit concurrent mark sweep GC freed 38(1744B) AllocSpace objects, 0(0B) LOS objects, 40% free, 2MB/3MB, paused 151us total 7.302ms
I/art ( 171): Explicit concurrent mark sweep GC freed 36(2480B) AllocSpace objects, 0(0B) LOS objects, 39% free, 2MB/3MB, paused 154us total 7.330ms
I/art ( 171): Explicit concurrent mark sweep GC freed 32(1456B) AllocSpace objects, 0(0B) LOS objects, 40% free, 2MB/4MB, paused 153us total 7.320ms
I/art ( 171): Explicit concurrent mark sweep GC freed 48(2032B) AllocSpace objects, 0(0B) LOS objects, 40% free, 2MB/4MB, paused 159us total 7.559ms
I/art ( 171): Explicit concurrent mark sweep GC freed 43(1920B) AllocSpace objects, 0(0B) LOS objects, 39% free, 2MB/4MB, paused 167us total 7.413ms
I/art ( 171): Explicit concurrent mark sweep GC freed 32(1456B) AllocSpace objects, 0(0B) LOS objects, 39% free, 2MB/4MB, paused 153us total 7.482ms
I/art ( 171): Explicit concurrent mark sweep GC freed 46(1968B) AllocSpace objects, 0(0B) LOS objects, 39% free, 2MB/4MB, paused 156us total 7.502ms
I/art ( 171): Explicit concurrent mark sweep GC freed 46(2128B) AllocSpace objects, 0(0B) LOS objects, 39% free, 2MB/4MB, paused 160us total 7.612ms
I/art ( 171): Explicit concurrent mark sweep GC freed 37(1760B) AllocSpace objects, 0(0B) LOS objects, 40% free, 2MB/4MB, paused 160us total 7.676ms
I/art ( 171): Explicit concurrent mark sweep GC freed 37(1760B) AllocSpace objects, 0(0B) LOS objects, 39% free, 2MB/4MB, paused 159us total 7.589ms
I/art ( 171): Explicit concurrent mark sweep GC freed 37(1760B) AllocSpace objects, 0(0B) LOS objects, 40% free, 2MB/4MB, paused 161us total 7.627ms
I/art ( 171): Explicit concurrent mark sweep GC freed 113(4KB) AllocSpace objects, 0(0B) LOS objects, 39% free, 3MB/5MB, paused 155us total 7.918ms
I/art ( 171): Explicit concurrent mark sweep GC freed 118(5KB) AllocSpace objects, 0(0B) LOS objects, 39% free, 3MB/5MB, paused 156us total 7.638ms
I/art ( 171): Explicit concurrent mark sweep GC freed 62(2864B) AllocSpace objects, 0(0B) LOS objects, 39% free, 3MB/5MB, paused 160us total 7.532ms
I/art ( 171): Explicit concurrent mark sweep GC freed 37(5KB) AllocSpace objects, 0(0B) LOS objects, 39% free, 3MB/5MB, paused 163us total 7.543ms
I/art ( 171): Explicit concurrent mark sweep GC freed 51(2192B) AllocSpace objects, 0(0B) LOS objects, 39% free, 3MB/5MB, paused 158us total 7.776ms
I/art ( 171): Explicit concurrent mark sweep GC freed 99(4KB) AllocSpace objects, 0(0B) LOS objects, 39% free, 3MB/5MB, paused 158us total 7.624ms
I/art ( 171): Explicit concurrent mark sweep GC freed 51(2240B) AllocSpace objects, 0(0B) LOS objects, 39% free, 3MB/5MB, paused 161us total 7.580ms
I/art ( 171): Explicit concurrent mark sweep GC freed 21(960B) AllocSpace objects, 0(0B) LOS objects, 40% free, 3MB/5MB, paused 158us total 7.520ms
I/art ( 171): Explicit concurrent mark sweep GC freed 21(960B) AllocSpace objects, 0(0B) LOS objects, 39% free, 3MB/5MB, paused 160us total 7.605ms
I/art ( 171): Explicit concurrent mark sweep GC freed 34(1456B) AllocSpace objects, 0(0B) LOS objects, 39% free, 3MB/6MB, paused 186us total 7.650ms
I/art ( 171): Explicit concurrent mark sweep GC freed 47(2032B) AllocSpace objects, 0(0B) LOS objects, 40% free, 3MB/6MB, paused 164us total 7.667ms
I/art ( 171): Explicit concurrent mark sweep GC freed 16(688B) AllocSpace objects, 0(0B) LOS objects, 39% free, 3MB/6MB, paused 166us total 7.656ms
I/art ( 171): Explicit concurrent mark sweep GC freed 107(4KB) AllocSpace objects, 0(0B) LOS objects, 39% free, 5MB/8MB, paused 164us total 7.838ms
I/art ( 171): Explicit concurrent mark sweep GC freed 182(8KB) AllocSpace objects, 0(0B) LOS objects, 39% free, 5MB/8MB, paused 192us total 7.895ms
I/art ( 171): Explicit concurrent mark sweep GC freed 241(10KB) AllocSpace objects, 0(0B) LOS objects, 39% free, 5MB/8MB, paused 175us total 7.860ms
I/art ( 171): Explicit concurrent mark sweep GC freed 88(3KB) AllocSpace objects, 0(0B) LOS objects, 39% free, 5MB/8MB, paused 168us total 7.819ms
I/art ( 171): Explicit concurrent mark sweep GC freed 77(3KB) AllocSpace objects, 0(0B) LOS objects, 39% free, 5MB/8MB, paused 168us total 7.921ms
I/art ( 171): Explicit concurrent mark sweep GC freed 98(4KB) AllocSpace objects, 0(0B) LOS objects, 39% free, 5MB/8MB, paused 172us total 8.064ms
I/art ( 171): Explicit concurrent mark sweep GC freed 93(4KB) AllocSpace objects, 0(0B) LOS objects, 39% free, 5MB/8MB, paused 185us total 7.929ms
I/art ( 171): Explicit concurrent mark sweep GC freed 62(2800B) AllocSpace objects, 0(0B) LOS objects, 39% free, 5MB/8MB, paused 179us total 7.893ms
I/art ( 171): Explicit concurrent mark sweep GC freed 31(1360B) AllocSpace objects, 0(0B) LOS objects, 40% free, 5MB/9MB, paused 142us total 6.508ms
I/art ( 171): Explicit concurrent mark sweep GC freed 44(3KB) AllocSpace objects, 0(0B) LOS objects, 40% free, 5MB/9MB, paused 140us total 6.499ms
I/art ( 171): Explicit concurrent mark sweep GC freed 48(2080B) AllocSpace objects, 0(0B) LOS objects, 39% free, 5MB/9MB, paused 140us total 6.549ms
I/art ( 171): Explicit concurrent mark sweep GC freed 63(2912B) AllocSpace objects, 0(0B) LOS objects, 39% free, 5MB/9MB, paused 138us total 6.610ms
I/art ( 171): Explicit concurrent mark sweep GC freed 27(1248B) AllocSpace objects, 0(0B) LOS objects, 39% free, 5MB/9MB, paused 137us total 6.550ms
I/art ( 171): Explicit concurrent mark sweep GC freed 15(656B) AllocSpace objects, 0(0B) LOS objects, 39% free, 5MB/9MB, paused 135us total 6.589ms
I/art ( 171): Explicit concurrent mark sweep GC freed 13(560B) AllocSpace objects, 0(0B) LOS objects, 40% free, 5MB/9MB, paused 179us total 7.198ms
I/art ( 171): Explicit concurrent mark sweep GC freed 21(2912B) AllocSpace objects, 0(0B) LOS objects, 40% free, 5MB/9MB, paused 168us total 7.949ms
I/art ( 171): Explicit concurrent mark sweep GC freed 23(4KB) AllocSpace objects, 0(0B) LOS objects, 40% free, 5MB/9MB, paused 171us total 7.915ms
I/art ( 171): Explicit concurrent mark sweep GC freed 49(2352B) AllocSpace objects, 0(0B) LOS objects, 39% free, 5MB/9MB, paused 168us total 7.954ms
I/art ( 171): Explicit concurrent mark sweep GC freed 47(2256B) AllocSpace objects, 0(0B) LOS objects, 39% free, 6MB/10MB, paused 169us total 8.030ms
I/art ( 171): Explicit concurrent mark sweep GC freed 45(2160B) AllocSpace objects, 0(0B) LOS objects, 39% free, 6MB/10MB, paused 172us total 7.991ms
I/art ( 171): Explicit concurrent mark sweep GC freed 45(1792B) AllocSpace objects, 0(0B) LOS objects, 39% free, 6MB/10MB, paused 174us total 8.095ms
I/art ( 171): Explicit concurrent mark sweep GC freed 68(2992B) AllocSpace objects, 0(0B) LOS objects, 39% free, 6MB/10MB, paused 174us total 8.092ms
I/art ( 171): Explicit concurrent mark sweep GC freed 28(1200B) AllocSpace objects, 0(0B) LOS objects, 39% free, 6MB/10MB, paused 195us total 8.164ms
I/art ( 171): Explicit concurrent mark sweep GC freed 27(1216B) AllocSpace objects, 0(0B) LOS objects, 40% free, 6MB/10MB, paused 176us total 8.596ms
I/art ( 171): Explicit concurrent mark sweep GC freed 28(1200B) AllocSpace objects, 0(0B) LOS objects, 40% free, 6MB/10MB, paused 179us total 8.491ms
I/art ( 171): Explicit concurrent mark sweep GC freed 131(5KB) AllocSpace objects, 0(0B) LOS objects, 39% free, 6MB/10MB, paused 177us total 8.360ms
W/PackageParser( 480): No actions in intent filter at /system/priv-app/StressTest/StressTest.apk Binary XML file line #42
I/art ( 171): Explicit concurrent mark sweep GC freed 198(8KB) AllocSpace objects, 0(0B) LOS objects, 39% free, 6MB/10MB, paused 184us total 9.320ms
I/art ( 171): Explicit concurrent mark sweep GC freed 299(13KB) AllocSpace objects, 0(0B) LOS objects, 39% free, 7MB/11MB, paused 185us total 8.715ms
I/art ( 171): Explicit concurrent mark sweep GC freed 310(14KB) AllocSpace objects, 0(0B) LOS objects, 39% free, 7MB/12MB, paused 184us total 8.666ms
I/art ( 171): Explicit concurrent mark sweep GC freed 124(5KB) AllocSpace objects, 0(0B) LOS objects, 39% free, 7MB/13MB, paused 194us total 8.648ms
I/art ( 171): Explicit concurrent mark sweep GC freed 78(3KB) AllocSpace objects, 0(0B) LOS objects, 39% free, 8MB/13MB, paused 157us total 7.274ms
I/art ( 171): Explicit concurrent mark sweep GC freed 134(5KB) AllocSpace objects, 0(0B) LOS objects, 39% free, 8MB/13MB, paused 150us total 7.322ms
I/art ( 171): Explicit concurrent mark sweep GC freed 460(16KB) AllocSpace objects, 0(0B) LOS objects, 39% free, 8MB/13MB, paused 149us total 7.426ms
I/art ( 171): Explicit concurrent mark sweep GC freed 237(9KB) AllocSpace objects, 0(0B) LOS objects, 40% free, 8MB/13MB, paused 151us total 7.536ms
I/art ( 171): Explicit concurrent mark sweep GC freed 96(4KB) AllocSpace objects, 0(0B) LOS objects, 40% free, 8MB/13MB, paused 156us total 7.214ms
I/art ( 171): Explicit concurrent mark sweep GC freed 1081(37KB) AllocSpace objects, 0(0B) LOS objects, 39% free, 8MB/13MB, paused 148us total 7.390ms
I/art ( 171): Explicit concurrent mark sweep GC freed 1499(50KB) AllocSpace objects, 0(0B) LOS objects, 39% free, 8MB/13MB, paused 153us total 7.431ms
I/art ( 171): Explicit concurrent mark sweep GC freed 1381(49KB) AllocSpace objects, 0(0B) LOS objects, 40% free, 8MB/13MB, paused 147us total 7.355ms
I/art ( 171): Explicit concurrent mark sweep GC freed 1453(56KB) AllocSpace objects, 0(0B) LOS objects, 40% free, 8MB/13MB, paused 147us total 8.803ms
I/art ( 171): Explicit concurrent mark sweep GC freed 603(27KB) AllocSpace objects, 0(0B) LOS objects, 39% free, 8MB/14MB, paused 149us total 7.652ms
I/art ( 171): Explicit concurrent mark sweep GC freed 222(10KB) AllocSpace objects, 0(0B) LOS objects, 40% free, 8MB/14MB, paused 181us total 7.646ms
I/art ( 171): Explicit concurrent mark sweep GC freed 148(11KB) AllocSpace objects, 0(0B) LOS objects, 40% free, 8MB/14MB, paused 144us total 7.343ms
I/art ( 171): Explicit concurrent mark sweep GC freed 146(6KB) AllocSpace objects, 0(0B) LOS objects, 40% free, 8MB/14MB, paused 153us total 7.303ms
I/art ( 171): Explicit concurrent mark sweep GC freed 277(12KB) AllocSpace objects, 0(0B) LOS objects, 39% free, 8MB/14MB, paused 149us total 7.436ms
I/art ( 171): Explicit concurrent mark sweep GC freed 167(7KB) AllocSpace objects, 0(0B) LOS objects, 39% free, 9MB/15MB, paused 147us total 7.558ms
I/Zygote ( 171): ...preloaded 343 resources in 1038ms.
I/art ( 171): Explicit concurrent mark sweep GC freed 575(36KB) AllocSpace objects, 0(0B) LOS objects, 39% free, 9MB/15MB, paused 147us total 7.523ms
I/Zygote ( 171): ...preloaded 41 resources in 12ms.
I/art ( 171): Counter: 0
D/libEGL ( 171): loaded /vendor/lib/egl/libGLES_mali.so
W/ResourceType( 480): Failure getting entry for 0x7f08026f (t=7 e=623) (error -75)
I/Zygote ( 171): Preloading shared libraries...
W/PackageParser( 480): Unknown element under : android at /system/priv-app/Telecom/Telecom.apk Binary XML file line #232
D/Zygote ( 171): end preload
I/art ( 171): Explicit concurrent mark sweep GC freed 370(17KB) AllocSpace objects, 0(0B) LOS objects, 39% free, 9MB/15MB, paused 204us total 9.368ms
I/art ( 171): Explicit concurrent mark sweep GC freed 316(12KB) AllocSpace objects, 0(0B) LOS objects, 39% free, 9MB/15MB, paused 190us total 9.259ms
I/art ( 171): Explicit concurrent mark sweep GC freed 5(160B) AllocSpace objects, 0(0B) LOS objects, 39% free, 9MB/15MB, paused 188us total 9.115ms
W/PackageParser( 480): No actions in intent filter at /system/app/Bluetooth/Bluetooth.apk Binary XML file line #209
W/Binder ( 480): Caught a RuntimeException from the binder stub implementation.
W/Binder ( 480): java.lang.NullPointerException: Attempt to invoke interface method 'int android.app.IActivityManager.checkPermission(java.lang.String, int, int)' on a null object reference
W/Binder ( 480): at android.app.ContextImpl.checkPermission(ContextImpl.java:1877)
W/Binder ( 480): at android.app.ContextImpl.checkCallingOrSelfPermission(ContextImpl.java:1918)
W/Binder ( 480): at android.app.ContextImpl.enforceCallingOrSelfPermission(ContextImpl.java:1955)
W/Binder ( 480): at com.android.server.power.PowerManagerService$BinderService.releaseWakeLock(PowerManagerService.java:3015)
W/Binder ( 480): at android.os.IPowerManager$Stub.onTransact(IPowerManager.java:94)
W/Binder ( 480): at android.os.Binder.execTransact(Binder.java:446)
W/PackageParser( 480): Unknown element under : permission at /system/app/Gallery2/Gallery2.apk Binary XML file line #243
W/PackageParser( 480): Unknown element under : permission at /system/app/Gallery2/Gallery2.apk Binary XML file line #246
D/PackageManager( 480): No files in app dir /system/vendor/app
D/PackageManager( 480): No files in app dir /oem/app
D/PackageManager( 480): No files in app dir /data/app
D/PackageManager( 480): No files in app dir /data/app-private
W/PackageManager( 480): Package com.android.gallery3d desires unavailable shared library com.google.android.media.effects; ignoring!
W/PackageManager( 480): Package com.android.gallery3d desires unavailable shared library com.google.android.media.effects; ignoring!
I/PackageManager( 480): Adjusting ABI for : com.android.providers.settings to armeabi-v7a
I/PackageManager( 480): Adjusting ABI for : com.rockchip.devicetest to armeabi-v7a
I/PackageManager( 480): Adjusting ABI for : com.android.location.fused to armeabi-v7a
I/PackageManager( 480): Adjusting ABI for : com.android.settings to armeabi-v7a
I/PackageManager( 480): Adjusting ABI for : com.android.keychain to armeabi-v7a
I/PackageManager( 480): Adjusting ABI for : com.android.server.telecom to armeabi-v7a
I/PackageManager( 480): Adjusting ABI for : com.cghs.stresstest to armeabi-v7a
I/PackageManager( 480): Adjusting ABI for : com.android.inputdevices to armeabi-v7a
I/PackageManager( 480): Time to scan packages: 4.88 seconds
W/PackageManager( 480): Unknown permission com.google.android.googleapps.permission.GOOGLE_AUTH in package com.android.providers.calendar
W/PackageManager( 480): Unknown permission com.google.android.googleapps.permission.GOOGLE_AUTH.cl in package com.android.providers.calendar
W/PackageManager( 480): Not granting permission android.permission.GLOBAL_SEARCH to package com.android.quicksearchbox (protectionLevel=18 flags=0x8be45)
W/PackageManager( 480): Not granting permission android.permission.ACCESS_DOWNLOAD_MANAGER to package com.android.browser (protectionLevel=18 flags=0x9be45)
W/PackageManager( 480): Not granting permission android.permission.SEND_DOWNLOAD_COMPLETED_INTENTS to package com.android.browser (protectionLevel=2 flags=0x9be45)
W/PackageManager( 480): Not granting permission android.permission.BIND_WALLPAPER to package com.android.camera2 (protectionLevel=18 flags=0x58bc45)
W/PackageManager( 480): Unknown permission android.permission.INSTALL_DRM in package com.android.mms
W/PackageManager( 480): Not granting permission android.permission.BIND_APPWIDGET to package com.android.launcher3 (protectionLevel=18 flags=0x583e45)
W/PackageManager( 480): Unknown permission com.android.launcher.permission.READ_SETTINGS in package com.android.launcher3
W/PackageManager( 480): Unknown permission com.android.launcher.permission.WRITE_SETTINGS in package com.android.launcher3
W/PackageManager( 480): Unknown permission com.google.android.googleapps.permission.GOOGLE_AUTH.mail in package com.android.calendar
W/PackageManager( 480): Unknown permission android.Manifest.permission.INJECT_EVENTS in package com.rockchip.devicetest
W/PackageManager( 480): Unknown permission com.android.launcher.permission.READ_SETTINGS in package com.android.onetimeinitializer
W/PackageManager( 480): Unknown permission com.android.launcher.permission.WRITE_SETTINGS in package com.android.onetimeinitializer
W/PackageManager( 480): Unknown permission android.permission.READ_MEDIA_STORAGE in package com.android.packageinstaller
W/PackageManager( 480): Not granting permission android.permission.DELETE_PACKAGES to package com.svox.pico (protectionLevel=18 flags=0x8be45)
W/PackageManager( 480): Unknown permission com.google.android.gallery3d.permission.PICASA_STORE in package com.android.dreams.phototable
W/PackageManager( 480): Unknown permission com.google.android.googleapps.permission.GOOGLE_AUTH in package com.android.settings
W/PackageManager( 480): Unknown permission com.android.launcher.permission.READ_SETTINGS in package com.android.settings
W/PackageManager( 480): Unknown permission com.android.launcher.permission.WRITE_SETTINGS in package com.android.settings
W/PackageManager( 480): Not granting permission android.permission.MOUNT_UNMOUNT_FILESYSTEMS to package com.rockchip.mediacenter (protectionLevel=18 flags=0x8be45)
W/PackageManager( 480): Not granting permission android.permission.DEVICE_POWER to package com.rockchip.mediacenter (protectionLevel=2 flags=0x8be45)
W/PackageManager( 480): Unknown permission com.android.email.permission.READ_ATTACHMENT in package com.rockchip.mediacenter
W/PackageManager( 480): Unknown permission com.android.vending.BILLING in package eu.chainfire.supersu
W/PackageManager( 480): Not granting permission android.permission.REBOOT to package eu.chainfire.supersu (protectionLevel=18 flags=0x83e05)
W/PackageManager( 480): Not granting permission android.permission.DEVICE_POWER to package com.android.deskclock (protectionLevel=2 flags=0x48be45)
W/PackageManager( 480): Unknown permission com.android.email.permission.READ_ATTACHMENT in package com.android.exchange
W/PackageManager( 480): Unknown permission com.android.email.permission.ACCESS_PROVIDER in package com.android.exchange
W/PackageManager( 480): Unknown permission com.google.android.gallery3d.permission.GALLERY_PROVIDER in package com.android.bluetooth
W/PackageManager( 480): Unknown permission rockchip.permission.FULL_SCREEN in package android.rk.RockVideoPlayer
W/PackageManager( 480): Unknown permission android.permission.RAISED_THREAD_PRIORITY in package android.rk.RockVideoPlayer
W/PackageManager( 480): Unknown permission android.permission.FULL_SCREEN in package android.rk.RockVideoPlayer
W/PackageManager( 480): Unknown permission archos.permission.FULL_SCREEN in package android.rk.RockVideoPlayer
I/art ( 480): Explicit concurrent mark sweep GC freed 21594(1116KB) AllocSpace objects, 2(32KB) LOS objects, 33% free, 2MB/4MB, paused 694us total 15.425ms
I/SystemServer( 480): User Service
I/lowmemorykiller( 156): ActivityManager connected
I/SystemServiceManager( 480): Starting com.android.server.lights.LightsService
I/Lights ( 480): >>> Enter light_device_open:backlight
I/Lights ( 480): >>> Enter light_device_open:keyboard
I/Lights ( 480): >>> Enter light_device_open:buttons
I/Lights ( 480): >>> Enter light_device_open:battery
I/Lights ( 480): >>> Enter light_device_open:notifications
I/Lights ( 480): >>> Enter light_device_open:attention
I/Lights ( 480): >>> Enter light_device_open:bluetooth
I/Lights ( 480): >>> undefine light id
I/Lights ( 480): >>> Enter light_device_open:wifi
I/Lights ( 480): >>> undefine light id
I/SystemServiceManager( 480): Starting com.android.server.BatteryService
I/SystemServiceManager( 480): Starting com.android.server.usage.UsageStatsService
I/SystemServiceManager( 480): Starting com.android.server.webkit.WebViewUpdateService
I/SystemServer( 480): Reading configuration...
I/SystemServer( 480): Scheduling Policy
I/SystemServiceManager( 480): Starting com.android.server.telecom.TelecomLoaderService
I/SystemServer( 480): Telephony Registry
I/SystemServer( 480): Entropy Mixer
I/EntropyMixer( 480): Writing entropy...
I/SystemServer( 480): Account Manager
I/SystemServer( 480): Start SimStateChange Service
W/ActivityManager( 480): Unable to start service Intent { cmp=com.android.contacts/.SimStateChangedService } U=0: not found
I/SystemServer( 480): Content Manager
I/SystemServer( 480): System Content Providers
I/SystemServer( 480): Vibrator Service
I/SystemServer( 480): Consumer IR Service
E/ConsumerIrService( 480): Can't open consumer IR HW Module, error: -2
I/SystemServiceManager( 480): Starting com.android.server.AlarmManagerService
D/AlarmManagerService( 480): Kernel timezone updated to -120 minutes west of GMT
D/AlarmManager( 480): Failed while trying resolve alarm filter file, not exists
I/SystemServer( 480): Init Watchdog
I/SystemServer( 480): Input Manager
I/InputManager( 480): Initializing input manager, mUseDevInputEventForAudioJack=false
I/SystemServer( 480): Window Manager
I/WindowManager( 480): No existing display settings /data/system/display_settings.xml; starting empty
D/PermissionCache( 159): checking android.permission.ACCESS_SURFACE_FLINGER for uid=1000 => granted (370 us)
I/InputManager( 480): Starting input manager
I/SystemServer( 480): Bluetooth Manager Service
D/EventHub( 480): No input device configuration file found for device 'vtl_ts'.
I/EventHub( 480): New device: id=1, fd=84, path='/dev/input/event2', name='vtl_ts', classes=0x14, configuration='', keyLayout='', keyCharacterMap='', builtinKeyboard=false, wakeMechanism=EPOLLWAKEUP, usingClockIoctl=true
D/EventHub( 480): No input device configuration file found for device 'rk29-keypad'.
D/BluetoothManagerService( 480): Loading stored name and address
D/BluetoothManagerService( 480): Stored bluetooth Name=mussonero,Address=22:22:95:6A:5C:4A
I/SystemServer( 480): Input Method Service
E/KeyLayoutMap( 480): /system/usr/keylayout/rk29-keypad.kl:5: Expected key flag label, got 'WAKE'.
W/InputMethodManagerService( 480): Couldn't create dir.: /data/system/inputmethod
W/EventHub( 480): Unable to disable kernel key repeat for /dev/input/event0: Function not implemented
I/EventHub( 480): New device: id=2, fd=85, path='/dev/input/event0', name='rk29-keypad', classes=0x401, configuration='', keyLayout='/system/usr/keylayout/Generic.kl', keyCharacterMap='/system/usr/keychars/Generic.kcm', builtinKeyboard=true, wakeMechanism=EPOLLWAKEUP, usingClockIoctl=true
D/EventHub( 480): No input device configuration file found for device 'rockchip_headset.34'.
W/EventHub( 480): Unable to disable kernel key repeat for /dev/input/event1: Function not implemented
I/EventHub( 480): New device: id=3, fd=87, path='/dev/input/event1', name='rockchip_headset.34', classes=0x401, configuration='', keyLayout='/system/usr/keylayout/Generic.kl', keyCharacterMap='/system/usr/keychars/Generic.kcm', builtinKeyboard=false, wakeMechanism=EPOLLWAKEUP, usingClockIoctl=true
I/InputReader( 480): Device added: id=-1, name='Virtual', sources=0x00000301
I/InputReader( 480): Device added: id=3, name='rockchip_headset.34', sources=0x00002103
I/InputReader( 480): Device added: id=0, name='rk29-keypad', sources=0x00002103
I/InputReader( 480): Touch device 'vtl_ts' could not query the properties of its associated display. The device will be inoperable until the display size becomes available.
I/InputReader( 480): Device added: id=1, name='vtl_ts', sources=0x00001002
I/SystemServer( 480): Accessibility Manager
