--------- beginning of system
E/DrmService( 0): ----------------running drmservice--------------- --------- beginning of main
W/auditd ( 154): type=2000 audit(0.0:1): initialized
I/auditd ( 154): type=1403 audit(0.0:2): policy loaded auid=4294967295 ses=4294967295
W/auditd ( 154): type=1404 audit(0.0:3): enforcing=1 old_enforcing=0 auid=4294967295 ses=4294967295
W/init ( 167): type=1400 audit(0.0:4): avc: denied { entrypoint } for path="/system/etc/install-recovery.sh" dev="mmcblk0p10" ino=2000 scontext=u:r:install_recovery:s0 tcontext=u:object_r:system_file:s0 tclass=file permissive=0
I/installd( 0): installd firing up
E/DrmService( 0): ----------serianno =3RKPK0BF86
E/DrmService( 0): auto generate serialno,serialno = 3RKPK0BF86
E/DrmService( 0): rknand_sys_storage open fail
E/DrmService( 0): detect keybox disabled
I/Netd ( 0): Netd 1.0 starting
E/Netd ( 0): Failed to open /proc/sys/net/ipv6/conf/default/use_optimistic: No such file or directory
E/Netd ( 0): Failed to open /proc/sys/net/ipv6/conf/eth0/use_optimistic: No such file or directory
E/Netd ( 0): Failed to open /proc/sys/net/ipv6/conf/lo/use_optimistic: No such file or directory
E/Netd ( 0): Failed to open /proc/sys/net/ipv6/conf/sit0/use_optimistic: No such file or directory
E/Netd ( 0): Failed to open /proc/sys/net/ipv6/conf/usb0/use_optimistic: No such file or directory
I/AKMD_FS ( 0): AK8975 Daemon for Open Source v20120329.
I/AKMD_FS ( 0): Debug: ON
I/AKMD_FS ( 0): Debug level: 2
E/AKMD_FS ( 0): AKD_InitDevice:40 open Error (No such file or directory).
I/AKMD_FS ( 0): AK8975 for Android end (-1).
I/ ( 0): debuggerd: Aug 13 2015 13:46:56
I/lowmemorykiller( 156): Using in-kernel low memory killer interface
I/Vold ( 158): Vold 2.1 (the revenge) firing up
E/DirectVolume( 158): Vold managed volumes must have auto mount point; ignoring /mnt/internal_sd
D/Vold ( 158): Volume internal_sd state changing -1 (Initializing) -> 0 (No-Media)
E/Vold ( 158): label internal_sd addPath /devices/ff0f0000.rksdmmc/mmc_host/mmc
E/DirectVolume( 158): Vold managed volumes must have auto mount point; ignoring /mnt/external_sd
I/Vold ( 158): Error(call No.1) opening /sys/sd-sdio/rescan in the file of Volume.cpp
D/Vold ( 158): Volume external_sd state changing -1 (Initializing) -> 0 (No-Media)
E/Vold ( 158): label external_sd addPath /devices/ff0c0000.rksdmmc/mmc_host/mmc
E/DirectVolume( 158): Vold managed volumes must have auto mount point; ignoring /mnt/usb_storage
D/Vold ( 158): Volume usb_storage state changing -1 (Initializing) -> 0 (No-Media)
E/Vold ( 158): label usb_storage addPath /devices/ff580000.usb
E/Vold ( 158): Start Misc devices Manager...
D/Vold ( 158): Vendor path: /sys/bus/usb/devices/1-1/idVendor
D/Vold ( 158): === config_file is: 0000_0000
I/SurfaceFlinger( 159): SurfaceFlinger is starting
I/SurfaceFlinger( 159): SurfaceFlinger's main thread ready to run. Initializing graphics H/W...
D/DirectVolume( 158): DEVPATH = /devices/virtual/block/loop0.
D/DirectVolume( 158): DEVPATH = /devices/virtual/block/loop0.
D/DirectVolume( 158): DEVPATH = /devices/virtual/block/loop0.
D/DirectVolume( 158): DEVPATH = /devices/virtual/block/loop1.
D/DirectVolume( 158): DEVPATH = /devices/virtual/block/loop1.
D/DirectVolume( 158): DEVPATH = /devices/virtual/block/loop1.
D/DirectVolume( 158): DEVPATH = /devices/virtual/block/loop2.
D/DirectVolume( 158): DEVPATH = /devices/virtual/block/loop2.
D/DirectVolume( 158): DEVPATH = /devices/virtual/block/loop2.
D/DirectVolume( 158): DEVPATH = /devices/virtual/block/loop3.
D/DirectVolume( 158): DEVPATH = /devices/virtual/block/loop3.
D/DirectVolume( 158): DEVPATH = /devices/virtual/block/loop3.
D/DirectVolume( 158): DEVPATH = /devices/virtual/block/loop4.
D/DirectVolume( 158): DEVPATH = /devices/virtual/block/loop4.
D/DirectVolume( 158): DEVPATH = /devices/virtual/block/loop4.
D/DirectVolume( 158): DEVPATH = /devices/virtual/block/loop5.
D/DirectVolume( 158): DEVPATH = /devices/virtual/block/loop5.
D/DirectVolume( 158): DEVPATH = /devices/virtual/block/loop5.
D/DirectVolume( 158): DEVPATH = /devices/virtual/block/loop6.
D/DirectVolume( 158): DEVPATH = /devices/virtual/block/loop6.
D/DirectVolume( 158): DEVPATH = /devices/virtual/block/loop6.
D/DirectVolume( 158): DEVPATH = /devices/virtual/block/loop7.
D/DirectVolume( 158): DEVPATH = /devices/virtual/block/loop7.
D/DirectVolume( 158): DEVPATH = /devices/virtual/block/loop7.
D/DirectVolume( 158): DEVPATH = /devices/virtual/block/zram0.
D/DirectVolume( 158): DEVPATH = /devices/virtual/block/zram0.
D/DirectVolume( 158): DEVPATH = /devices/virtual/block/zram0.
D/DirectVolume( 158): DEVPATH = /devices/ff0f0000.rksdmmc/mmc_host/mmc0/mmc0:0001/block/mmcblk0.
W/DirectVolume( 158): Deprecated implied prefix pattern detected, please use '/devices/ff0f0000.rksdmmc/mmc_host/mmc*' instead
D/DirectVolume( 158): DEVTYPE = disk.
D/DirectVolume( 158): ----handleDiskAdded,mDiskNumParts =14,mDiskMajor=179,mDiskMinor=0
D/DirectVolume( 158): Dv::diskIns - waiting for 14 pending partitions
D/Vold ( 158): Volume internal_sd state changing 0 (No-Media) -> 2 (Pending)
D/DirectVolume( 158): DEVPATH = /devices/ff0f0000.rksdmmc/mmc_host/mmc0/mmc0:0001/block/mmcblk0/mmcblk0p1.
D/DirectVolume( 158): DEVTYPE = partition.
D/DirectVolume( 158): ---handlePartitionAdded,part_num=1,major=179,minor=1,mDiskMajor=179
D/DirectVolume( 158): Dv:partAdd: part_num = 1, minor = 1
D/DirectVolume( 158): Dv:partAdd: pending 13 disk
D/DirectVolume( 158): DEVPATH = /devices/ff0f0000.rksdmmc/mmc_host/mmc0/mmc0:0001/block/mmcblk0/mmcblk0p2.
D/DirectVolume( 158): DEVTYPE = partition.
D/DirectVolume( 158): ---handlePartitionAdded,part_num=2,major=179,minor=2,mDiskMajor=179
D/DirectVolume( 158): Dv:partAdd: part_num = 2, minor = 2
D/DirectVolume( 158): Dv:partAdd: pending 12 disk
D/DirectVolume( 158): DEVPATH = /devices/ff0f0000.rksdmmc/mmc_host/mmc0/mmc0:0001/block/mmcblk0/mmcblk0p3.
D/DirectVolume( 158): DEVTYPE = partition.
D/DirectVolume( 158): ---handlePartitionAdded,part_num=3,major=179,minor=3,mDiskMajor=179
D/DirectVolume( 158): Dv:partAdd: part_num = 3, minor = 3
D/DirectVolume( 158): Dv:partAdd: pending 11 disk
D/DirectVolume( 158): DEVPATH = /devices/ff0f0000.rksdmmc/mmc_host/mmc0/mmc0:0001/block/mmcblk0/mmcblk0p4.
D/DirectVolume( 158): DEVTYPE = partition.
D/DirectVolume( 158): ---handlePartitionAdded,part_num=4,major=179,minor=4,mDiskMajor=179
D/DirectVolume( 158): Dv:partAdd: part_num = 4, minor = 4
D/DirectVolume( 158): Dv:partAdd: pending 10 disk
D/DirectVolume( 158): DEVPATH = /devices/ff0f0000.rksdmmc/mmc_host/mmc0/mmc0:0001/block/mmcblk0/mmcblk0p5.
D/DirectVolume( 158): DEVTYPE = partition.
D/DirectVolume( 158): ---handlePartitionAdded,part_num=5,major=179,minor=5,mDiskMajor=179
D/DirectVolume( 158): Dv:partAdd: part_num = 5, minor = 5
D/DirectVolume( 158): Dv:partAdd: pending 9 disk
D/DirectVolume( 158): DEVPATH = /devices/ff0f0000.rksdmmc/mmc_host/mmc0/mmc0:0001/block/mmcblk0/mmcblk0p6.
D/DirectVolume( 158): DEVTYPE = partition.
D/DirectVolume( 158): ---handlePartitionAdded,part_num=6,major=179,minor=6,mDiskMajor=179
D/DirectVolume( 158): Dv:partAdd: part_num = 6, minor = 6
D/DirectVolume( 158): Dv:partAdd: pending 8 disk
D/DirectVolume( 158): DEVPATH = /devices/ff0f0000.rksdmmc/mmc_host/mmc0/mmc0:0001/block/mmcblk0/mmcblk0p7.
D/DirectVolume( 158): DEVTYPE = partition.
D/DirectVolume( 158): ---handlePartitionAdded,part_num=7,major=179,minor=7,mDiskMajor=179
D/DirectVolume( 158): Dv:partAdd: part_num = 7, minor = 7
D/DirectVolume( 158): Dv:partAdd: pending 7 disk
D/DirectVolume( 158): DEVPATH = /devices/ff0f0000.rksdmmc/mmc_host/mmc0/mmc0:0001/block/mmcblk0/mmcblk0p8.
D/DirectVolume( 158): DEVTYPE = partition.
D/DirectVolume( 158): ---handlePartitionAdded,part_num=8,major=179,minor=8,mDiskMajor=179
D/DirectVolume( 158): Dv:partAdd: part_num = 8, minor = 8
D/DirectVolume( 158): Dv:partAdd: pending 6 disk
D/DirectVolume( 158): DEVPATH = /devices/ff0f0000.rksdmmc/mmc_host/mmc0/mmc0:0001/block/mmcblk0/mmcblk0p9.
D/DirectVolume( 158): DEVTYPE = partition.
D/DirectVolume( 158): ---handlePartitionAdded,part_num=9,major=179,minor=9,mDiskMajor=179
D/DirectVolume( 158): Dv:partAdd: part_num = 9, minor = 9
D/DirectVolume( 158): Dv:partAdd: pending 5 disk
D/DirectVolume( 158): DEVPATH = /devices/ff0f0000.rksdmmc/mmc_host/mmc0/mmc0:0001/block/mmcblk0/mmcblk0p10.
D/DirectVolume( 158): DEVTYPE = partition.
D/DirectVolume( 158): ---handlePartitionAdded,part_num=10,major=179,minor=10,mDiskMajor=179
D/DirectVolume( 158): Dv:partAdd: part_num = 10, minor = 10
D/DirectVolume( 158): Dv:partAdd: pending 4 disk
D/DirectVolume( 158): DEVPATH = /devices/ff0f0000.rksdmmc/mmc_host/mmc0/mmc0:0001/block/mmcblk0/mmcblk0p11.
D/DirectVolume( 158): DEVTYPE = partition.
D/DirectVolume( 158): ---handlePartitionAdded,part_num=11,major=179,minor=11,mDiskMajor=179
D/DirectVolume( 158): Dv:partAdd: part_num = 11, minor = 11
D/DirectVolume( 158): Dv:partAdd: pending 3 disk
D/DirectVolume( 158): DEVPATH = /devices/ff0f0000.rksdmmc/mmc_host/mmc0/mmc0:0001/block/mmcblk0/mmcblk0p12.
D/DirectVolume( 158): DEVTYPE = partition.
D/DirectVolume( 158): ---handlePartitionAdded,part_num=12,major=179,minor=12,mDiskMajor=179
D/DirectVolume( 158): Dv:partAdd: part_num = 12, minor = 12
D/DirectVolume( 158): Dv:partAdd: pending 2 disk
D/DirectVolume( 158): DEVPATH = /devices/ff0f0000.rksdmmc/mmc_host/mmc0/mmc0:0001/block/mmcblk0/mmcblk0p13.
D/DirectVolume( 158): DEVTYPE = partition.
D/DirectVolume( 158): ---handlePartitionAdded,part_num=13,major=179,minor=13,mDiskMajor=179
D/DirectVolume( 158): Dv:partAdd: part_num = 13, minor = 13
D/DirectVolume( 158): Dv:partAdd: pending 1 disk
D/DirectVolume( 158): DEVPATH = /devices/ff0f0000.rksdmmc/mmc_host/mmc0/mmc0:0001/block/mmcblk0/mmcblk0p14.
D/DirectVolume( 158): DEVTYPE = partition.
D/DirectVolume( 158): ---handlePartitionAdded,part_num=14,major=179,minor=14,mDiskMajor=179
D/DirectVolume( 158): Dv:partAdd: part_num = 14, minor = 14
D/DirectVolume( 158): Dv:partAdd: Got all partitions - ready to rock!
D/Vold ( 158): Volume internal_sd state changing 2 (Pending) -> 1 (Idle-Unmounted)
D/DirectVolume( 158): DEVPATH = /devices/ff0c0000.rksdmmc/mmc_host/mmc1/mmc1:0007/block/mmcblk1.
D/DirectVolume( 158): DEVPATH = /devices/ff0c0000.rksdmmc/mmc_host/mmc1/mmc1:0007/block/mmcblk1.
W/DirectVolume( 158): Deprecated implied prefix pattern detected, please use '/devices/ff0c0000.rksdmmc/mmc_host/mmc*' instead
D/DirectVolume( 158): DEVTYPE = disk.
D/DirectVolume( 158): ----handleDiskAdded,mDiskNumParts =1,mDiskMajor=179,mDiskMinor=32
D/DirectVolume( 158): Dv::diskIns - waiting for 1 pending partitions
I/Vold ( 158): Error(call No.1) opening /sys/sd-sdio/rescan in the file of Volume.cpp
D/Vold ( 158): Volume external_sd state changing 0 (No-Media) -> 2 (Pending)
D/DirectVolume( 158): DEVPATH = /devices/ff0c0000.rksdmmc/mmc_host/mmc1/mmc1:0007/block/mmcblk1/mmcblk1p1.
D/DirectVolume( 158): DEVPATH = /devices/ff0c0000.rksdmmc/mmc_host/mmc1/mmc1:0007/block/mmcblk1/mmcblk1p1.
D/DirectVolume( 158): DEVTYPE = partition.
D/DirectVolume( 158): ---handlePartitionAdded,part_num=1,major=179,minor=33,mDiskMajor=179
D/DirectVolume( 158): Dv:partAdd: part_num = 1, minor = 33
D/DirectVolume( 158): Dv:partAdd: Got all partitions - ready to rock!
I/Vold ( 158): Error(call No.1) opening /sys/sd-sdio/rescan in the file of Volume.cpp
D/Vold ( 158): Volume external_sd state changing 2 (Pending) -> 1 (Idle-Unmounted)
D/gpsd ( 173): main()
D/gpsd ( 173): argv[0] = '/system/bin/glgps'
D/gpsd ( 173): argv[1] = '-c'
D/gpsd ( 173): argv[2] = '/system/etc/gps/gpsconfig.xml'
D/gpsd ( 173): main() IGpsdModule::Create
W/linker ( 165): libffmpeg.so has text relocations. This is wasting memory and prevents security hardening. Please fix.
I/mediaserver( 165): ServiceManager: 0xb4c700c0
I/AudioFlinger( 165): Using default 3000 mSec as standby time.
I/ServiceManager( 165): Waiting for service batterystats...
V/NatController( 161): runCmd(/system/bin/iptables -F natctrl_FORWARD) res=0
V/NatController( 161): runCmd(/system/bin/iptables -A natctrl_FORWARD -j DROP) res=0
V/NatController( 161): runCmd(/system/bin/iptables -t nat -F natctrl_nat_POSTROUTING) res=0
V/NatController( 161): runCmd(/system/bin/iptables -F natctrl_tether_counters) res=1
V/NatController( 161): runCmd(/system/bin/iptables -X natctrl_tether_counters) res=1
V/NatController( 161): runCmd(/system/bin/iptables -N natctrl_tether_counters) res=0
V/NatController( 161): runCmd(/system/bin/iptables -t mangle -A natctrl_mangle_FORWARD -p tcp --tcp-flags SYN SYN -j TCPMSS --clamp-mss-to-pmtu) res=0
D/libEGL ( 159): loaded /vendor/lib/egl/libGLES_mali.so
I/mali_so ( 159): [File] : hardware/arm/maliT760/driver/product/base/src/mali_base_kbase.c; [Line] : 899; [Func] : base_context_deal_with_version_affairs_rk_ext;
I/mali_so ( 159): arm_release_ver of this mali_so is 'r5p0-06rel0', rk_so_ver is '5@0', built at '16:39:14', on 'Mar 5 2015'.
I/mali_so ( 159): [File] : hardware/arm/maliT760/driver/product/base/src/mali_base_kbase.c; [Line] : 929; [Func] : base_context_deal_with_version_affairs_rk_ext;
I/mali_so ( 159): arm_release_vers are match. to set the full mali_ver 'r5p0-06rel0-12-5@0' as value of 'sys.gmali.version'.
I/gralloc ( 159): [File] : hardware/rockchip/libgralloc/gralloc_module.cpp; [Line] : 63; [Func] : gralloc_device_open;
I/gralloc ( 159): to open device 'fb0' in gralloc_module with ver '1.0.1', built at '09:11:13', on 'May 8 2015'.
D/gralloc ( 159): gralloc_device_open new neiw fd=12
D/gralloc ( 159): g_MMU_stat=0
I/gralloc ( 159): [File] : hardware/rockchip/libgralloc/gralloc_module.cpp; [Line] : 63; [Func] : gralloc_device_open;
I/gralloc ( 159): to open device 'gpu0' in gralloc_module with ver '1.0.1', built at '09:11:13', on 'May 8 2015'.
D/gralloc ( 159): gralloc_device_open new neiw fd=12
D/gralloc ( 159): g_MMU_stat=0
I/[Gralloc]( 159): using (fd=13)
I/[Gralloc]( 159): id = fb0
I/[Gralloc]( 159): xres = 2048 px
I/[Gralloc]( 159): yres = 1536 px
I/[Gralloc]( 159): xres_virtual = 2048 px
I/[Gralloc]( 159): yres_virtual = 4608 px
I/[Gralloc]( 159): bpp = 32
I/[Gralloc]( 159): r = 16:8
I/[Gralloc]( 159): g = 8:8
I/[Gralloc]( 159): b = 0:8
I/[Gralloc]( 159): format = 2
I/[Gralloc]( 159): width = 325 mm (160.059082 dpi)
I/[Gralloc]( 159): height = 244 mm (159.895081 dpi)
I/[Gralloc]( 159): refresh rate = 59.94 Hz
D/hwcomposer( 159): hwc_device_open(6477):Open hwc device in thread=159
D/hwcomposer( 159): context->ddrFd ok
I/gralloc ( 159): [File] : hardware/rockchip/libgralloc/gralloc_module.cpp; [Line] : 63; [Func] : gralloc_device_open;
I/gralloc ( 159): to open device 'gpu0' in gralloc_module with ver '1.0.1', built at '09:11:13', on 'May 8 2015'.
D/gralloc ( 159): gralloc_device_open new neiw fd=18
D/gralloc ( 159): g_MMU_stat=0
D/hwcomposer( 159): Dim buffer alloc fd [2048x1536,f=4],fd=19
D/hwcomposer( 159): Frame buffer alloc fd [32x32,f=4],fd=20
D/hwcomposer( 159): RGA HWComposer verison1.0.0
D/hwcomposer( 159): Device: 0xb644e400
D/hwcomposer( 159): fb_fps=59.938000
D/hwcomposer( 159): HWC_VERSION Author: wzq Version:2.033
D/hwcomposer( 159): rga version =2.000
I/SurfaceFlinger( 159): Using composer version 1.3
W/SurfaceFlinger( 159): no suitable EGLConfig found, trying a simpler query
I/SurfaceFlinger( 159): EGL information:
I/SurfaceFlinger( 159): vendor : Android
I/SurfaceFlinger( 159): version : 1.4 Android META-EGL
I/SurfaceFlinger( 159): extensions: EGL_KHR_get_all_proc_addresses EGL_ANDROID_presentation_time EGL_KHR_image EGL_KHR_image_base EGL_KHR_gl_texture_2D_image EGL_KHR_gl_texture_cubemap_image EGL_KHR_gl_renderbuffer_image EGL_KHR_fence_sync EGL_KHR_create_context EGL_ANDROID_image_native_buffer EGL_KHR_wait_sync EGL_ANDROID_recordable
I/SurfaceFlinger( 159): Client API: OpenGL_ES
I/SurfaceFlinger( 159): EGLSurface: 8-8-8-8, config=0xb6522008
I/SurfaceFlinger( 159): OpenGL ES informations:
I/SurfaceFlinger( 159): vendor : ARM
I/SurfaceFlinger( 159): renderer : Mali-T760
I/SurfaceFlinger( 159): version : OpenGL ES 3.1
I/SurfaceFlinger( 159): extensions: GL_EXT_debug_marker GL_ARM_rgba8 GL_ARM_mali_shader_binary GL_OES_depth24 GL_OES_depth_texture GL_OES_depth_texture_cube_map GL_OES_packed_depth_stencil GL_OES_rgb8_rgba8 GL_EXT_read_format_bgra GL_OES_compressed_paletted_texture GL_OES_compressed_ETC1_RGB8_texture GL_OES_standard_derivatives GL_OES_EGL_image GL_OES_EGL_image_external GL_OES_EGL_sync GL_OES_texture_npot GL_OES_vertex_half_float GL_OES_required_internalformat GL_OES_vertex_array_object GL_OES_mapbuffer GL_EXT_texture_format_BGRA8888 GL_EXT_texture_rg GL_EXT_texture_type_2_10_10_10_REV GL_OES_fbo_render_mipmap GL_OES_element_index_uint GL_EXT_shadow_samplers GL_OES_texture_compression_astc GL_KHR_texture_compression_astc_ldr GL_KHR_texture_compression_astc_hdr GL_KHR_debug GL_EXT_occlusion_query_boolean GL_EXT_disjoint_timer_query GL_EXT_blend_minmax GL_EXT_discard_framebuffer GL_OES_get_program_binary GL_OES_texture_3D GL_EXT_texture_storage GL_EXT_multisampled_render_to_texture GL_OES_surfaceless_context GL_OES_texture_stencil8 G
I/SurfaceFlinger( 159): GL_MAX_TEXTURE_SIZE = 8192
I/SurfaceFlinger( 159): GL_MAX_VIEWPORT_DIMS = 8192
D/mali_winsys( 159): new_window_surface returns 0x3000
D/SurfaceFlinger( 159): Set power mode=2, type=0 flinger=0xb6482000
D/hwcomposer( 159): hwc_blank dpy[0],blank[0]
D/MDnsDS ( 161): MDnsSdListener::Hander starting up
D/MDnsDS ( 161): MDnsSdListener starting to monitor
D/MDnsDS ( 161): Going to poll with pollCount 1
I/BootAnimation( 399): boot_animation_process start, built at '13:53:53', on 'Aug 13 2015'.
D/BootAnimation( 399): DISPLAY,W-H: 2048-1536, ori: 0
D/libEGL ( 399): loaded /vendor/lib/egl/libGLES_mali.so
W/BootAnimation( 436): type=1400 audit(0.0:5): avc: denied { write } for name="property_service" dev="tmpfs" ino=2320 scontext=u:r:bootanim:s0 tcontext=u:object_r:property_socket:s0 tclass=sock_file permissive=0
I/mali_so ( 399): [File] : hardware/arm/maliT760/driver/product/base/src/mali_base_kbase.c; [Line] : 899; [Func] : base_context_deal_with_version_affairs_rk_ext;
I/mali_so ( 399): arm_release_ver of this mali_so is 'r5p0-06rel0', rk_so_ver is '5@0', built at '16:39:14', on 'Mar 5 2015'.
I/mali_so ( 399): [File] : hardware/arm/maliT760/driver/product/base/src/mali_base_kbase.c; [Line] : 929; [Func] : base_context_deal_with_version_affairs_rk_ext;
I/mali_so ( 399): arm_release_vers are match. to set the full mali_ver 'r5p0-06rel0-12-5@0' as value of 'sys.gmali.version'.
I/gralloc ( 159): [File] : hardware/rockchip/libgralloc/gralloc_module.cpp; [Line] : 63; [Func] : gralloc_device_open;
I/gralloc ( 159): to open device 'gpu0' in gralloc_module with ver '1.0.1', built at '09:11:13', on 'May 8 2015'.
D/gralloc ( 159): gralloc_device_open new neiw fd=28
D/gralloc ( 159): g_MMU_stat=0
D/mali_winsys( 399): new_window_surface returns 0x3000
D/MaliGPU ( 399): #00 pc 004bfdd0 /system/vendor/lib/egl/libGLES_mali.so
D/MaliGPU ( 399): #01 pc 0049a56c /system/vendor/lib/egl/libGLES_mali.so
D/MaliGPU ( 399): #02 pc 00484284 /system/vendor/lib/egl/libGLES_mali.so (glFrustumf+88)
D/MaliGPU ( 399): #03 pc 00004111 /system/bin/bootanimation
D/MaliGPU ( 399): #04 pc 0000567b /system/bin/bootanimation
D/MaliGPU ( 399): #05 pc 000104d5 /system/lib/libutils.so (android::Thread::_threadLoop(void*)+112)
D/MaliGPU ( 399): #06 pc 00010045 /system/lib/libutils.so
D/MaliGPU ( 399): #07 pc 00016fd7 /system/lib/libc.so (__pthread_start(void*)+30)
D/MaliGPU ( 399): #08 pc 00014f1b /system/lib/libc.so (__start_thread+6)
I/ServiceManager( 165): Waiting for service batterystats...
I/auditd ( 201): type=1403 audit(0.0:6): policy loaded auid=4294967295 ses=4294967295
D/SurfaceFlinger( 159): shader cache generated - 24 shaders in 211.380753 ms
I/SELinux ( 157): avc: received policyload notice (seqno=2)
I/auditd ( 201): type=1403 audit(0.0:7): policy loaded auid=4294967295 ses=4294967295
I/SELinux ( 157): avc: received policyload notice (seqno=3)
D/AndroidRuntime( 171): >>>>>> START com.android.internal.os.ZygoteInit uid 0 <<<<<<
D/AndroidRuntime( 171): CheckJNI is OFF
I/AndroidRuntime( 171): JNI options: '-Xjniopts:warnonly'
I/art ( 171): option[0]=-Xzygote
I/art ( 171): option[1]=-Xstacktracefile:/data/anr/traces.txt
I/art ( 171): option[2]=-Xjniopts:warnonly
I/art ( 171): option[3]=exit
I/art ( 171): option[4]=vfprintf
I/art ( 171): option[5]=sensitiveThread
I/art ( 171): option[6]=-verbose:gc
I/art ( 171): option[7]=-Xms16m
I/art ( 171): option[8]=-Xmx512m
I/art ( 171): option[9]=-XX:mainThreadStackSize=24K
I/art ( 171): option[10]=-XX:HeapGrowthLimit=192m
I/art ( 171): option[11]=-XX:HeapMinFree=512k
I/art ( 171): option[12]=-XX:HeapMaxFree=8m
I/art ( 171): option[13]=-XX:HeapTargetUtilization=0.75
I/art ( 171): option[14]=-Xgenregmap
I/art ( 171): option[15]=-Xgc:precise
I/art ( 171): option[16]=-agentlib:jdwp=transport=dt_android_adb,suspend=n,server=y
I/art ( 171): option[17]=-Ximage-compiler-option
I/art ( 171): option[18]=--runtime-arg
I/art ( 171): option[19]=-Ximage-compiler-option
I/art ( 171): option[20]=-Xms64m
I/art ( 171): option[21]=-Ximage-compiler-option
I/art ( 171): option[22]=--runtime-arg
I/art ( 171): option[23]=-Ximage-compiler-option
I/art ( 171): option[24]=-Xmx64m
I/art ( 171): option[25]=-Ximage-compiler-option
I/art ( 171): option[26]=--image-classes=/system/etc/preloaded-classes
I/art ( 171): option[27]=-Xcompiler-option
I/art ( 171): option[28]=--runtime-arg
I/art ( 171): option[29]=-Xcompiler-option
I/art ( 171): option[30]=-Xms64m
I/art ( 171): option[31]=-Xcompiler-option
I/art ( 171): option[32]=--runtime-arg
I/art ( 171): option[33]=-Xcompiler-option
I/art ( 171): option[34]=-Xmx512m
I/art ( 171): option[35]=-Duser.language=en
I/art ( 171): option[36]=-Duser.region=US
I/ServiceManager( 165): Waiting for service batterystats...
I/ServiceManager( 165): Waiting for service batterystats...
E/memtrack( 171): Couldn't load memtrack module (No such file or directory)
E/android.os.Debug( 171): failed to load memtrack module: -2
I/SamplingProfilerIntegration( 171): Profiling disabled.
I/art ( 171): Explicit concurrent mark sweep GC freed 794(35KB) AllocSpace objects, 0(0B) LOS objects, 95% free, 44KB/1068KB, paused 134us total 95.858ms
I/art ( 171): Explicit concurrent mark sweep GC freed 5(160B) AllocSpace objects, 0(0B) LOS objects, 95% free, 44KB/1068KB, paused 123us total 2.018ms
I/art ( 171): Explicit concurrent mark sweep GC freed 5(160B) AllocSpace objects, 0(0B) LOS objects, 95% free, 44KB/1068KB, paused 120us total 1.986ms
I/Zygote ( 171): System server process 480 has been created
I/Zygote ( 171): Accepting command socket connections
D/Zygote ( 171): begin preload
I/Zygote ( 171): Preloading classes...
I/art ( 171): Explicit concurrent mark sweep GC freed 683(29KB) AllocSpace objects, 0(0B) LOS objects, 99% free, 8KB/1032KB, paused 134us total 2.517ms
I/art ( 171): Counter: 1
I/art ( 171): Explicit concurrent mark sweep GC freed 525(32KB) AllocSpace objects, 0(0B) LOS objects, 97% free, 30KB/1054KB, paused 128us total 3.585ms
I/art ( 171): Explicit concurrent mark sweep GC freed 650(41KB) AllocSpace objects, 0(0B) LOS objects, 96% free, 37KB/1061KB, paused 128us total 4.340ms
I/InstallerConnection( 480): disconnecting...
I/ServiceManager( 165): Waiting for service batterystats...
I/art ( 171): Explicit concurrent mark sweep GC freed 381(22KB) AllocSpace objects, 0(0B) LOS objects, 93% free, 68KB/1092KB, paused 133us total 3.327ms
I/SystemServer( 480): Entered the Android system server!
V/Fingerprint-JNI( 480): FingerprintManager JNI ready.
D/SensorService( 480): nuSensorService starting...
V/Sensors ( 480): int open_sensors(const hw_module_t*, const char*, hw_device_t**)
V/Sensors ( 480): sensors_poll_context_t::sensors_poll_context_t()
E/Sensors ( 480): could not open the accel irq device node
D/Sensors ( 480): MPLSensor falling back to timerirq for accel data
I/MPL-mlsl( 480): inv_serial_open: /dev/mpu
I/Sensors ( 480): InvenSense MPL v4.1.2 Engineering Aug 13 2015 19:17:29
I/MPL-mldl_cfg_mpu:( 480): inv_mpu_suspend(,,,,7fff) -> 0000
I/MPL-dmp ( 480): Successfully read compass asa
E/MPL-mlsl( 480): Cannot open file "/data/cal.bin" for read
I/MPL-storeload( 480): Calibration data not loaded
E/Sensors ( 480): Could not open or load MPL calibration file (0)
E/Sensors ( 480): could not find AKM partner library libakm8963.so => using InvenSense internals.
I/Sensors ( 480): Loaded symbol 'inv_enable_9x_fusion'
I/Sensors ( 480): Loaded symbol 'inv_disable_9x_fusion'
I/Sensors ( 480): Enabled 9 axis sensor fusion - first time
D/Sensors ( 480): transform_for_pre_rotation 0x00000000 (ROT_0 , IDENTITY )
D/Sensors ( 480): 1.0000 0.0000 0.0000
D/Sensors ( 480): 0.0000 1.0000 0.0000
D/Sensors ( 480): 0.0000 0.0000 1.0000
V/Sensors ( 480): MPLSensor::getFd returning 20
V/Sensors ( 480): MPLSensor::getAccelFd returning -1
V/Sensors ( 480): MPLSensor::getTimerFd returning 21
E/Sensors ( 480): couldn't find 'lightsensor-level' input device
V/Sensors ( 480): MPLSensor::getPowerFd returning 22
V/Sensors ( 480): int poll__activate(sensors_poll_device_t*, int, int)
V/Sensors ( 480): int sensors_poll_context_t::activate(int, int)
V/Sensors ( 480): enable - sensor RotationVector (handle 0) dis -> dis
V/Sensors ( 480): int poll__activate(sensors_poll_device_t*, int, int)
V/Sensors ( 480): int sensors_poll_context_t::activate(int, int)
V/Sensors ( 480): enable - sensor LinearAccel (handle 1) dis -> dis
V/Sensors ( 480): int poll__activate(sensors_poll_device_t*, int, int)
V/Sensors ( 480): int sensors_poll_context_t::activate(int, int)
V/Sensors ( 480): enable - sensor Gravity (handle 2) dis -> dis
V/Sensors ( 480): int poll__activate(sensors_poll_device_t*, int, int)
V/Sensors ( 480): int sensors_poll_context_t::activate(int, int)
V/Sensors ( 480): enable - sensor Gyro (handle 3) dis -> dis
V/Sensors ( 480): int poll__activate(sensors_poll_device_t*, int, int)
V/Sensors ( 480): int sensors_poll_context_t::activate(int, int)
V/Sensors ( 480): enable - sensor Accelerometer (handle 4) dis -> dis
V/Sensors ( 480): int poll__activate(sensors_poll_device_t*, int, int)
V/Sensors ( 480): int sensors_poll_context_t::activate(int, int)
V/Sensors ( 480): enable - sensor MagneticField (handle 5) dis -> dis
V/Sensors ( 480): int poll__activate(sensors_poll_device_t*, int, int)
V/Sensors ( 480): int sensors_poll_context_t::activate(int, int)
V/Sensors ( 480): enable - sensor Orientation (handle 6) dis -> dis
V/Sensors ( 480): int poll__activate(sensors_poll_device_t*, int, int)
V/Sensors ( 480): int sensors_poll_context_t::activate(int, int)
D/SensorService( 480): new thread SensorEventAckReceiver
D/SensorService( 480): nuSensorService thread starting...
E/Minikin ( 171): addFont failed to create font /system/fonts/NotoSansGujarati-Regular.ttf
E/Minikin ( 171): addFont failed to create font /system/fonts/NotoSansGujarati-Bold.ttf
E/Minikin ( 171): addFont failed to create font /system/fonts/NotoSansGujaratiUI-Regular.ttf
E/Minikin ( 171): addFont failed to create font /system/fonts/NotoSansGujaratiUI-Bold.ttf
E/Minikin ( 171): addFont failed to create font /system/fonts/NotoSansGurmukhi-Regular.ttf
E/Minikin ( 171): addFont failed to create font /system/fonts/NotoSansGurmukhi-Bold.ttf
E/Minikin ( 171): addFont failed to create font /system/fonts/NotoSansGurmukhiUI-Regular.ttf
E/Minikin ( 171): addFont failed to create font /system/fonts/NotoSansGurmukhiUI-Bold.ttf
D/idmap ( 501): error: no read access to /vendor/overlay: No such file or directory
I/SystemServiceManager( 480): Starting com.android.server.pm.Installer
I/Installer( 480): Waiting for installd to be ready.
I/InstallerConnection( 480): connecting...
I/installd( 166): new connection
I/SystemServiceManager( 480): Starting com.android.server.am.ActivityManagerService$Lifecycle
I/ActivityManager( 480): Memory class: 192
W/art ( 480): Suspending all threads took: 15.939ms
I/art ( 480): Background sticky concurrent mark sweep GC freed 3738(276KB) AllocSpace objects, 1(16KB) LOS objects, 27% free, 776KB/1068KB, paused 17.343ms total 25.044ms
E/Minikin ( 171): addFont failed to create font /system/fonts/NotoSansSinhala-Regular.ttf
E/Minikin ( 171): addFont failed to create font /system/fonts/NotoSansSinhala-Bold.ttf
E/Minikin ( 171): addFont failed to create font /system/fonts/NotoSansThaana-Regular.ttf
E/Minikin ( 171): addFont failed to create font /system/fonts/NotoSansThaana-Bold.ttf
E/Minikin ( 171): addFont failed to create font /system/fonts/NotoSansCham-Regular.ttf
E/Minikin ( 171): addFont failed to create font /system/fonts/NotoSansCham-Bold.ttf
E/Minikin ( 171): addFont failed to create font /system/fonts/NotoSansBalinese-Regular.ttf
E/Minikin ( 171): addFont failed to create font /system/fonts/NotoSansBatak-Regular.ttf
E/Minikin ( 171): addFont failed to create font /system/fonts/NotoSansBuginese-Regular.ttf
E/Minikin ( 171): addFont failed to create font /system/fonts/NotoSansBuhid-Regular.ttf
E/Minikin ( 171): addFont failed to create font /system/fonts/NotoSansCanadianAboriginal-Regular.ttf
E/Minikin ( 171): addFont failed to create font /system/fonts/NotoSansCherokee-Regular.ttf
E/Minikin ( 171): addFont failed to create font /system/fonts/NotoSansCoptic-Regular.ttf
E/Minikin ( 171): addFont failed to create font /system/fonts/NotoSansGlagolitic-Regular.ttf
E/Minikin ( 171): addFont failed to create font /system/fonts/NotoSansHanunoo-Regular.ttf
E/Minikin ( 171): addFont failed to create font /system/fonts/NotoSansJavanese-Regular.ttf
E/Minikin ( 171): addFont failed to create font /system/fonts/NotoSansKayahLi-Regular.ttf
E/Minikin ( 171): addFont failed to create font /system/fonts/NotoSansLepcha-Regular.ttf
E/Minikin ( 171): addFont failed to create font /system/fonts/NotoSansLimbu-Regular.ttf
E/Minikin ( 171): addFont failed to create font /system/fonts/NotoSansMeeteiMayek-Regular.ttf
E/Minikin ( 171): addFont failed to create font /system/fonts/NotoSansOlChiki-Regular.ttf
E/Minikin ( 171): addFont failed to create font /system/fonts/NotoSansRejang-Regular.ttf
E/Minikin ( 171): addFont failed to create font /system/fonts/NotoSansSaurashtra-Regular.ttf
E/Minikin ( 171): addFont failed to create font /system/fonts/NotoSansSundanese-Regular.ttf
E/Minikin ( 171): addFont failed to create font /system/fonts/NotoSansSylotiNagri-Regular.ttf
E/Minikin ( 171): addFont failed to create font /system/fonts/NotoSansTagbanwa-Regular.ttf
E/Minikin ( 171): addFont failed to create font /system/fonts/NotoSansTaiTham-Regular.ttf
E/Minikin ( 171): addFont failed to create font /system/fonts/NotoSansTaiViet-Regular.ttf
E/Minikin ( 171): addFont failed to create font /system/fonts/NotoSansTifinagh-Regular.ttf
E/Minikin ( 171): addFont failed to create font /system/fonts/NotoSansYi-Regular.ttf
E/Minikin ( 171): addFont failed to create font /system/fonts/Lohit-Odia.ttf
E/Minikin ( 171): addFont failed to create font /system/fonts/NotoSansHans-Regular.otf
E/Minikin ( 171): addFont failed to create font /system/fonts/NotoSansHant-Regular.otf
E/Minikin ( 171): addFont failed to create font /system/fonts/NotoSansJP-Regular.otf
E/Minikin ( 171): addFont failed to create font /system/fonts/NotoSansKR-Regular.otf
I/CameraService( 165): CameraService started (pid=165)
I/IntentFirewall( 480): Read new rules (A:0 B:0 S:0)
W/linker ( 165): librkswscale.so has text relocations. This is wasting memory and prevents security hardening. Please fix.
I/CameraService( 165): Loaded "RK29_ICS_CameraHal_Module" camera module
D/CameraHal( 165): createInstance(817): open xml file(/etc/cam_board.xml) success
E/CameraHal( 165): cam_board.xml version(v0.0.0) != xml parser version(v0.13.0)
D/CameraHal( 165):
D/CameraHal( 165):
D/CameraHal( 165):
D/CameraHal( 165): Cam_board.xml Version Check:
D/CameraHal( 165): /etc/cam_board.xml : v0.0xd.0
D/CameraHal( 165): CameraHal_board_xml_parser: v0.13.0
D/CameraHal( 165): ParserSensorInfo(46): SensorName(OV8825)
D/CameraHal( 165): ParserSensorInfo(51): SensorDevID(CAMSYS_DEVID_SENSOR_1B)
D/CameraHal( 165): ParserSensorInfo(62): SensorDevID(33554432)
D/CameraHal( 165): ParserSensorInfo(64): SensorHostDevID(CAMSYS_DEVID_MARVIN)
D/CameraHal( 165): ParserSensorInfo(79): Sensori2cBusNum(3)
D/CameraHal( 165): ParserSensorInfo(82): SensorI2cAddrByte(2)
D/CameraHal( 165): ParserSensorInfo(85): SensorI2cRate(100000)
D/CameraHal( 165): ParserSensorInfo(88): SensorMclk(24000000)
D/CameraHal( 165): ParserSensorInfo(91): SensorAvdd(NC) min(0) max(0)
D/CameraHal( 165): ParserSensorInfo(96): SensorDovdd(NC) min(18000000) max(18000000)
D/CameraHal( 165): ParserSensorInfo(101): SensorDvdd(NC) min(0) max(0)
D/CameraHal( 165): ParserSensorInfo(106): SensorGpioPwdn(RK30_PIN2_PB7) active(0)
D/CameraHal( 165): ParserSensorInfo(110): SensorGpioRst(NC) active(0)
D/CameraHal( 165): ParserSensorInfo(114): SensorGpioPwen(RK30_PIN0_PC1) active(1)
D/CameraHal( 165): ParserSensorInfo(118): SensorFacing(back)
D/CameraHal( 165): ParserSensorInfo(127): SensorInterface(MIPI)
D/CameraHal( 165): ParserSensorInfo(140): SensorMirrorFlip(0)
D/CameraHal( 165): ParserSensorInfo(146): SensorOrientation(0)
D/CameraHal( 165): ParserSensorInfo(143): SensorPowerupSequence(1234)
D/CameraHal( 165): ParserSensorInfo(240): SensorFovParemeter fov_h(60.0)(60.000000) fov_v(60.0)(60.000000)
D/CameraHal( 165): ParserSensorInfo(243): SensorAWB_Frame_Skip fps(15)
D/CameraHal( 165): ParserSensorInfo(214): SensorPhy: MIPI lane: 2 phyindex: 1 fmt: 0x2b
D/CameraHal( 165): ParserVCMInfo(255): VCMDrvName(BuiltInSensor)
D/CameraHal( 165): ParserVCMInfo(258): VCMName(NC)
D/CameraHal( 165): ParserVCMInfo(261): VCMI2cBusNum(3)
D/CameraHal( 165): ParserVCMInfo(264): VCMI2cAddrByte(0)
D/CameraHal( 165): ParserVCMInfo(267): VCMI2cRate(0)
D/CameraHal( 165): ParserVCMInfo(278): VCMVdd(NC) min(0) max(0)
D/CameraHal( 165): ParserVCMInfo(270): VCMGpioPwdn(NC) active(0)
D/CameraHal( 165): ParserVCMInfo(274): VCMGpioPower(NC) active(0)
D/CameraHal( 165): ParserVCMInfo(294): start current(20) rated current(80) vcm max(100) step mode(13) drv max(100)
D/CameraHal( 165): ParserFlashInfo(308): FlashName(Internal)
D/CameraHal( 165): ParserFlashInfo(311): FlashI2cBusNum(0)
D/CameraHal( 165): ParserFlashInfo(314): FlashI2cAddrByte(0)
D/CameraHal( 165): ParserFlashInfo(317): FlashI2cRate(0)
D/CameraHal( 165): ParserFlashInfo(320): FlashTrigger(NC) active(0)
D/CameraHal( 165): ParserFlashInfo(324): FlashEn(NC) active(0)
D/CameraHal( 165): ParserFlashInfo(331): FlashLuminance(0)
D/CameraHal( 165): ParserFlashInfo(334): FlashColorTemp(0)
D/CameraHal( 165): StartElementHandler(760): HDR(1)!
D/CameraHal( 165): StartElementHandler(764): ZSL(1)!
D/CameraHal( 165): StartElementHandler(768): zoom(1)!
D/CameraHal( 165): StartElementHandler(796): Continue_SnapShot(1)!
D/CameraHal( 165): StartElementHandler(799): InterpolationRes(0)!
D/CameraHal( 165): StartElementHandler(790): PreviewSize(1920x1080)!
D/CameraHal( 165): StartElementHandler(786): face detect config(0),max face num is (1)!
D/CameraHal( 165): ParserDVConfig(601): DV_QCIF(qcif) resolution(176x144) fps(10) support(1)
D/CameraHal( 165): ParserDVConfig(613): DV_QVGA(qvga) resolution(320x240) fps(10) support(1)
D/CameraHal( 165): ParserDVConfig(625): DV_CIF(cif) resolution(352x288) fps(10) support(1)
D/CameraHal( 165): ParserDVConfig(637): DV_VGA(480p) resolution(640x480) fps(10) support(0)
D/CameraHal( 165): ParserDVConfig(649): DV_480P(480p) resolution(720x480) fps(10) support(0)
D/CameraHal( 165): ParserDVConfig(673): DV_720P(720p) resolution(1280x720) fps(10) support(1)
D/CameraHal( 165): ParserDVConfig(685): DV_1080P(1080p) resolution(1920x1080) fps(10) support(1)
D/CameraHal( 165): ParserSensorInfo(46): SensorName(OV8858)
D/CameraHal( 165): ParserSensorInfo(49): lensName(LG-9569A2)
D/CameraHal( 165): ParserSensorInfo(51): SensorDevID(CAMSYS_DEVID_SENSOR_1B)
D/CameraHal( 165): ParserSensorInfo(62): SensorDevID(33554432)
D/CameraHal( 165): ParserSensorInfo(64): SensorHostDevID(CAMSYS_DEVID_MARVIN)
D/CameraHal( 165): ParserSensorInfo(79): Sensori2cBusNum(3)
D/CameraHal( 165): ParserSensorInfo(82): SensorI2cAddrByte(2)
D/CameraHal( 165): ParserSensorInfo(85): SensorI2cRate(100000)
D/CameraHal( 165): ParserSensorInfo(88): SensorMclk(24000000)
D/CameraHal( 165): ParserSensorInfo(91): SensorAvdd(NC) min(0) max(0)
D/CameraHal( 165): ParserSensorInfo(96): SensorDovdd(NC) min(18000000) max(18000000)
D/CameraHal( 165): ParserSensorInfo(101): SensorDvdd(NC) min(0) max(0)
D/CameraHal( 165): ParserSensorInfo(106): SensorGpioPwdn(RK30_PIN2_PB7) active(0)
D/CameraHal( 165): ParserSensorInfo(110): SensorGpioRst(NC) active(0)
D/CameraHal( 165): ParserSensorInfo(114): SensorGpioPwen(RK30_PIN0_PC1) active(1)
D/CameraHal( 165): ParserSensorInfo(118): SensorFacing(back)
D/CameraHal( 165): ParserSensorInfo(127): SensorInterface(MIPI)
D/CameraHal( 165): ParserSensorInfo(140): SensorMirrorFlip(0)
D/CameraHal( 165): ParserSensorInfo(146): SensorOrientation(0)
D/CameraHal( 165): ParserSensorInfo(143): SensorPowerupSequence(1234)
D/CameraHal( 165): ParserSensorInfo(240): SensorFovParemeter fov_h(60.0)(60.000000) fov_v(60.0)(60.000000)
D/CameraHal( 165): ParserSensorInfo(243): SensorAWB_Frame_Skip fps(15)
D/CameraHal( 165): ParserSensorInfo(214): SensorPhy: MIPI lane: 2 phyindex: 1 fmt: 0x2b
D/CameraHal( 165): ParserVCMInfo(255): VCMDrvName(BuiltInSensor)
D/CameraHal( 165): ParserVCMInfo(258): VCMName(NC)
D/CameraHal( 165): ParserVCMInfo(261): VCMI2cBusNum(3)
D/CameraHal( 165): ParserVCMInfo(264): VCMI2cAddrByte(0)
D/CameraHal( 165): ParserVCMInfo(267): VCMI2cRate(0)
D/CameraHal( 165): ParserVCMInfo(278): VCMVdd(NC) min(0) max(0)
D/CameraHal( 165): ParserVCMInfo(270): VCMGpioPwdn(NC) active(0)
D/CameraHal( 165): ParserVCMInfo(274): VCMGpioPower(NC) active(0)
D/CameraHal( 165): ParserVCMInfo(294): start current(0) rated current(100) vcm max(100) step mode(4) drv max(100)
D/CameraHal( 165): ParserFlashInfo(308): FlashName(Internal)
D/CameraHal( 165): ParserFlashInfo(311): FlashI2cBusNum(0)
D/CameraHal( 165): ParserFlashInfo(314): FlashI2cAddrByte(0)
D/CameraHal( 165): ParserFlashInfo(317): FlashI2cRate(0)
D/CameraHal( 165): ParserFlashInfo(320): FlashTrigger(NC) active(0)
D/CameraHal( 165): ParserFlashInfo(324): FlashEn(NC) active(0)
D/CameraHal( 165): ParserFlashInfo(331): FlashLuminance(0)
D/CameraHal( 165): ParserFlashInfo(334): FlashColorTemp(0)
D/CameraHal( 165): StartElementHandler(760): HDR(1)!
D/CameraHal( 165): StartElementHandler(764): ZSL(1)!
D/CameraHal( 165): StartElementHandler(768): zoom(1)!
D/CameraHal( 165): StartElementHandler(796): Continue_SnapShot(1)!
D/CameraHal( 165): StartElementHandler(799): InterpolationRes(0)!
D/CameraHal( 165): StartElementHandler(790): PreviewSize(0x0)!
D/CameraHal( 165): StartElementHandler(786): face detect config(0),max face num is (1)!
D/CameraHal( 165): StartElementHandler(776): cproc support 1(contrast:1.100000,saturation:1.000000,hue:0.000000,brightness:0)!
D/CameraHal( 165): StartElementHandler(781): Gammaout support 0(mGamma:1.000000,mOffSet:0)!
D/CameraHal( 165): ParserDVConfig(601): DV_QCIF(qcif) resolution(176x144) fps(10) support(1)
D/CameraHal( 165): ParserDVConfig(613): DV_QVGA(qvga) resolution(320x240) fps(10) support(1)
D/CameraHal( 165): ParserDVConfig(625): DV_CIF(cif) resolution(352x288) fps(10) support(1)
D/CameraHal( 165): ParserDVConfig(637): DV_VGA(480p) resolution(640x480) fps(10) support(0)
D/CameraHal( 165): ParserDVConfig(649): DV_480P(480p) resolution(720x480) fps(10) support(0)
D/CameraHal( 165): ParserDVConfig(673): DV_720P(720p) resolution(1280x720) fps(10) support(1)
D/CameraHal( 165): ParserDVConfig(685): DV_1080P(1080p) resolution(1920x1080) fps(10) support(1)
D/CameraHal( 165): ParserSensorInfo(46): SensorName(OV13850)
D/CameraHal( 165): ParserSensorInfo(51): SensorDevID(CAMSYS_DEVID_SENSOR_1B)
D/CameraHal( 165): ParserSensorInfo(62): SensorDevID(33554432)
D/CameraHal( 165): ParserSensorInfo(64): SensorHostDevID(CAMSYS_DEVID_MARVIN)
D/CameraHal( 165): ParserSensorInfo(79): Sensori2cBusNum(3)
D/CameraHal( 165): ParserSensorInfo(82): SensorI2cAddrByte(2)
D/CameraHal( 165): ParserSensorInfo(85): SensorI2cRate(100000)
D/CameraHal( 165): ParserSensorInfo(88): SensorMclk(24000000)
D/CameraHal( 165): ParserSensorInfo(91): SensorAvdd(NC) min(0) max(0)
D/CameraHal( 165): ParserSensorInfo(96): SensorDovdd(NC) min(18000000) max(18000000)
D/CameraHal( 165): ParserSensorInfo(101): SensorDvdd(NC) min(0) max(0)
D/CameraHal( 165): ParserSensorInfo(106): SensorGpioPwdn(RK30_PIN2_PB7) active(0)
D/CameraHal( 165): ParserSensorInfo(110): SensorGpioRst(NC) active(0)
D/CameraHal( 165): ParserSensorInfo(114): SensorGpioPwen(RK30_PIN0_PC1) active(1)
D/CameraHal( 165): ParserSensorInfo(118): SensorFacing(back)
D/CameraHal( 165): ParserSensorInfo(127): SensorInterface(MIPI)
D/CameraHal( 165): ParserSensorInfo(140): SensorMirrorFlip(0)
D/CameraHal( 165): ParserSensorInfo(146): SensorOrientation(0)
D/CameraHal( 165): ParserSensorInfo(143): SensorPowerupSequence(1234)
D/CameraHal( 165): ParserSensorInfo(240): SensorFovParemeter fov_h(60.0)(60.000000) fov_v(60.0)(60.000000)
D/CameraHal( 165): ParserSensorInfo(243): SensorAWB_Frame_Skip fps(15)
D/CameraHal( 165): ParserSensorInfo(214): SensorPhy: MIPI lane: 2 phyindex: 1 fmt: 0x2b
D/CameraHal( 165): ParserVCMInfo(255): VCMDrvName(BuiltInSensor)
D/CameraHal( 165): ParserVCMInfo(258): VCMName(NC)
D/CameraHal( 165): ParserVCMInfo(261): VCMI2cBusNum(3)
D/CameraHal( 165): ParserVCMInfo(264): VCMI2cAddrByte(0)
D/CameraHal( 165): ParserVCMInfo(267): VCMI2cRate(0)
D/CameraHal( 165): ParserVCMInfo(278): VCMVdd(NC) min(0) max(0)
D/CameraHal( 165): ParserVCMInfo(270): VCMGpioPwdn(NC) active(0)
D/CameraHal( 165): ParserVCMInfo(274): VCMGpioPower(NC) active(0)
D/CameraHal( 165): ParserVCMInfo(294): start current(20) rated current(80) vcm max(100) step mode(13) drv max(100)
D/CameraHal( 165): ParserFlashInfo(308): FlashName(Internal)
D/CameraHal( 165): ParserFlashInfo(311): FlashI2cBusNum(0)
D/CameraHal( 165): ParserFlashInfo(314): FlashI2cAddrByte(0)
D/CameraHal( 165): ParserFlashInfo(317): FlashI2cRate(0)
D/CameraHal( 165): ParserFlashInfo(320): FlashTrigger(NC) active(0)
D/CameraHal( 165): ParserFlashInfo(324): FlashEn(NC) active(0)
D/CameraHal( 165): ParserFlashInfo(331): FlashLuminance(0)
D/CameraHal( 165): ParserFlashInfo(334): FlashColorTemp(0)
D/CameraHal( 165): StartElementHandler(760): HDR(1)!
D/CameraHal( 165): StartElementHandler(764): ZSL(1)!
D/CameraHal( 165): StartElementHandler(768): zoom(1)!
D/CameraHal( 165): StartElementHandler(796): Continue_SnapShot(1)!
D/CameraHal( 165): StartElementHandler(799): InterpolationRes(0)!
D/CameraHal( 165): StartElementHandler(790): PreviewSize(0x0)!
D/CameraHal( 165): StartElementHandler(786): face detect config(0),max face num is (0)!
D/CameraHal( 165): ParserDVConfig(601): DV_QCIF(qcif) resolution(176x144) fps(10) support(1)
D/CameraHal( 165): ParserDVConfig(613): DV_QVGA(qvga) resolution(320x240) fps(10) support(1)
D/CameraHal( 165): ParserDVConfig(625): DV_CIF(cif) resolution(352x288) fps(10) support(1)
D/CameraHal( 165): ParserDVConfig(637): DV_VGA(480p) resolution(640x480) fps(10) support(0)
D/CameraHal( 165): ParserDVConfig(649): DV_480P(480p) resolution(720x480) fps(10) support(0)
D/CameraHal( 165): ParserDVConfig(673): DV_720P(720p) resolution(1280x720) fps(10) support(1)
D/CameraHal( 165): ParserDVConfig(685): DV_1080P(1080p) resolution(1920x1080) fps(10) support(1)
D/CameraHal( 165): ParserSensorInfo(46): SensorName(OV5648)
D/CameraHal( 165): ParserSensorInfo(49): lensName(CHT-842B-MD)
D/CameraHal( 165): ParserSensorInfo(51): SensorDevID(CAMSYS_DEVID_SENSOR_1B)
D/CameraHal( 165): ParserSensorInfo(62): SensorDevID(33554432)
D/CameraHal( 165): ParserSensorInfo(64): SensorHostDevID(CAMSYS_DEVID_MARVIN)
D/CameraHal( 165): ParserSensorInfo(79): Sensori2cBusNum(3)
D/CameraHal( 165): ParserSensorInfo(82): SensorI2cAddrByte(2)
D/CameraHal( 165): ParserSensorInfo(85): SensorI2cRate(100000)
D/CameraHal( 165): ParserSensorInfo(88): SensorMclk(24000000)
D/CameraHal( 165): ParserSensorInfo(91): SensorAvdd(NC) min(0) max(0)
D/CameraHal( 165): ParserSensorInfo(96): SensorDovdd(NC) min(18000000) max(18000000)
D/CameraHal( 165): ParserSensorInfo(101): SensorDvdd(NC) min(0) max(0)
D/CameraHal( 165): ParserSensorInfo(106): SensorGpioPwdn(RK30_PIN2_PB7) active(0)
D/CameraHal( 165): ParserSensorInfo(110): SensorGpioRst(NC) active(0)
D/CameraHal( 165): ParserSensorInfo(114): SensorGpioPwen(RK30_PIN0_PC1) active(1)
D/CameraHal( 165): ParserSensorInfo(118): SensorFacing(back)
D/CameraHal( 165): ParserSensorInfo(127): SensorInterface(MIPI)
D/CameraHal( 165): ParserSensorInfo(140): SensorMirrorFlip(0)
D/CameraHal( 165): ParserSensorInfo(146): SensorOrientation(0)
D/CameraHal( 165): ParserSensorInfo(143): SensorPowerupSequence(1234)
D/CameraHal( 165): ParserSensorInfo(240): SensorFovParemeter fov_h(60.0)(60.000000) fov_v(60.0)(60.000000)
D/CameraHal( 165): ParserSensorInfo(243): SensorAWB_Frame_Skip fps(15)
D/CameraHal( 165): ParserSensorInfo(214): SensorPhy: MIPI lane: 2 phyindex: 1 fmt: 0x2b
D/CameraHal( 165): ParserVCMInfo(255): VCMDrvName(BuiltInSensor)
D/CameraHal( 165): ParserVCMInfo(258): VCMName(NC)
D/CameraHal( 165): ParserVCMInfo(261): VCMI2cBusNum(3)
D/CameraHal( 165): ParserVCMInfo(264): VCMI2cAddrByte(0)
D/CameraHal( 165): ParserVCMInfo(267): VCMI2cRate(0)
D/CameraHal( 165): ParserVCMInfo(278): VCMVdd(NC) min(0) max(0)
D/CameraHal( 165): ParserVCMInfo(270): VCMGpioPwdn(NC) active(0)
D/CameraHal( 165): ParserVCMInfo(274): VCMGpioPower(NC) active(0)
D/CameraHal( 165): ParserVCMInfo(294): start current(0) rated current(100) vcm max(100) step mode(4) drv max(100)
D/CameraHal( 165): ParserFlashInfo(308): FlashName(Internal)
D/CameraHal( 165): ParserFlashInfo(311): FlashI2cBusNum(0)
D/CameraHal( 165): ParserFlashInfo(314): FlashI2cAddrByte(0)
D/CameraHal( 165): ParserFlashInfo(317): FlashI2cRate(0)
D/CameraHal( 165): ParserFlashInfo(320): FlashTrigger(NC) active(0)
D/CameraHal( 165): ParserFlashInfo(324): FlashEn(NC) active(0)
D/CameraHal( 165): ParserFlashInfo(331): FlashLuminance(0)
D/CameraHal( 165): ParserFlashInfo(334): FlashColorTemp(0)
D/CameraHal( 165): StartElementHandler(760): HDR(1)!
D/CameraHal( 165): StartElementHandler(764): ZSL(1)!
D/CameraHal( 165): StartElementHandler(768): zoom(1)!
D/CameraHal( 165): StartElementHandler(796): Continue_SnapShot(1)!
D/CameraHal( 165): StartElementHandler(799): InterpolationRes(0)!
D/CameraHal( 165): StartElementHandler(790): PreviewSize(0x0)!
D/CameraHal( 165): StartElementHandler(786): face detect config(0),max face num is (1)!
D/CameraHal( 165): StartElementHandler(776): cproc support 1(contrast:1.100000,saturation:1.000000,hue:0.000000,brightness:0)!
D/CameraHal( 165): ParserDVConfig(601): DV_QCIF(qcif) resolution(176x144) fps(10) support(1)
D/CameraHal( 165): ParserDVConfig(613): DV_QVGA(qvga) resolution(320x240) fps(10) support(1)
D/CameraHal( 165): ParserDVConfig(625): DV_CIF(cif) resolution(352x288) fps(10) support(1)
D/CameraHal( 165): ParserDVConfig(637): DV_VGA(480p) resolution(640x480) fps(10) support(0)
D/CameraHal( 165): ParserDVConfig(649): DV_480P(480p) resolution(720x480) fps(10) support(0)
D/CameraHal( 165): ParserDVConfig(673): DV_720P(720p) resolution(1280x720) fps(10) support(1)
D/CameraHal( 165): ParserDVConfig(685): DV_1080P(1080p) resolution(1920x1080) fps(10) support(1)
D/CameraHal( 165): ParserSensorInfo(46): SensorName(OV2659)
D/CameraHal( 165): ParserSensorInfo(51): SensorDevID(CAMSYS_DEVID_SENSOR_1A)
D/CameraHal( 165): ParserSensorInfo(62): SensorDevID(16777216)
D/CameraHal( 165): ParserSensorInfo(64): SensorHostDevID(CAMSYS_DEVID_MARVIN)
D/CameraHal( 165): ParserSensorInfo(79): Sensori2cBusNum(3)
D/CameraHal( 165): ParserSensorInfo(82): SensorI2cAddrByte(2)
D/CameraHal( 165): ParserSensorInfo(85): SensorI2cRate(100000)
D/CameraHal( 165): ParserSensorInfo(88): SensorMclk(24000000)
D/CameraHal( 165): ParserSensorInfo(91): SensorAvdd(NC) min(0) max(0)
D/CameraHal( 165): ParserSensorInfo(96): SensorDovdd(NC) min(18000000) max(18000000)
D/CameraHal( 165): ParserSensorInfo(101): SensorDvdd(NC) min(0) max(0)
D/CameraHal( 165): ParserSensorInfo(106): SensorGpioPwdn(RK30_PIN2_PB6) active(1)
D/CameraHal( 165): ParserSensorInfo(110): SensorGpioRst(NC) active(0)
D/CameraHal( 165): ParserSensorInfo(114): SensorGpioPwen(RK30_PIN0_PC1) active(1)
D/CameraHal( 165): ParserSensorInfo(118): SensorFacing(front)
D/CameraHal( 165): ParserSensorInfo(127): SensorInterface(CCIR601)
D/CameraHal( 165): ParserSensorInfo(140): SensorMirrorFlip(0)
D/CameraHal( 165): ParserSensorInfo(146): SensorOrientation(0)
D/CameraHal( 165): ParserSensorInfo(143): SensorPowerupSequence(1234)
D/CameraHal( 165): ParserSensorInfo(240): SensorFovParemeter fov_h(60.0)(60.000000) fov_v(60.0)(60.000000)
D/CameraHal( 165): ParserSensorInfo(243): SensorAWB_Frame_Skip fps(15)
D/CameraHal( 165): ParserSensorInfo(230): SensorPhy: CIF sensor_d0_to_cif_d: 0 cifnum: 0 fmt: 0x2b
D/CameraHal( 165): ParserVCMInfo(255): VCMDrvName(NC)
D/CameraHal( 165): ParserVCMInfo(258): VCMName(NC)
D/CameraHal( 165): ParserVCMInfo(261): VCMI2cBusNum(0)
D/CameraHal( 165): ParserVCMInfo(264): VCMI2cAddrByte(0)
D/CameraHal( 165): ParserVCMInfo(267): VCMI2cRate(0)
D/CameraHal( 165): ParserVCMInfo(278): VCMVdd(NC) min(0) max(0)
D/CameraHal( 165): ParserVCMInfo(270): VCMGpioPwdn(NC) active(0)
D/CameraHal( 165): ParserVCMInfo(274): VCMGpioPower(NC) active(0)
D/CameraHal( 165): ParserVCMInfo(294): start current(20) rated current(80) vcm max(100) step mode(13) drv max(100)
D/CameraHal( 165): ParserFlashInfo(308): FlashName(NC)
D/CameraHal( 165): ParserFlashInfo(311): FlashI2cBusNum(0)
D/CameraHal( 165): ParserFlashInfo(314): FlashI2cAddrByte(0)
D/CameraHal( 165): ParserFlashInfo(317): FlashI2cRate(0)
D/CameraHal( 165): ParserFlashInfo(320): FlashTrigger(NC) active(1)
D/CameraHal( 165): ParserFlashInfo(324): FlashEn(NC) active(1)
D/CameraHal( 165): ParserFlashInfo(331): FlashLuminance(0)
D/CameraHal( 165): ParserFlashInfo(334): FlashColorTemp(0)
D/CameraHal( 165): StartElementHandler(760): HDR(1)!
D/CameraHal( 165): StartElementHandler(764): ZSL(1)!
