I/ActivityManager( 480): Config changes=1df8 {1.0 ?mcc?mnc en_US ?layoutDir sw768dp w1024dp h768dp 320dpi xlrg land ?uimode ?night -touch -keyb/v/h -nav/h s.2}
I/InputReader( 480): Reconfiguring input devices. changes=0x00000004
I/InputReader( 480): Device reconfigured: id=1, name='vtl_ts', size 2048x1536, orientation 0, mode 1, display id 0
I/ActivityManager( 480): Config changes=408 {1.0 ?mcc?mnc en_US ?layoutDir sw768dp w1024dp h695dp 320dpi xlrg land ?uimode ?night finger -keyb/v/h -nav/h s.3}
I/SystemServer( 480): Mount Service
D/MountService( 480): got storage path: /storage/sdcard0 description: Internal storage primary: true removable: true emulated: true mtpReserve: 100 allowMassStorage: false maxFileSize: 0
D/MountService( 480): ---getMaxSupportedUsers,we has UMS,ignore emulated storage---
D/MountService( 480): got storage path: /mnt/internal_sd description: NAND FLASH primary: false removable: true emulated: false mtpReserve: 100 allowMassStorage: true maxFileSize: 0
D/MountService( 480): ---getMaxSupportedUsers,we has UMS,force NAND FLASH to primary storage---
D/MountService( 480): addVolumeLocked() StorageVolume:
D/MountService( 480): mStorageId=0 mPath=/mnt/internal_sd mDescriptionId=17041211 mPrimary=true
D/MountService( 480): mRemovable=true mEmulated=false mMtpReserveSpace=100
D/MountService( 480): mAllowMassStorage=true mMaxFileSize=0 mOwner=null mUuid=null
D/MountService( 480): mUserLabel=null mState=null
D/MountService( 480): got storage path: /mnt/external_sd description: SD card primary: false removable: true emulated: false mtpReserve: 100 allowMassStorage: true maxFileSize: 0
D/MountService( 480): addVolumeLocked() StorageVolume:
D/MountService( 480): mStorageId=0 mPath=/mnt/external_sd mDescriptionId=17040809 mPrimary=false
D/MountService( 480): mRemovable=true mEmulated=false mMtpReserveSpace=100
D/MountService( 480): mAllowMassStorage=true mMaxFileSize=0 mOwner=null mUuid=null
D/MountService( 480): mUserLabel=null mState=null
D/MountService( 480): got storage path: /mnt/usb_storage description: USB storage primary: false removable: true emulated: false mtpReserve: 100 allowMassStorage: false maxFileSize: 0
D/MountService( 480): addVolumeLocked() StorageVolume:
D/MountService( 480): mStorageId=0 mPath=/mnt/usb_storage mDescriptionId=17040810 mPrimary=false
D/MountService( 480): mRemovable=true mEmulated=false mMtpReserveSpace=100
D/MountService( 480): mAllowMassStorage=false mMaxFileSize=0 mOwner=null mUuid=null
D/MountService( 480): mUserLabel=null mState=null
I/SystemServer( 480): LockSettingsService
D/VoldCmdListener( 158): volume list broadcast
D/Vold ( 158): listVolumes :internal_sd /mnt/internal_sd 1
D/Vold ( 158): listVolumes :external_sd /mnt/external_sd 1
D/Vold ( 158): listVolumes :usb_storage /mnt/usb_storage 0
I/MountService( 480): /mnt/internal_sdUpdating valid state unmounted st 1
D/MountService( 480): volume state changed for /mnt/internal_sd (mounted -> unmounted)
I/PackageManager( 480): Updating external media status from unmounted to unmounted
I/MountService( 480): /mnt/external_sdUpdating valid state unmounted st 1
W/MountService( 480): Duplicate state transition (unmounted -> unmounted) for /mnt/external_sd
I/MountService( 480): /mnt/usb_storageUpdating valid state removed st 0
D/MountService( 480): volume state changed for /mnt/usb_storage (unmounted -> removed)
D/VoldCmdListener( 158): cryptfs getfield SystemLocale
I/SystemServiceManager( 480): Starting com.android.server.devicepolicy.DevicePolicyManagerService$Lifecycle
W/MountService( 480): getSecureContainerList() called when storage not mounted
D/VoldCmdListener( 158): asec list
I/PackageManager( 480): No secure containers found
W/PackageManager( 480): Unknown permission com.google.android.googleapps.permission.GOOGLE_AUTH in package com.android.providers.calendar
W/PackageManager( 480): Unknown permission com.google.android.googleapps.permission.GOOGLE_AUTH.cl in package com.android.providers.calendar
W/PackageManager( 480): Not granting permission android.permission.GLOBAL_SEARCH to package com.android.quicksearchbox (protectionLevel=18 flags=0x8be45)
W/PackageManager( 480): Not granting permission android.permission.ACCESS_DOWNLOAD_MANAGER to package com.android.browser (protectionLevel=18 flags=0x9be45)
W/PackageManager( 480): Not granting permission android.permission.SEND_DOWNLOAD_COMPLETED_INTENTS to package com.android.browser (protectionLevel=2 flags=0x9be45)
W/PackageManager( 480): Not granting permission android.permission.BIND_WALLPAPER to package com.android.camera2 (protectionLevel=18 flags=0x58bc45)
W/PackageManager( 480): Unknown permission android.permission.INSTALL_DRM in package com.android.mms
W/PackageManager( 480): Not granting permission android.permission.BIND_APPWIDGET to package com.android.launcher3 (protectionLevel=18 flags=0x583e45)
W/PackageManager( 480): Unknown permission com.android.launcher.permission.READ_SETTINGS in package com.android.launcher3
W/PackageManager( 480): Unknown permission com.android.launcher.permission.WRITE_SETTINGS in package com.android.launcher3
W/PackageManager( 480): Unknown permission com.google.android.googleapps.permission.GOOGLE_AUTH.mail in package com.android.calendar
W/PackageManager( 480): Unknown permission android.Manifest.permission.INJECT_EVENTS in package com.rockchip.devicetest
W/PackageManager( 480): Unknown permission com.android.launcher.permission.READ_SETTINGS in package com.android.onetimeinitializer
W/PackageManager( 480): Unknown permission com.android.launcher.permission.WRITE_SETTINGS in package com.android.onetimeinitializer
I/SystemServer( 480): Status Bar
W/PackageManager( 480): Unknown permission android.permission.READ_MEDIA_STORAGE in package com.android.packageinstaller
W/PackageManager( 480): Not granting permission android.permission.DELETE_PACKAGES to package com.svox.pico (protectionLevel=18 flags=0x8be45)
W/PackageManager( 480): Unknown permission com.google.android.gallery3d.permission.PICASA_STORE in package com.android.dreams.phototable
W/PackageManager( 480): Unknown permission com.google.android.googleapps.permission.GOOGLE_AUTH in package com.android.settings
W/PackageManager( 480): Unknown permission com.android.launcher.permission.READ_SETTINGS in package com.android.settings
W/PackageManager( 480): Unknown permission com.android.launcher.permission.WRITE_SETTINGS in package com.android.settings
W/PackageManager( 480): Not granting permission android.permission.MOUNT_UNMOUNT_FILESYSTEMS to package com.rockchip.mediacenter (protectionLevel=18 flags=0x8be45)
W/PackageManager( 480): Not granting permission android.permission.DEVICE_POWER to package com.rockchip.mediacenter (protectionLevel=2 flags=0x8be45)
W/PackageManager( 480): Unknown permission com.android.email.permission.READ_ATTACHMENT in package com.rockchip.mediacenter
W/PackageManager( 480): Unknown permission com.android.vending.BILLING in package eu.chainfire.supersu
W/PackageManager( 480): Not granting permission android.permission.REBOOT to package eu.chainfire.supersu (protectionLevel=18 flags=0x83e05)
W/PackageManager( 480): Not granting permission android.permission.DEVICE_POWER to package com.android.deskclock (protectionLevel=2 flags=0x48be45)
W/PackageManager( 480): Unknown permission com.android.email.permission.READ_ATTACHMENT in package com.android.exchange
W/PackageManager( 480): Unknown permission com.android.email.permission.ACCESS_PROVIDER in package com.android.exchange
W/PackageManager( 480): Unknown permission com.google.android.gallery3d.permission.GALLERY_PROVIDER in package com.android.bluetooth
W/PackageManager( 480): Unknown permission rockchip.permission.FULL_SCREEN in package android.rk.RockVideoPlayer
W/PackageManager( 480): Unknown permission android.permission.RAISED_THREAD_PRIORITY in package android.rk.RockVideoPlayer
W/PackageManager( 480): Unknown permission android.permission.FULL_SCREEN in package android.rk.RockVideoPlayer
W/PackageManager( 480): Unknown permission archos.permission.FULL_SCREEN in package android.rk.RockVideoPlayer
I/SystemServer( 480): Clipboard Service
I/SystemServer( 480): NetworkManagement Service
I/UsageStatsService( 480): User[0] Rollover scheduled @ 2015-08-15 02:00:00(1439596800000)
I/SystemServer( 480): Text Service Manager Service
W/MountService( 480): getSecureContainerList() called when storage not mounted
D/VoldCmdListener( 158): asec list
I/SystemServer( 480): Network Score Service
I/SystemServer( 480): NetworkStats Service
I/SystemServer( 480): NetworkPolicy Service
I/SystemServiceManager( 480): Starting com.android.server.wifi.p2p.WifiP2pService
I/WifiP2pService( 480): Registering wifip2p
I/SystemServiceManager( 480): Starting com.android.server.wifi.WifiService
E/WifiConfigStore( 480): associatedPartialScanPeriodMilli set to 20000
D/WifiController( 480): isAirplaneModeOn = false, isWifiEnabled = false, isScanningAvailable = false
I/WifiService( 480): Registering wifi
I/SystemServiceManager( 480): Starting com.android.server.wifi.WifiScanningService
I/WifiScanningService( 480): Creating wifiscanner
I/WifiScanningService( 480): Starting wifiscanner
I/SystemServiceManager( 480): Starting com.android.server.wifi.RttService
I/RttService( 480): Creating rttmanager
I/RttService( 480): Starting rttmanager
I/SystemServiceManager( 480): Starting com.android.server.ethernet.EthernetService
I/EthernetServiceImpl( 480): Creating EthernetConfigStore
E/IpConfigStore( 480): Error parsing configuration: java.io.FileNotFoundException: /data/misc/ethernet/ipconfig.txt: open failed: ENOENT (No such file or directory)
W/EthernetConfigStore( 480): No Ethernet configuration found. Using default.
I/EthernetServiceImpl( 480): Read stored IP configuration: IP assignment: DHCP
I/EthernetServiceImpl( 480): Proxy settings: NONE
I/EthernetService( 480): Registering service ethernet
I/SystemServer( 480): PppoeService
I/SystemServiceManager( 480): Starting com.android.server.pppoe.PppoeService
I/PppoeServiceImpl( 480): Creating PppoeServiceImpl
I/PppoeService( 480): Registering service pppoe
E/SELinux ( 157): avc: denied { add } for service=pppoe scontext=u:r:system_server:s0 tcontext=u:object_r:default_android_service:s0 tclass=service_manager
E/ServiceManager( 157): add_service('pppoe',38) uid=1000 - PERMISSION DENIED
W/SystemServer( 480): ***********************************************
F/SystemServer( 480): BOOT FAILURE start PppoeService error
F/SystemServer( 480): java.lang.RuntimeException: Failed to start service com.android.server.pppoe.PppoeService: onStart threw an exception
F/SystemServer( 480): at com.android.server.SystemServiceManager.startService(SystemServiceManager.java:111)
F/SystemServer( 480): at com.android.server.SystemServiceManager.startService(SystemServiceManager.java:65)
F/SystemServer( 480): at com.android.server.SystemServer.startOtherServices(SystemServer.java:699)
F/SystemServer( 480): at com.android.server.SystemServer.run(SystemServer.java:260)
F/SystemServer( 480): at com.android.server.SystemServer.main(SystemServer.java:174)
F/SystemServer( 480): at java.lang.reflect.Method.invoke(Native Method)
F/SystemServer( 480): at java.lang.reflect.Method.invoke(Method.java:372)
F/SystemServer( 480): at com.android.internal.os.ZygoteInit$MethodAndArgsCaller.run(ZygoteInit.java:940)
F/SystemServer( 480): at com.android.internal.os.ZygoteInit.main(ZygoteInit.java:735)
F/SystemServer( 480): Caused by: java.lang.SecurityException
F/SystemServer( 480): at android.os.BinderProxy.transactNative(Native Method)
F/SystemServer( 480): at android.os.BinderProxy.transact(Binder.java:496)
F/SystemServer( 480): at android.os.ServiceManagerProxy.addService(ServiceManagerNative.java:150)
F/SystemServer( 480): at android.os.ServiceManager.addService(ServiceManager.java:89)
F/SystemServer( 480): at com.android.server.SystemService.publishBinderService(SystemService.java:172)
F/SystemServer( 480): at com.android.server.SystemService.publishBinderService(SystemService.java:164)
F/SystemServer( 480): at com.android.server.pppoe.PppoeService.onStart(PppoeService.java:40)
F/SystemServer( 480): at com.android.server.SystemServiceManager.startService(SystemServiceManager.java:109)
F/SystemServer( 480): ... 8 more
I/SystemServer( 480): Connectivity Service
D/ConnectivityService( 480): ConnectivityService starting up
D/ConnectivityService( 480): wifiOnly=false
E/ConnectivityService( 480): Ignoring protectedNetwork 14
I/SystemServer( 480): Network Service Discovery Service
D/NsdService( 480): Network service discovery enabled true
I/SystemServer( 480): UpdateLock Service
I/SystemServiceManager( 480): Starting com.android.server.notification.NotificationManagerService
D/ZenLog ( 480): set_zen_mode: off,setting
I/SystemServiceManager( 480): Starting com.android.server.storage.DeviceStorageMonitorService
I/SystemServer( 480): Location Manager
I/SystemServer( 480): Country Detector
I/SystemServer( 480): Search Service
I/SystemServer( 480): DropBox Service
I/SystemServer( 480): Wallpaper Service
I/SystemServer( 480): Audio Service
W/TelecomManager( 480): Telecom Service not found.
V/AudioService( 480): monitoring device orientation
I/SystemServiceManager( 480): Starting com.android.server.DockObserver
W/DockObserver( 480): This kernel does not have dock station support
I/SystemServer( 480): Wired Accessory Manager
I/SystemServiceManager( 480): Starting com.android.server.usb.UsbService$Lifecycle
I/SystemServer( 480): Serial Service
I/SystemServiceManager( 480): Starting com.android.server.twilight.TwilightService
I/SystemServiceManager( 480): Starting com.android.server.UiModeManagerService
I/SystemServiceManager( 480): Starting com.android.server.job.JobSchedulerService
I/SystemServiceManager( 480): Starting com.android.server.backup.BackupManagerService$Lifecycle
D/RkWifiCtrl( 480): check_wifi_preload: Wifi driver is not preload when bootup, load when open wifi.
D/WifiHW ( 480): wifi_unload_driver
E/RkWifiCtrl( 480): rk_wifi_load_driver:(rmmod)
I/SystemServiceManager( 480): Starting com.android.server.appwidget.AppWidgetService
I/SystemServiceManager( 480): Starting com.android.server.voiceinteraction.VoiceInteractionManagerService
W/SoundTriggerHelper( 480): listModules status=0, # of modules=0
I/SystemServer( 480): DiskStats Service
I/SystemServer( 480): SamplingProfiler Service
I/SystemServer( 480): NetworkTimeUpdateService
I/SystemServer( 480): CommonTimeManagementService
I/SystemServer( 480): CertBlacklister
I/SystemServiceManager( 480): Starting com.android.server.dreams.DreamManagerService
I/SystemServer( 480): Assets Atlas Service
I/SystemServiceManager( 480): Starting com.android.server.print.PrintManagerService
D/AssetAtlas( 480): Loaded configuration: SliceMinArea (1280x1600) flags=0x2 count=446
I/SystemServiceManager( 480): Starting com.android.server.restrictions.RestrictionsManagerService
I/SystemServiceManager( 480): Starting com.android.server.media.MediaSessionService
I/SystemServer( 480): Media Router Service
I/SystemServer( 480): DisplayDeviceManagementService Service
I/SystemServiceManager( 480): Starting com.android.server.trust.TrustManagerService
I/SystemServiceManager( 480): Starting com.android.server.fingerprint.FingerprintService
V/Fingerprint-JNI( 480): nativeInit()
V/Fingerprint-JNI( 480): nativeOpenHal()
E/Fingerprint-JNI( 480): Can't open fingerprint HW Module, error: -2
I/SystemServer( 480): BackgroundDexOptService
I/SystemServiceManager( 480): Starting com.android.server.pm.LauncherAppsService
I/SystemServiceManager( 480): Starting com.android.server.media.projection.MediaProjectionManagerService
I/WindowManager( 480): SAFE MODE not enabled
I/SystemServiceManager( 480): Starting com.android.server.MmsServiceBroker
E/SQLiteLog( 480): (283) recovered 16 frames from WAL file /data/system/locksettings.db-wal
D/libEGL ( 480): loaded /vendor/lib/egl/libGLES_mali.so
E/LockSettingsStorage( 480): Cannot read file java.io.FileNotFoundException: /data/system/password.key: open failed: ENOENT (No such file or directory)
E/LockSettingsStorage( 480): Cannot read file java.io.FileNotFoundException: /data/system/gesture.key: open failed: ENOENT (No such file or directory)
I/SystemServiceManager( 480): Starting phase 480
I/SystemServiceManager( 480): Starting phase 500
I/WifiService( 480): WifiService starting up with Wi-Fi disabled
D/WifiService( 480): New client listening to asynchronous messages
I/WifiScanningService( 480): Registering wifiscanner
D/WifiScanningService( 480): New client, channel: null messenger: null
I/RttService( 480): Registering rttmanager
D/WifiChangeStateMachine( 480): Entering IdleState
D/WifiScanningService( 480): DefaultState
I/mali_so ( 480): [File] : hardware/arm/maliT760/driver/product/base/src/mali_base_kbase.c; [Line] : 899; [Func] : base_context_deal_with_version_affairs_rk_ext;
I/mali_so ( 480): arm_release_ver of this mali_so is 'r5p0-06rel0', rk_so_ver is '5@0', built at '16:39:14', on 'Mar 5 2015'.
I/mali_so ( 480): [File] : hardware/arm/maliT760/driver/product/base/src/mali_base_kbase.c; [Line] : 929; [Func] : base_context_deal_with_version_affairs_rk_ext;
I/mali_so ( 480): arm_release_vers are match. to set the full mali_ver 'r5p0-06rel0-12-5@0' as value of 'sys.gmali.version'.
D/EthernetNetworkFactory( 480): iface empty
I/EthernetServiceImpl( 480): Starting Ethernet service
D/Ethernet( 480): Registering NetworkFactory
D/ConnectivityService( 480): Got NetworkFactory Messenger for Ethernet
D/Ethernet( 480): got request NetworkRequest [ id=1, legacyType=-1, [ Capabilities: INTERNET&NOT_RESTRICTED&TRUSTED&NOT_VPN] ] with score 0
D/EthernetNetworkFactory( 480): Started tracking interface eth0
D/CommandListener( 161): Setting iface cfg
D/CommandListener( 161): Trying to bring up eth0
D/AssetAtlas( 480): Rendered atlas in 76.82ms (0.00+76.82ms)
E/CommandListener( 161): Error upping interface
E/EthernetNetworkFactory( 480): Error upping interface : java.lang.IllegalStateException: command '3 interface setcfg eth0 0.0.0.0 0 up multicast broadcast' failed with '400 3 Failed to up interface (No such device)'
I/PppoeServiceImpl( 480): Starting PPPOE service
D/PppoeManager( 480): PppoeManager() : start 'pppoe handle thread'.
D/PPPOE ( 480): Registering NetworkFactory
D/ConnectivityService( 480): Got NetworkFactory Messenger for PPPOE
D/PPPOE ( 480): got request NetworkRequest [ id=1, legacyType=-1, [ Capabilities: INTERNET&NOT_RESTRICTED&TRUSTED&NOT_VPN] ] with score 0
I/ActivityManager( 480): Config changes=200 {1.0 ?mcc?mnc en_US ?layoutDir sw768dp w1024dp h695dp 320dpi xlrg land finger -keyb/v/h -nav/h s.4}
I/SELinux ( 480): SELinux: Loaded file_contexts from /file_contexts
V/BackupManagerService( 480): No ancestral data
D/BackupManagerService( 480): Now staging backup of com.android.browser
D/BackupManagerService( 480): Now staging backup of android
D/BackupManagerService( 480): Now staging backup of com.android.calendar
D/BackupManagerService( 480): Now staging backup of com.android.providers.settings
D/BackupManagerService( 480): Now staging backup of com.android.sharedstoragebackup
D/BackupManagerService( 480): Now staging backup of com.android.dialer
D/BackupManagerService( 480): Now staging backup of com.android.providers.userdictionary
V/BackupManagerService( 480): Starting with transport android/com.android.internal.backup.LocalTransport
V/BackupManagerService( 480): Found transports: 1
I/BackupManagerService( 480): Binding to transport host ComponentInfo{android/com.android.internal.backup.LocalTransportService}
I/BackupManagerService( 480): Found stale backup journal, scheduling
V/Sensors ( 480): int poll__activate(sensors_poll_device_t*, int, int)
V/Sensors ( 480): int sensors_poll_context_t::activate(int, int)
E/Sensors ( 480): Couldn't open /dev/lightsensor (No such file or directory)
E/Sensors ( 480): LIGHTSENSOR_IOCTL_ENABLE failed (Bad file number)
E/SensorService( 480): Error activating sensor 7 (Bad file number)
E/Lights ( 480): write_int failed to open sys/class/leds/rk29_key_led/brightness
I/Lights ( 480): >>> Enter set_keyboard_light
D/DisplayPowerController( 480): button lights toggle
D/DisplayPowerController( 480): send timeout msg after 1500
D/DisplayPowerController( 480): button lights toggle
D/DisplayPowerController( 480): send timeout msg after 1500
D/SurfaceFlinger( 159): Set power mode=2, type=0 flinger=0xb6482000
I/DisplayManagerService( 480): Display device changed: DisplayDeviceInfo{"Built-in Screen": uniqueId="local:0", 2048 x 1536, 59.938004 fps, supportedRefreshRates [59.938004], density 320, 160.05908 x 159.89508 dpi, appVsyncOff 0, presDeadline 17683906, touch INTERNAL, rotation 0, type BUILT_IN, state ON, FLAG_DEFAULT_DISPLAY, FLAG_ROTATES_WITH_CONTENT, FLAG_SECURE, FLAG_SUPPORTS_PROTECTED_BUFFERS}
D/SurfaceFlinger( 159): Screen type=0 is already mode=2
D/DisplayPowerController( 480): button lights toggle
D/DisplayPowerController( 480): send timeout msg after 1500
D/DisplayPowerController( 480): send timeout msg after 1500
I/AppOps ( 480): Pruning old package media/1013: new uid=-1
D/ActivityManager( 480): OK, system ready!
I/ActivityManager( 480): System now ready
I/SystemServer( 480): Making services ready
I/SystemServiceManager( 480): Starting phase 550
I/SystemServer( 480): WebViewFactory preparation
D/UsbDeviceManager( 480): Usb state is true true true
I/Zygote ( 480): Process: zygote socket opened, supported ABIS: armeabi-v7a,armeabi
I/ActivityManager( 480): Start proc 571:WebViewLoader-armeabi-v7a/1037 [android.webkit.WebViewFactory$RelroFileCreator] for
D/MountService( 480): sharedvolumeNum: 0 ;avail: true
V/WebViewFactory( 571): RelroFileCreator (64bit = false), 32-bit lib: /system/app/webview/lib/arm/libwebviewchromium.so, 64-bit lib:
I/ActivityManager( 480): Start proc 589:android.process.media/u0a5 for broadcast com.android.providers.media/.MtpReceiver
I/ActivityManager( 480): Start proc 607:com.android.systemui/u0a13 for service com.android.systemui/.SystemUIService
D/NetworkManagementService( 480): enabling bandwidth control
I/MountService( 480): doMountVolume: Mouting /mnt/internal_sd
D/VoldCmdListener( 158): volume mount /mnt/internal_sd
D/DirectVolume( 158): getDeviceNodes mPartIdx = 14, mDiskNumParts = 14.
E/Vold ( 158): deviceNodes[0]= 0x0000b30e,[1]= 0x00000000,[2]= 0x00000000,[3]= 0x00000000
I/Vold ( 158): /dev/block/vold/179:14 being considered for volume internal_sd,1
I/Vold ( 158):
D/Vold ( 158): Volume internal_sd state changing 1 (Idle-Unmounted) -> 3 (Checking)
I/MountService( 480): onEvent:: raw= 605 Volume internal_sd /mnt/internal_sd state changed from 1 (Idle-Unmounted) to 3 (Checking) cooked = 605 Volume internal_sd /mnt/internal_sd state changed from 1 (Idle-Unmounted) to 3 (Checking)
I/MountService( 480): notifyVolumeStateChange::unmounted
I/MountService( 480): updating volume state checking
D/MountService( 480): volume state changed for /mnt/internal_sd (unmounted -> checking)
D/MountService( 480): sendStorageIntent Intent { act=android.intent.action.MEDIA_CHECKING dat=file:///mnt/internal_sd flg=0x4000000 (has extras) } to UserHandle{-1}
D/UsbHostManager( 480): Added device UsbDevice[mName=/dev/bus/usb/003/002,mVendorId=3725,mProductId=167,mClass=239,mSubclass=2,mProtocol=1,mManufacturerName=MediaTek Inc,mProductName=Product,mSerialNumber=null,mConfigurations=[
D/UsbHostManager( 480): UsbConfiguration[mId=1,mName=null,mAttributes=160,mMaxPower=250,mInterfaces=[
D/UsbHostManager( 480): UsbInterface[mId=0,mAlternateSetting=0,mName=MediaTek Mobile Broadband Device,mClass=2,mSubclass=6,mProtocol=0,mEndpoints=[
D/UsbHostManager( 480): UsbEndpoint[mAddress=136,mAttributes=3,mMaxPacketSize=64,mInterval=1]]
D/UsbHostManager( 480): UsbInterface[mId=1,mAlternateSetting=0,mName=COM(data_if),mClass=10,mSubclass=0,mProtocol=0,mEndpoints=[]
D/UsbHostManager( 480): UsbInterface[mId=1,mAlternateSetting=1,mName=null,mClass=10,mSubclass=0,mProtocol=0,mEndpoints=[
D/UsbHostManager( 480): UsbEndpoint[mAddress=129,mAttributes=2,mMaxPacketSize=512,mInterval=0]
D/UsbHostManager( 480): UsbEndpoint[mAddress=1,mAttributes=2,mMaxPacketSize=512,mInterval=0]]
D/UsbHostManager( 480): UsbInterface[mId=2,mAlternateSetting=0,mName=COM(comm_if),mClass=255,mSubclass=2,mProtocol=1,mEndpoints=[
D/UsbHostManager( 480): UsbEndpoint[mAddress=135,mAttributes=3,mMaxPacketSize=64,mInterval=3]
D/UsbHostManager( 480): UsbEndpoint[mAddress=130,mAttributes=2,mMaxPacketSize=512,mInterval=0]
D/UsbHostManager( 480): UsbEndpoint[mAddress=2,mAttributes=2,mMaxPacketSize=512,mInterval=0]]
D/UsbHostManager( 480): UsbInterface[mId=3,mAlternateSetting=0,mName=COM(data_if),mClass=255,mSubclass=0,mProtocol=0,mEndpoints=[
D/UsbHostManager( 480): UsbEndpoint[mAddress=131,mAttributes=2,mMaxPacketSize=512,mInterval=0]
D/UsbHostManager( 480): UsbEndpoint[mAddress=3,mAttributes=2,mMaxPacketSize=512,mInterval=0]]
D/UsbHostManager( 480): UsbInterface[mId=4,mAlternateSetting=0,mName=COM(data_if),mClass=255,mSubclass=0,mProtocol=0,mEndpoints=[
D/UsbHostManager( 480): UsbEndpoint[mAddress=132,mAttributes=2,mMaxPacketSize=512,mInterval=0]
D/UsbHostManager( 480): UsbEndpoint[mAddress=4,mAttributes=2,mMaxPacketSize=512,mInterval=0]]
D/UsbHostManager( 480): UsbInterface[mId=5,mAlternateSetting=0,mName=COM(data_if),mClass=255,mSubclass=0,mProtocol=0,mEndpoints=[
D/UsbHostManager( 480): UsbEndpoint[mAddress=133,mAttributes=2,mMaxPacketSize=512,mInterval=0]
D/UsbHostManager( 480): UsbEndpoint[mAddress=5,mAttributes=2,mMaxPacketSize=512,mInterval=0]]]]
W/ContextImpl( 480): Calling a method in the system process without a qualified user: android.app.ContextImpl.sendBroadcast:1339 com.android.server.usb.UsbSettingsManager.deviceAttached:741 com.android.server.usb.UsbHostManager.endUsbDeviceAdded:224 com.android.server.usb.UsbHostManager.monitorUsbHostBus:-2 com.android.server.usb.UsbHostManager.access$000:42
I/fsck_msdos( 158): ** /dev/block/vold/179:14
I/fsck_msdos( 158): ** Phase 1 - Read FAT (compare skipped)
I/fsck_msdos( 158): Attempting to allocate 11672 KB for FAT
D/PermissionMonitor( 480): Monitoring
D/PermissionMonitor( 480): Users: 1, Apps: 63
I/SystemServiceManager( 480): Starting phase 600
D/BluetoothManagerService( 480): Trying to bind to profile: 1, while Bluetooth was disabled
D/BluetoothManagerService( 480): Message: 20
D/BluetoothManagerService( 480): Added callback: android.bluetooth.BluetoothAdapter$1@2bdf6a61:true
D/BluetoothManagerService( 480): Message: 30
I/BackupManagerService( 480): Backup enabled => false
D/BluetoothManagerService( 480): Message: 30
I/BackupManagerService( 480): Opting out of backup
E/InputMethodManagerService( 480): Ignoring setImeWindowStatus due to an invalid token. uid:1000 token:null
I/AwesomePlayer( 165): AwesomePlayer::AwesomePlayer()in
I/art ( 571): System.exit called, status: 0
I/AndroidRuntime( 571): VM exiting with result code 0, cleanup skipped.
I/ActivityManager( 480): Start proc 674:com.android.inputmethod.latin/u0a32 for service com.android.inputmethod.latin/.LatinIME
V/InputMethodManagerService( 480): Adding window token: android.os.Binder@3c7dad41
I/libstagefrighthw( 165): OMX IL core libOMX_Core.so: declares component OMX.rk.video_decoder.avc
I/libstagefrighthw( 165): OMX IL core libOMX_Core.so: declares component OMX.rk.video_decoder.m4v
I/libstagefrighthw( 165): OMX IL core libOMX_Core.so: declares component OMX.rk.video_decoder.h263
I/libstagefrighthw( 165): OMX IL core libOMX_Core.so: declares component OMX.rk.video_decoder.flv1
I/libstagefrighthw( 165): OMX IL core libOMX_Core.so: declares component OMX.rk.video_decoder.m2v
I/libstagefrighthw( 165): OMX IL core libOMX_Core.so: declares component OMX.rk.video_decoder.rv
I/libstagefrighthw( 165): OMX IL core libOMX_Core.so: declares component OMX.rk.video_decoder.vp8
I/libstagefrighthw( 165): OMX IL core libOMX_Core.so: declares component OMX.rk.video_decoder.vc1
I/libstagefrighthw( 165): OMX IL core libOMX_Core.so: declares component OMX.rk.video_decoder.wmv3
I/libstagefrighthw( 165): OMX IL core libOMX_Core.so: declares component OMX.rk.video_decoder.vp6
I/libstagefrighthw( 165): OMX IL core libOMX_Core.so: declares component OMX.rk.video_decoder.hevc
I/libstagefrighthw( 165): OMX IL core libOMX_Core.so: declares component OMX.rk.video_decoder.mjpeg
I/libstagefrighthw( 165): OMX IL core libOMX_Core.so: declares component OMX.rk.video_decoder.avc.secure
I/libstagefrighthw( 165): OMX IL core libOMX_Core.so: declares component OMX.rk.video_encoder.avc
I/libstagefrighthw( 165): OMX IL core libOMX_Core.so: declares component OMX.rk.video_encoder.vp8
I/libstagefrighthw( 165): OMX IL core libOMX_Core.so: contains 15 components
I/AwesomePlayer( 165): AwesomePlayer::AwesomePlayer()aftermClient.connect()
E/OMXNodeInstance( 165): getParameter(1:google.mp3.decoder, ParamVideoProfileLevelQuerySupported(0x600000f)) ERROR: UnsupportedIndex(0x8000101a)
E/OMXNodeInstance( 165): getParameter(1:google.mp3.decoder, ParamVideoPortFormat(0x6000001)) ERROR: UnsupportedIndex(0x8000101a)
E/OMXNodeInstance( 165): getParameter(2:google.amrnb.decoder, ParamVideoProfileLevelQuerySupported(0x600000f)) ERROR: UnsupportedIndex(0x8000101a)
E/OMXNodeInstance( 165): getParameter(2:google.amrnb.decoder, ParamVideoPortFormat(0x6000001)) ERROR: UnsupportedIndex(0x8000101a)
E/OMXNodeInstance( 165): getParameter(3:google.amrwb.decoder, ParamVideoProfileLevelQuerySupported(0x600000f)) ERROR: UnsupportedIndex(0x8000101a)
E/OMXNodeInstance( 165): getParameter(3:google.amrwb.decoder, ParamVideoPortFormat(0x6000001)) ERROR: UnsupportedIndex(0x8000101a)
E/OMXNodeInstance( 165): getParameter(4:google.aac.decoder, ParamVideoProfileLevelQuerySupported(0x600000f)) ERROR: UnsupportedIndex(0x8000101a)
E/OMXNodeInstance( 165): getParameter(4:google.aac.decoder, ParamVideoPortFormat(0x6000001)) ERROR: UnsupportedIndex(0x8000101a)
E/OMXNodeInstance( 165): getParameter(5:google.g711.alaw.decoder, ParamVideoProfileLevelQuerySupported(0x600000f)) ERROR: UnsupportedIndex(0x8000101a)
E/OMXNodeInstance( 165): getParameter(5:google.g711.alaw.decoder, ParamVideoPortFormat(0x6000001)) ERROR: UnsupportedIndex(0x8000101a)
E/OMXNodeInstance( 165): getParameter(6:google.g711.mlaw.decoder, ParamVideoProfileLevelQuerySupported(0x600000f)) ERROR: UnsupportedIndex(0x8000101a)
E/OMXNodeInstance( 165): getParameter(6:google.g711.mlaw.decoder, ParamVideoPortFormat(0x6000001)) ERROR: UnsupportedIndex(0x8000101a)
E/OMXNodeInstance( 165): getParameter(7:google.vorbis.decoder, ParamVideoProfileLevelQuerySupported(0x600000f)) ERROR: UnsupportedIndex(0x8000101a)
E/OMXNodeInstance( 165): getParameter(7:google.vorbis.decoder, ParamVideoPortFormat(0x6000001)) ERROR: UnsupportedIndex(0x8000101a)
E/OMXNodeInstance( 165): getParameter(8:google.opus.decoder, ParamVideoProfileLevelQuerySupported(0x600000f)) ERROR: UnsupportedIndex(0x8000101a)
E/OMXNodeInstance( 165): getParameter(8:google.opus.decoder, ParamVideoPortFormat(0x6000001)) ERROR: UnsupportedIndex(0x8000101a)
E/OMXNodeInstance( 165): getParameter(9:google.raw.decoder, ParamVideoProfileLevelQuerySupported(0x600000f)) ERROR: UnsupportedIndex(0x8000101a)
E/OMXNodeInstance( 165): getParameter(9:google.raw.decoder, ParamVideoPortFormat(0x6000001)) ERROR: UnsupportedIndex(0x8000101a)
E/OMXNodeInstance( 165): getParameter(a:google.aac.encoder, ParamVideoProfileLevelQuerySupported(0x600000f)) ERROR: UnsupportedIndex(0x8000101a)
E/OMXNodeInstance( 165): getParameter(a:google.aac.encoder, ParamVideoPortFormat(0x6000001)) ERROR: UnsupportedIndex(0x8000101a)
E/OMXNodeInstance( 165): getParameter(b:google.amrnb.encoder, ParamVideoProfileLevelQuerySupported(0x600000f)) ERROR: UnsupportedIndex(0x8000101a)
E/OMXNodeInstance( 165): getParameter(b:google.amrnb.encoder, ParamVideoPortFormat(0x6000001)) ERROR: UnsupportedIndex(0x8000101a)
E/OMXNodeInstance( 165): getParameter(c:google.amrwb.encoder, ParamVideoProfileLevelQuerySupported(0x600000f)) ERROR: UnsupportedIndex(0x8000101a)
E/OMXNodeInstance( 165): getParameter(c:google.amrwb.encoder, ParamVideoPortFormat(0x6000001)) ERROR: UnsupportedIndex(0x8000101a)
E/OMXNodeInstance( 165): getParameter(d:google.flac.encoder, ParamVideoProfileLevelQuerySupported(0x600000f)) ERROR: UnsupportedIndex(0x8000101a)
E/OMXNodeInstance( 165): getParameter(d:google.flac.encoder, ParamVideoPortFormat(0x6000001)) ERROR: UnsupportedIndex(0x8000101a)
E/ROCKCHIP_VIDEO_DECCONTROL( 165): OMX_IndexParamdescribeColorFormat get
E/ROCKCHIP_OSAL_Android( 165): OMX_ERRORTYPE Rockchip_OSAL_GetANBParameter(OMX_HANDLETYPE, OMX_INDEXTYPE, OMX_PTR): Rockchip_OMX_Check_SizeVersion(DescribeColorFormatParams) is failed
E/OMXNodeInstance( 165): getParameter(e:rk._decoder.avc, ??(0x7f000017)) ERROR: BadParameter(0x80001005)
E/ROCKCHIP_VIDEO_DECCONTROL( 165): OMX_IndexParamdescribeColorFormat get
E/ROCKCHIP_OSAL_Android( 165): OMX_ERRORTYPE Rockchip_OSAL_GetANBParameter(OMX_HANDLETYPE, OMX_INDEXTYPE, OMX_PTR): Rockchip_OMX_Check_SizeVersion(DescribeColorFormatParams) is failed
E/OMXNodeInstance( 165): getParameter(e:rk._decoder.avc, ??(0x7f000017)) ERROR: BadParameter(0x80001005)
W/OMXNodeInstance( 165): [e:rk._decoder.avc] component does not support metadata mode; using fallback
E/ROCKCHIP_VIDEO_DECCONTROL( 165): OMX_IndexParamdescribeColorFormat get
E/ROCKCHIP_OSAL_Android( 165): OMX_ERRORTYPE Rockchip_OSAL_GetANBParameter(OMX_HANDLETYPE, OMX_INDEXTYPE, OMX_PTR): Rockchip_OMX_Check_SizeVersion(DescribeColorFormatParams) is failed
E/OMXNodeInstance( 165): getParameter(f:rk._decoder.m2v, ??(0x7f000017)) ERROR: BadParameter(0x80001005)
E/ROCKCHIP_VIDEO_DECCONTROL( 165): OMX_IndexParamdescribeColorFormat get
E/ROCKCHIP_OSAL_Android( 165): OMX_ERRORTYPE Rockchip_OSAL_GetANBParameter(OMX_HANDLETYPE, OMX_INDEXTYPE, OMX_PTR): Rockchip_OMX_Check_SizeVersion(DescribeColorFormatParams) is failed
E/OMXNodeInstance( 165): getParameter(f:rk._decoder.m2v, ??(0x7f000017)) ERROR: BadParameter(0x80001005)
W/OMXNodeInstance( 165): [f:rk._decoder.m2v] component does not support metadata mode; using fallback
E/ROCKCHIP_VIDEO_DECCONTROL( 165): OMX_IndexParamdescribeColorFormat get
E/ROCKCHIP_OSAL_Android( 165): OMX_ERRORTYPE Rockchip_OSAL_GetANBParameter(OMX_HANDLETYPE, OMX_INDEXTYPE, OMX_PTR): Rockchip_OMX_Check_SizeVersion(DescribeColorFormatParams) is failed
E/OMXNodeInstance( 165): getParameter(10:rk._decoder.vp8, ??(0x7f000017)) ERROR: BadParameter(0x80001005)
E/ROCKCHIP_VIDEO_DECCONTROL( 165): OMX_IndexParamdescribeColorFormat get
E/ROCKCHIP_OSAL_Android( 165): OMX_ERRORTYPE Rockchip_OSAL_GetANBParameter(OMX_HANDLETYPE, OMX_INDEXTYPE, OMX_PTR): Rockchip_OMX_Check_SizeVersion(DescribeColorFormatParams) is failed
E/OMXNodeInstance( 165): getParameter(10:rk._decoder.vp8, ??(0x7f000017)) ERROR: BadParameter(0x80001005)
W/OMXNodeInstance( 165): [10:rk._decoder.vp8] component does not support metadata mode; using fallback
W/OMXNodeInstance( 165): [11:google.vp9.decoder] component does not support metadata mode; using fallback
E/ROCKCHIP_VIDEO_DECCONTROL( 165): OMX_IndexParamdescribeColorFormat get
E/ROCKCHIP_OSAL_Android( 165): OMX_ERRORTYPE Rockchip_OSAL_GetANBParameter(OMX_HANDLETYPE, OMX_INDEXTYPE, OMX_PTR): Rockchip_OMX_Check_SizeVersion(DescribeColorFormatParams) is failed
E/OMXNodeInstance( 165): getParameter(12:rk._decoder.h263, ??(0x7f000017)) ERROR: BadParameter(0x80001005)
E/ROCKCHIP_VIDEO_DECCONTROL( 165): OMX_IndexParamdescribeColorFormat get
E/ROCKCHIP_OSAL_Android( 165): OMX_ERRORTYPE Rockchip_OSAL_GetANBParameter(OMX_HANDLETYPE, OMX_INDEXTYPE, OMX_PTR): Rockchip_OMX_Check_SizeVersion(DescribeColorFormatParams) is failed
E/OMXNodeInstance( 165): getParameter(12:rk._decoder.h263, ??(0x7f000017)) ERROR: BadParameter(0x80001005)
W/OMXNodeInstance( 165): [12:rk._decoder.h263] component does not support metadata mode; using fallback
E/ROCKCHIP_VIDEO_DECCONTROL( 165): OMX_IndexParamdescribeColorFormat get
E/ROCKCHIP_OSAL_Android( 165): OMX_ERRORTYPE Rockchip_OSAL_GetANBParameter(OMX_HANDLETYPE, OMX_INDEXTYPE, OMX_PTR): Rockchip_OMX_Check_SizeVersion(DescribeColorFormatParams) is failed
E/OMXNodeInstance( 165): getParameter(13:rk._decoder.m4v, ??(0x7f000017)) ERROR: BadParameter(0x80001005)
E/ROCKCHIP_VIDEO_DECCONTROL( 165): OMX_IndexParamdescribeColorFormat get
E/ROCKCHIP_OSAL_Android( 165): OMX_ERRORTYPE Rockchip_OSAL_GetANBParameter(OMX_HANDLETYPE, OMX_INDEXTYPE, OMX_PTR): Rockchip_OMX_Check_SizeVersion(DescribeColorFormatParams) is failed
E/OMXNodeInstance( 165): getParameter(13:rk._decoder.m4v, ??(0x7f000017)) ERROR: BadParameter(0x80001005)
W/OMXNodeInstance( 165): [13:rk._decoder.m4v] component does not support metadata mode; using fallback
E/ROCKCHIP_VIDEO_DECCONTROL( 165): OMX_IndexParamdescribeColorFormat get
E/ROCKCHIP_OSAL_Android( 165): OMX_ERRORTYPE Rockchip_OSAL_GetANBParameter(OMX_HANDLETYPE, OMX_INDEXTYPE, OMX_PTR): Rockchip_OMX_Check_SizeVersion(DescribeColorFormatParams) is failed
E/OMXNodeInstance( 165): getParameter(14:rk._decoder.flv1, ??(0x7f000017)) ERROR: BadParameter(0x80001005)
E/ROCKCHIP_VIDEO_DECCONTROL( 165): OMX_IndexParamdescribeColorFormat get
E/ROCKCHIP_OSAL_Android( 165): OMX_ERRORTYPE Rockchip_OSAL_GetANBParameter(OMX_HANDLETYPE, OMX_INDEXTYPE, OMX_PTR): Rockchip_OMX_Check_SizeVersion(DescribeColorFormatParams) is failed
E/OMXNodeInstance( 165): getParameter(14:rk._decoder.flv1, ??(0x7f000017)) ERROR: BadParameter(0x80001005)
W/OMXNodeInstance( 165): [14:rk._decoder.flv1] component does not support metadata mode; using fallback
E/ROCKCHIP_VIDEO_DECCONTROL( 165): OMX_IndexParamdescribeColorFormat get
E/ROCKCHIP_OSAL_Android( 165): OMX_ERRORTYPE Rockchip_OSAL_GetANBParameter(OMX_HANDLETYPE, OMX_INDEXTYPE, OMX_PTR): Rockchip_OMX_Check_SizeVersion(DescribeColorFormatParams) is failed
E/OMXNodeInstance( 165): getParameter(15:rk._decoder.vc1, ??(0x7f000017)) ERROR: BadParameter(0x80001005)
E/ROCKCHIP_VIDEO_DECCONTROL( 165): OMX_IndexParamdescribeColorFormat get
E/ROCKCHIP_OSAL_Android( 165): OMX_ERRORTYPE Rockchip_OSAL_GetANBParameter(OMX_HANDLETYPE, OMX_INDEXTYPE, OMX_PTR): Rockchip_OMX_Check_SizeVersion(DescribeColorFormatParams) is failed
E/OMXNodeInstance( 165): getParameter(15:rk._decoder.vc1, ??(0x7f000017)) ERROR: BadParameter(0x80001005)
W/OMXNodeInstance( 165): [15:rk._decoder.vc1] component does not support metadata mode; using fallback
E/ROCKCHIP_VIDEO_DECCONTROL( 165): OMX_IndexParamdescribeColorFormat get
E/ROCKCHIP_OSAL_Android( 165): OMX_ERRORTYPE Rockchip_OSAL_GetANBParameter(OMX_HANDLETYPE, OMX_INDEXTYPE, OMX_PTR): Rockchip_OMX_Check_SizeVersion(DescribeColorFormatParams) is failed
E/OMXNodeInstance( 165): getParameter(16:rk._decoder.mjpeg, ??(0x7f000017)) ERROR: BadParameter(0x80001005)
E/ROCKCHIP_VIDEO_DECCONTROL( 165): OMX_IndexParamdescribeColorFormat get
E/ROCKCHIP_OSAL_Android( 165): OMX_ERRORTYPE Rockchip_OSAL_GetANBParameter(OMX_HANDLETYPE, OMX_INDEXTYPE, OMX_PTR): Rockchip_OMX_Check_SizeVersion(DescribeColorFormatParams) is failed
E/OMXNodeInstance( 165): getParameter(16:rk._decoder.mjpeg, ??(0x7f000017)) ERROR: BadParameter(0x80001005)
W/OMXNodeInstance( 165): [16:rk._decoder.mjpeg] component does not support metadata mode; using fallback
E/ROCKCHIP_VIDEO_DECCONTROL( 165): OMX_IndexParamdescribeColorFormat get
E/ROCKCHIP_OSAL_Android( 165): OMX_ERRORTYPE Rockchip_OSAL_GetANBParameter(OMX_HANDLETYPE, OMX_INDEXTYPE, OMX_PTR): Rockchip_OMX_Check_SizeVersion(DescribeColorFormatParams) is failed
E/OMXNodeInstance( 165): getParameter(17:rk._decoder.hevc, ??(0x7f000017)) ERROR: BadParameter(0x80001005)
E/ROCKCHIP_VIDEO_DECCONTROL( 165): OMX_IndexParamdescribeColorFormat get
E/ROCKCHIP_OSAL_Android( 165): OMX_ERRORTYPE Rockchip_OSAL_GetANBParameter(OMX_HANDLETYPE, OMX_INDEXTYPE, OMX_PTR): Rockchip_OMX_Check_SizeVersion(DescribeColorFormatParams) is failed
E/OMXNodeInstance( 165): getParameter(17:rk._decoder.hevc, ??(0x7f000017)) ERROR: BadParameter(0x80001005)
W/OMXNodeInstance( 165): [17:rk._decoder.hevc] component does not support metadata mode; using fallback
W/ACodec ( 165): do not know color format 0x7f000789 = 2130708361
W/OMXNodeInstance( 165): [19:google.h264.decoder] component does not support metadata mode; using fallback
W/OMXNodeInstance( 165): [1a:google.vp9.decoder] component does not support metadata mode; using fallback
I/SoftMPEG4Encoder( 165): Construct SoftMPEG4Encoder
W/ACodec ( 165): do not know color format 0x7f000789 = 2130708361
I/SoftMPEG4Encoder( 165): Construct SoftMPEG4Encoder
W/ACodec ( 165): do not know color format 0x7f000789 = 2130708361
W/ACodec ( 165): do not know color format 0x7f000789 = 2130708361
I/OMXCodec( 165): --->InstantiateSoftwareCodec create OMX.google.vorbis.decoder codec
I/OMXCodec( 165): Successfully allocated OMX node 'OMX.google.vorbis.decoder'
I/OMXCodec( 165): mOutputPortSettingsHaveChanged set true
I/OMXCodec( 165): found informat change ComponentName = OMX.google.vorbis.decoder
I/FrameQueueManage( 165): FrameQueueManage::~FrameQueueManage end!
I/AwesomePlayer( 165): AwesomePlayer::AwesomePlayer()in
I/AwesomePlayer( 165): AwesomePlayer::AwesomePlayer()aftermClient.connect()
I/OMXCodec( 165): --->InstantiateSoftwareCodec create OMX.google.vorbis.decoder codec
I/OMXCodec( 165): Successfully allocated OMX node 'OMX.google.vorbis.decoder'
I/OMXCodec( 165): mOutputPortSettingsHaveChanged set true
I/OMXCodec( 165): found informat change ComponentName = OMX.google.vorbis.decoder
I/FrameQueueManage( 165): FrameQueueManage::~FrameQueueManage end!
I/AwesomePlayer( 165): AwesomePlayer::AwesomePlayer()in
I/AwesomePlayer( 165): AwesomePlayer::AwesomePlayer()aftermClient.connect()
I/OMXCodec( 165): --->InstantiateSoftwareCodec create OMX.google.vorbis.decoder codec
I/OMXCodec( 165): Successfully allocated OMX node 'OMX.google.vorbis.decoder'
I/OMXCodec( 165): mOutputPortSettingsHaveChanged set true
I/OMXCodec( 165): found informat change ComponentName = OMX.google.vorbis.decoder
I/FrameQueueManage( 165): FrameQueueManage::~FrameQueueManage end!
I/AwesomePlayer( 165): AwesomePlayer::AwesomePlayer()in
I/AwesomePlayer( 165): AwesomePlayer::AwesomePlayer()aftermClient.connect()
I/OMXCodec( 165): --->InstantiateSoftwareCodec create OMX.google.vorbis.decoder codec
I/OMXCodec( 165): Successfully allocated OMX node 'OMX.google.vorbis.decoder'
I/OMXCodec( 165): mOutputPortSettingsHaveChanged set true
I/OMXCodec( 165): found informat change ComponentName = OMX.google.vorbis.decoder
I/FrameQueueManage( 165): FrameQueueManage::~FrameQueueManage end!
I/AwesomePlayer( 165): AwesomePlayer::AwesomePlayer()in
I/AwesomePlayer( 165): AwesomePlayer::AwesomePlayer()aftermClient.connect()
I/OMXCodec( 165): --->InstantiateSoftwareCodec create OMX.google.vorbis.decoder codec
I/OMXCodec( 165): Successfully allocated OMX node 'OMX.google.vorbis.decoder'
I/OMXCodec( 165): mOutputPortSettingsHaveChanged set true
I/OMXCodec( 165): found informat change ComponentName = OMX.google.vorbis.decoder
E/RkWifiCtrl( 480): Wifi driver is not ready.
I/FrameQueueManage( 165): FrameQueueManage::~FrameQueueManage end!
I/AwesomePlayer( 165): AwesomePlayer::AwesomePlayer()in
I/AwesomePlayer( 165): AwesomePlayer::AwesomePlayer()aftermClient.connect()
I/OMXCodec( 165): --->InstantiateSoftwareCodec create OMX.google.vorbis.decoder codec
I/OMXCodec( 165): Successfully allocated OMX node 'OMX.google.vorbis.decoder'
I/FrameQueueManage( 165): FrameQueueManage::~FrameQueueManage end!
D/xzj ( 589): true---------------------------ooooooooooo,stop mtp service---------------false
I/ActivityManager( 480): Start proc 776:android.rockchip.update.service/u0a48 for broadcast android.rockchip.update.service/.RKUpdateReceiver
D/RKUpdateReceiver( 776): action = android.hardware.usb.action.USB_STATE
E/gpslogd ( 480): Interface "gps_geofencing" is not supported
E/gpslogd ( 480): Interface "gps_measurement" is not supported
E/gpslogd ( 480): Interface "gps_navigation_message" is not supported
E/gpslogd ( 480): Interface "gnss_configuration" is not supported
D/GpsLocationProvider( 480): Reset GPS properties, previous size = 0
D/GpsLocationProvider( 480): GpsParamsResource: SUPL_HOST=supl.google.com
D/GpsLocationProvider( 480): GpsParamsResource: SUPL_PORT=7275
D/GpsLocationProvider( 480): GpsParamsResource: NTP_SERVER=north-america.pool.ntp.org
D/GpsLocationProvider( 480): GpsParamsResource: SUPL_VER=0x20000
D/GpsLocationProvider( 480): GpsParamsResource: SUPL_MODE=1
W/GpsLocationProvider( 480): Could not open GPS configuration file /etc/gps.conf
D/GpsLocationProvider( 480): GPS properties reloaded, size = 5
D/gpslogd ( 480): agps_set_server: Waiting for IPC connection...
I/fsck_msdos( 158): ** Phase 2 - Check Cluster Chains
I/fsck_msdos( 158): ** Phase 3 - Checking Directories
I/fsck_msdos( 158): ** Phase 4 - Checking for Lost Files
I/fsck_msdos( 158): 19 files, 2929704 free (2987653 clusters)
V/SystemUIService( 607): Starting SystemUI services.
I/Vold ( 158): Filesystem check completed OK
V/FingerprintService( 480): startListening(android.service.fingerprint.IFingerprintServiceReceiver$Stub$Proxy@3b355e88)
I/AwesomePlayer( 165): AwesomePlayer::AwesomePlayer()in
I/AwesomePlayer( 165): AwesomePlayer::AwesomePlayer()aftermClient.connect()
E/Vold ( 158): ---------set mSkipAsec to enable app2sd because mount Vfat succeed for internal_sd, mountpoint =/mnt/internal_sd
I/OMXCodec( 165): --->InstantiateSoftwareCodec create OMX.google.vorbis.decoder codec
I/OMXCodec( 165): Successfully allocated OMX node 'OMX.google.vorbis.decoder'
I/OMXCodec( 165): mOutputPortSettingsHaveChanged set true
I/OMXCodec( 165): found informat change ComponentName = OMX.google.vorbis.decoder
W/ResourceType( 607): No package identifier when getting value for resource number 0x00000000
W/PackageManager( 607): Failure retrieving resources for com.android.phone: Resource ID #0x0
I/FrameQueueManage( 165): FrameQueueManage::~FrameQueueManage end!
I/AwesomePlayer( 165): AwesomePlayer::AwesomePlayer()in
I/AwesomePlayer( 165): AwesomePlayer::AwesomePlayer()aftermClient.connect()
I/OMXCodec( 165): --->InstantiateSoftwareCodec create OMX.google.vorbis.decoder codec
I/OMXCodec( 165): Successfully allocated OMX node 'OMX.google.vorbis.decoder'
I/OMXCodec( 165): mOutputPortSettingsHaveChanged set true
I/OMXCodec( 165): found informat change ComponentName = OMX.google.vorbis.decoder
I/FrameQueueManage( 165): FrameQueueManage::~FrameQueueManage end!
I/AwesomePlayer( 165): AwesomePlayer::AwesomePlayer()in
I/AwesomePlayer( 165): AwesomePlayer::AwesomePlayer()aftermClient.connect()
I/LatinIME( 674): Hardware accelerated drawing: true
I/OMXCodec( 165): --->InstantiateSoftwareCodec create OMX.google.vorbis.decoder codec
I/OMXCodec( 165): Successfully allocated OMX node 'OMX.google.vorbis.decoder'
I/OMXCodec( 165): mOutputPortSettingsHaveChanged set true
I/OMXCodec( 165): found informat change ComponentName = OMX.google.vorbis.decoder
D/Vold ( 158): blkid identified as /dev/block/vold/179:14: LABEL="P1" UUID="769B-07F4" TYPE="vfat"
I/MountService( 480): onEvent:: raw= 613 internal_sd /mnt/internal_sd "769B-07F4" cooked = 613 internal_sd /mnt/internal_sd 769B-07F4
I/MountService( 480): onEvent:: raw= 614 internal_sd /mnt/internal_sd "P1" cooked = 614 internal_sd /mnt/internal_sd P1
D/Vold ( 158): Volume internal_sd state changing 3 (Checking) -> 4 (Mounted)
I/MountService( 480): onEvent:: raw= 605 Volume internal_sd /mnt/internal_sd state changed from 3 (Checking) to 4 (Mounted) cooked = 605 Volume internal_sd /mnt/internal_sd state changed from 3 (Checking) to 4 (Mounted)
I/MountService( 480): notifyVolumeStateChange::checking
I/MountService( 480): updating volume state mounted
D/MountService( 480): volume state changed for /mnt/internal_sd (checking -> mounted)
I/PackageManager( 480): Updating external media status from unmounted to mounted
D/MountService( 480): sendStorageIntent Intent { act=android.intent.action.MEDIA_MOUNTED dat=file:///mnt/internal_sd flg=0x4000000 (has extras) } to UserHandle{-1}
E/VoldConnector( 480): NDC Command {5 volume mount /mnt/internal_sd} took too long (1137ms)
I/MountService( 480): doMountVolume: Mouting /mnt/external_sd
D/VoldCmdListener( 158): volume mount /mnt/external_sd
D/DirectVolume( 158): getDeviceNodes mPartIdx = -1, mDiskNumParts = 1.
E/Vold ( 158): deviceNodes[0]= 0x0000b321,[1]= 0x00000000,[2]= 0x00000000,[3]= 0x00000000
I/Vold ( 158): /dev/block/vold/179:33 being considered for volume external_sd,1
I/Vold ( 158):
I/Vold ( 158): Error(call No.1) opening /sys/sd-sdio/rescan in the file of Volume.cpp
D/Vold ( 158): Volume external_sd state changing 1 (Idle-Unmounted) -> 3 (Checking)
I/MountService( 480): onEvent:: raw= 605 Volume external_sd /mnt/external_sd state changed from 1 (Idle-Unmounted) to 3 (Checking) cooked = 605 Volume external_sd /mnt/external_sd state changed from 1 (Idle-Unmounted) to 3 (Checking)
I/MountService( 480): notifyVolumeStateChange::unmounted
I/MountService( 480): updating volume state checking
D/MountService( 480): volume state changed for /mnt/external_sd (unmounted -> checking)
D/MountService( 480): sendStorageIntent Intent { act=android.intent.action.MEDIA_CHECKING dat=file:///mnt/external_sd flg=0x4000000 (has extras) } to UserHandle{-1}
I/fsck_msdos( 158): ** /dev/block/vold/179:33
I/fsck_msdos( 158): ** Phase 1 - Read and Compare FATs
I/fsck_msdos( 158): Attempting to allocate 949 KB for FAT
I/FrameQueueManage( 165): FrameQueueManage::~FrameQueueManage end!
I/ActivityManager( 480): Start proc 814:com.cghs.stresstest/1000 for broadcast com.cghs.stresstest/.test.receiver.RecoveryReceiver
W/ResourceType( 607): No package identifier when getting value for resource number 0x00000000
W/PackageManager( 607): Failure retrieving resources for com.android.settings: Resource ID #0x0
W/InputAttributes( 674): No editor info for this field. Bug?
I/fsck_msdos( 158): Attempting to allocate 949 KB for FAT
I/LatinIME:LogUtils( 674): Dictionary info: dictionary = PersonalizationDictionary.en_US ; version = 1439591731 ; date = ?
I/LatinIME:LogUtils( 674): Dictionary info: dictionary = userunigram.en_US ; version = 1439591731 ; date = ?
