I/LatinIME:LogUtils( 674): Dictionary info: dictionary = UserHistoryDictionary.en_US ; version = 1439512074 ; date = 1439536694
I/LatinIME:LogUtils( 674): Dictionary info: dictionary = contacts.en_US ; version = 1439591731 ; date = ?
I/LatinIME:LogUtils( 674): Dictionary info: dictionary = ContextualDictionary.en_US ; version = 1439591731 ; date = ?
I/ActivityManager( 480): Start proc 841:android.process.acore/u0a2 for content provider com.android.providers.userdictionary/.UserDictionaryProvider
W/ResourceType( 607): No package identifier when getting value for resource number 0x00000000
W/PackageManager( 607): Failure retrieving resources for com.android.settings: Resource ID #0x0
I/fsck_msdos( 158): ** Phase 2 - Check Cluster Chains
I/fsck_msdos( 158): ** Phase 3 - Checking Directories
D/DisplayPowerController( 480): MSG_BUTTON_LIGHTS_TIME_OUT
E/Lights ( 480): write_int failed to open sys/class/leds/rk29_key_led/brightness
I/Lights ( 480): >>> Enter set_keyboard_light
I/LatinIME:LogUtils( 674): Dictionary info: dictionary = PersonalizationDictionary.en_US ; version = 1439591731 ; date = ?
I/LatinIME:LogUtils( 674): Dictionary info: dictionary = PersonalizationDictionary.en_US ; version = 1439591731 ; date = ?
I/LatinIME:LogUtils( 674): Dictionary info: dictionary = main:en ; version = 47 ; date = 1402373178
I/ContactLocale( 841): AddressBook Labels [en-US]: [, A, B, C, D, E, F, G, H, I, J, K, L, M, N, O, P, Q, R, S, T, U, V, W, X, Y, Z, Α, Β, Γ, Δ, Ε, Ζ, Η, Θ, Ι, Κ, Λ, Μ, Ν, Ξ, Ο, Π, Ρ, Σ, Τ, Υ, Φ, Χ, Ψ, Ω, , А, Б, В, Г, Д, Ђ, Е, Є, Ж, З, И, І, Ї, Й, Ј, К, Л, Љ, М, Н, Њ, О, П, Р, С, Т, Ћ, У, Ф, Х, Ц, Ч, Џ, Ш, Щ, Ю, Я, , א, ב, ג, ד, ה, ו, ז, ח, ט, י, כ, ל, מ, נ, ס, ע, פ, צ, ק, ר, ש, ת, , ا, ب, ت, ث, ج, ح, خ, د, ذ, ر, ز, س, ش, ص, ض, ط, ظ, ع, غ, ف, ق, ك, ل, م, ن, ه, و, ي, , ก, ข, ฃ, ค, ฅ, ฆ, ง, จ, ฉ, ช, ซ, ฌ, ญ, ฎ, ฏ, ฐ, ฑ, ฒ, ณ, ด, ต, ถ, ท, ธ, น, บ, ป, ผ, ฝ, พ, ฟ, ภ, ม, ย, ร, ฤ, ล, ฦ, ว, ศ, ษ, ส, ห, ฬ, อ, ฮ, , ㄱ, ㄴ, ㄷ, ㄹ, ㅁ, ㅂ, ㅅ, ㅇ, ㅈ, ㅊ, ㅋ, ㅌ, ㅍ, ㅎ, , あ, か, さ, た, な, は, ま, や, ら, わ, #, ]
D/VolumeUI( 607): Registering volume controller
I/StatusBarManagerService( 480): registerStatusBar bar=com.android.internal.statusbar.IStatusBar$Stub$Proxy@f68e37e
D/WifiService( 480): New client listening to asynchronous messages
D/BluetoothManagerService( 480): Message: 20
D/BluetoothManagerService( 480): Added callback: android.bluetooth.IBluetoothManagerCallback$Stub$Proxy@1e23dbf4:true
D/BluetoothAdapter( 607): 887592240: getState() : mService = null. Returning STATE_OFF
D/BluetoothAdapter( 607): 887592240: getState() : mService = null. Returning STATE_OFF
D/BluetoothManagerService( 480): Message: 30
D/BluetoothManagerService( 480): Message: 30
E/BluetoothA2dpSink( 607): Could not bind to Bluetooth A2DP Service with Intent { act=android.bluetooth.IBluetoothA2dpSink }
D/BluetoothManagerService( 480): Message: 30
E/BluetoothAvrcpController( 607): Could not bind to Bluetooth AVRCP Controller Service with Intent { act=android.bluetooth.IBluetoothAvrcpController }
D/BluetoothManagerService( 480): Message: 30
D/BluetoothManagerService( 480): Trying to bind to profile: 1, while Bluetooth was disabled
D/BluetoothManagerService( 480): Message: 30
E/BluetoothHeadsetClient( 607): Could not bind to Bluetooth Headset Client Service with Intent { act=android.bluetooth.IBluetoothHeadsetClient }
D/BluetoothManagerService( 480): Message: 30
D/BluetoothMap( 607): Create BluetoothMap proxy object
D/BluetoothManagerService( 480): Message: 30
E/BluetoothMap( 607): Could not bind to Bluetooth MAP Service with Intent { act=android.bluetooth.IBluetoothMap }
D/BluetoothManagerService( 480): Message: 30
D/ConnectivityService( 480): listenForNetwork for NetworkRequest [ id=2, legacyType=-1, [] ]
E/blb ( 607): mmEthernetVisible: false
E/blb ( 607): mmEthernetVisible: false
E/blb ( 607): mmEthernetVisible: false
I/CameraManagerGlobal( 607): getCameraService: Reconnecting to camera service
D/mmk ( 607): onStatusChangedLocked.+++++++
E/CameraManagerGlobal( 607): Camera id 0 has status changed to 0x1
D/mmk ( 607): onStatusChangedLocked.+++++++
E/CameraManagerGlobal( 607): Camera id 1 has status changed to 0x1
I/CameraService( 165): getCameraCharacteristics: Switching to HAL1 shim implementation...
D/CameraHal( 165): camera_get_camera_info(1306): camera_get_camera_info(1306): camera_0 facing(0), orientation(0)
D/CameraHal( 165): camera_get_camera_info(1306): camera_get_camera_info(1306): camera_0 facing(0), orientation(0)
I/AwesomePlayer( 165): AwesomePlayer::AwesomePlayer()in
I/AwesomePlayer( 165): AwesomePlayer::AwesomePlayer()aftermClient.connect()
I/AwesomePlayer( 165): setDataSource_l()
I/OMXCodec( 165): --->InstantiateSoftwareCodec create OMX.google.vorbis.decoder codec
I/OMXCodec( 165): Successfully allocated OMX node 'OMX.google.vorbis.decoder'
I/AwesomePlayer( 165): AwesomePlayer::AwesomePlayer()in
I/AwesomePlayer( 165): AwesomePlayer::AwesomePlayer()aftermClient.connect()
I/AwesomePlayer( 165): setDataSource_l()
I/OMXCodec( 165): --->InstantiateSoftwareCodec create OMX.google.vorbis.decoder codec
I/OMXCodec( 165): Successfully allocated OMX node 'OMX.google.vorbis.decoder'
I/CameraClient( 165): Opening camera 0
D/mmk ( 607): onStatusChangedLocked.+++++++
D/CameraHal( 165): camera_get_camera_info(1306): camera_get_camera_info(1306): camera_0 facing(0), orientation(0)
I/CameraHal( 165): camera_device_open(496): camera_device open
D/CameraHal( 165): gCameraHalLogLevel: 0
E/CameraManagerGlobal( 607): Camera id 0 has status changed to 0x80000000
D/CameraHal( 165): CameraHal(138): it is a isp camera
D/CameraHal( 165): Calling process is: /system/bin/mediaserver
I/vpu_mem_pool( 165): pid 165, open_vpu_memory_pool:473: success
E/vpu_mem_pool( 165): ERROR, pid 165, vpu_memory_status_observer:918: bind error!
I/vpu_mem_pool( 165): pid 165, vpu_mem_allocator:717: vpu memory pool size (80000)
I/vpu_mem_pool( 165): pid 165, vpu_mem_allocator:720: ion_alloc_fd success, memory fd 33
E/CameraHal( 165): disconnectCamera(1691): getFocusLimits failed!
I/vpu_mem_pool( 165): pid 165, vpu_mem_allocator:717: vpu memory pool size (160000)
I/vpu_mem_pool( 165): pid 165, vpu_mem_allocator:720: ion_alloc_fd success, memory fd 35
I/vpu_mem_pool( 165): pid 165, vpu_mem_allocator:717: vpu memory pool size (240000)
I/vpu_mem_pool( 165): pid 165, vpu_mem_allocator:720: ion_alloc_fd success, memory fd 36
I/vpu_mem_pool( 165): pid 165, vpu_mem_allocator:717: vpu memory pool size (320000)
I/vpu_mem_pool( 165): pid 165, vpu_mem_allocator:720: ion_alloc_fd success, memory fd 37
I/vpu_mem_pool( 165): pid 165, vpu_mem_allocator:717: vpu memory pool size (400000)
I/vpu_mem_pool( 165): pid 165, vpu_mem_allocator:720: ion_alloc_fd success, memory fd 38
I/vpu_mem_pool( 165): pid 165, vpu_mem_allocator:717: vpu memory pool size (480000)
I/vpu_mem_pool( 165): pid 165, vpu_mem_allocator:720: ion_alloc_fd success, memory fd 39
I/vpu_mem_pool( 165): pid 165, vpu_mem_allocator:717: vpu memory pool size (560000)
I/vpu_mem_pool( 165): pid 165, vpu_mem_allocator:720: ion_alloc_fd success, memory fd 40
I/vpu_mem_pool( 165): pid 165, vpu_mem_allocator:717: vpu memory pool size (640000)
I/vpu_mem_pool( 165): pid 165, vpu_mem_allocator:720: ion_alloc_fd success, memory fd 41
I/vpu_mem_pool( 165): pid 165, vpu_mem_allocator:717: vpu memory pool size (720000)
I/vpu_mem_pool( 165): pid 165, vpu_mem_allocator:720: ion_alloc_fd success, memory fd 42
I/vpu_mem_pool( 165): pid 165, vpu_mem_allocator:717: vpu memory pool size (800000)
I/vpu_mem_pool( 165): pid 165, vpu_mem_allocator:720: ion_alloc_fd success, memory fd 43
D/CameraHal_Marvin( 165):
D/CameraHal_Marvin( 165):
D/CameraHal_Marvin( 165):
D/CameraHal_Marvin( 165): CameraHal Version Check:
D/CameraHal_Marvin( 165): CamSys_Head.h version:
D/CameraHal_Marvin( 165): kernel: (0x) v0.a.0
D/CameraHal_Marvin( 165): libisp_siliconimage_isp.so: (0x) v0.a.0
D/CameraHal_Marvin( 165): LibIsp version:
D/CameraHal_Marvin( 165): local: (0x) v1.27.0
D/CameraHal_Marvin( 165): camera.rk30board.so: (0x) v1.27.0
D/CameraHal_Marvin( 165): Sensor ISI version:
D/CameraHal_Marvin( 165): libisp_isi_drv_XXX: (0x) v0.a.0
D/CameraHal_Marvin( 165): libisp_siliconimage_isp.so: (0x) v0.a.0
D/CameraHal_Marvin( 165): Tunning XML version:
D/CameraHal_Marvin( 165): libisp_isi_drv_XXX: (30-April-2014_OUYANG_OV8825_FX288_v0.1.0)
D/CameraHal_Marvin( 165): Calibdb: (1-August-2014_OUYANG_OV8825_FX288_v0.3.0)
D/CameraHal_Marvin( 165): sensor name OV8825:
D/CameraHal_Marvin( 165): sensor drv version: (0x) v0.a.0
D/CameraHal_Marvin( 165):
D/CameraHal_Marvin( 165):
D/CameraHal_Marvin( 165):
D/CameraHal( 165): setupPreview(248): isp out put format is YUV420SP.
D/gpslogd ( 480): agps_set_server: Waiting for IPC connection - timeout
E/gpslogd ( 480): LIBGPS: Cannot communicate (write) with a GPSD
E/gpslogd ( 480): IPC Communication Error, /tmp/12861424_190916/customers/broadcom/Lophiusandroid/../../../proprietary/deliverables/android/gps_interface/../gps_interface/gpsi_client/GpsiClient.cpp:1075 agps_set_server
I/System ( 480): Loaded time zone names for "" in 30ms (29ms in ICU)
I/System ( 480): Loaded time zone names for "en_US" in 23ms (20ms in ICU)
E/GpsLocationProvider( 480): no GPS configuration interface in configuraiton_update
D/GpsLocationProvider( 480): final config = #Sat Aug 15 00:35:32 GMT+02:00 2015
D/GpsLocationProvider( 480): SUPL_VER=0x20000
D/GpsLocationProvider( 480): SUPL_HOST=supl.google.com
D/GpsLocationProvider( 480): NTP_SERVER=north-america.pool.ntp.org
D/GpsLocationProvider( 480): SUPL_PORT=7275
D/GpsLocationProvider( 480): SUPL_MODE=1
W/android.bg( 892): type=1400 audit(0.0:8): avc: denied { setattr } for name=".gps.interface.pipe.to_gpsd" dev="mmcblk0p12" ino=55778 scontext=u:r:system_server:s0 tcontext=u:object_r:gps_data_file:s0 tclass=fifo_file permissive=0
W/android.bg( 892): type=1400 audit(0.0:9): avc: denied { write } for name=".gps.interface.pipe.to_gpsd" dev="mmcblk0p12" ino=55778 scontext=u:r:system_server:s0 tcontext=u:object_r:gps_data_file:s0 tclass=fifo_file permissive=0
W/ServiceWatcher( 480): com.google.android.gms not found
W/ServiceWatcher( 480): com.google.android.gms not found
W/LocationManagerService( 480): no network location provider found
W/ServiceWatcher( 480): com.google.android.gms not found
W/ServiceWatcher( 480): com.google.android.gms not found
E/LocationManagerService( 480): no geocoder provider found
E/FlpHardwareProvider( 480): Error hw_get_module 'flp': -2
D/CameraHal( 165): enableSensor(203): orientation = 0xb40a7c10 (MPL accel)
E/LocationManagerService( 480): FLP HAL not supported
V/Sensors ( 480): int poll__activate(sensors_poll_device_t*, int, int)
V/Sensors ( 480): int sensors_poll_context_t::activate(int, int)
V/Sensors ( 480): enable - sensor Accelerometer (handle 4) dis -> en
V/Sensors ( 480): enabled_sensors: 16 dmp_started: 0
V/Sensors ( 480): calling inv_set_mpu_sensors(000070)
I/MPL-fifo( 480): Actual ODR: 28571 mHz
V/Sensors ( 480): Starting DMP
E/Sensors ( 480): Cannot enable 9 axis sensor fusion - already enabled
W/ServiceWatcher( 480): com.google.android.gms not found
E/LocationManagerService( 480): Unable to bind FLP Geofence proxy.
E/ActivityRecognitionHardware( 480): Error hw_get_module: -2
E/LocationManagerService( 480): Hardware Activity-Recognition not supported.
D/gpslogd ( 480): agps_set_server: Waiting for IPC connection...
I/CommonTimeManagementService( 480): No common time service detected on this platform. Common time services will be unavailable.
I/InputReader( 480): Reconfiguring input devices. changes=0x00000020
I/MmsServiceBroker( 480): Delay connecting to MmsService until an API is called
W/VoiceInteractionManagerService( 480): no available voice interaction services found for user 0
W/VoiceInteractionManagerService( 480): no available voice recognition services found for user 0
I/InputReader( 480): Reconfiguring input devices. changes=0x00000010
I/MPL-mldl_cfg_mpu:( 480): inv_mpu_resume(,,,,0070) -> 0070
V/Sensors ( 480): int poll__setDelay(sensors_poll_device_t*, int, int64_t)
V/Sensors ( 480): int sensors_poll_context_t::setDelay(int, int64_t)
V/Sensors ( 480): setDelay - sensor Accelerometer (handle 4), rate 20 ms (50.00 Hz)
V/Sensors ( 480): set fifo rate - divider : 3, delay : 20 ms (50.00 Hz)
I/MPL-mldl_cfg_mpu:( 480): inv_mpu_suspend(,,,,7fff) -> 0000
I/MPL-fifo( 480): Actual ODR: 50000 mHz
I/ActivityManager( 480): Start proc 893:com.android.phone/1001 for added application com.android.phone
I/ActivityManager( 480): START u0 {act=android.intent.action.MAIN cat=[android.intent.category.HOME] flg=0x10000000 cmp=com.android.launcher3/.Launcher} from uid 0 on display 0
I/MPL-mldl_cfg_mpu:( 480): inv_mpu_resume(,,,,0070) -> 0070
V/Sensors ( 480): int poll__setDelay(sensors_poll_device_t*, int, int64_t)
V/Sensors ( 480): int sensors_poll_context_t::setDelay(int, int64_t)
V/Sensors ( 480): setDelay - sensor Accelerometer (handle 4), rate 100 ms (10.00 Hz)
V/Sensors ( 480): set fifo rate - divider : 19, delay : 100 ms (10.00 Hz)
I/MPL-mldl_cfg_mpu:( 480): inv_mpu_suspend(,,,,7fff) -> 0000
W/android.bg( 892): type=1400 audit(0.0:10): avc: denied { write } for name=".gps.interface.pipe.to_gpsd" dev="mmcblk0p12" ino=55778 scontext=u:r:system_server:s0 tcontext=u:object_r:gps_data_file:s0 tclass=fifo_file permissive=0
V/WindowManager( 480): addAppToken: AppWindowToken{3daa58fe token=Token{23ebecb9 ActivityRecord{a8ade80 u0 com.android.launcher3/.Launcher t15}}} to stack=0 task=15 at 0
I/MPL-fifo( 480): Actual ODR: 10000 mHz
I/art ( 171): Explicit concurrent mark sweep GC freed 704(30KB) AllocSpace objects, 0(0B) LOS objects, 40% free, 9MB/15MB, paused 850us total 9.976ms
I/art ( 171): Explicit concurrent mark sweep GC freed 5(160B) AllocSpace objects, 0(0B) LOS objects, 40% free, 9MB/15MB, paused 184us total 8.127ms
I/art ( 171): Explicit concurrent mark sweep GC freed 5(160B) AllocSpace objects, 0(0B) LOS objects, 40% free, 9MB/15MB, paused 177us total 7.779ms
I/MPL-mldl_cfg_mpu:( 480): inv_mpu_resume(,,,,0070) -> 0070
W/CameraService( 165): CameraService::connect X (id 0, this pid is 165, name media)
D/CameraHal( 165): commandThread(987): commandThread(987): receive CMD_PREVIEW_CAPTURE_CANCEL
D/CameraHal( 165): commandThread(995): commandThread(995): CMD_PREVIEW_CAPTURE_CANCEL out
D/CameraHal( 165): cancelPicture(566): cancel picture OK.
D/CameraHal( 165): commandThread(915): commandThread(915):receive CMD_PREVIEW_STOP
D/CameraHal( 165): commandThread(936): commandThread(936): CMD_PREVIEW_STOP out
D/CameraHal( 165): stopPreview(367): stop preview OK.
I/CameraClient( 165): Destroying camera 0
D/CameraHal( 165): camera_device_close(447): camera_device_close
D/CameraHal( 165): disableSensor(222): orientation = 0xb40a7c10 (MPL accel)
V/Sensors ( 480): int poll__activate(sensors_poll_device_t*, int, int)
V/Sensors ( 480): int sensors_poll_context_t::activate(int, int)
V/Sensors ( 480): enable - sensor Accelerometer (handle 4) en -> dis
V/Sensors ( 480): enabled_sensors: 0 dmp_started: 1
V/Sensors ( 480): Stopping DMP
I/Sensors ( 480): Disabled 9 axis sensor fusion
I/MPL-mldl_cfg_mpu:( 480): inv_mpu_suspend(,,,,7fff) -> 0000
D/CameraHal( 165): ~SensorListener(110): Kill looper thread
D/CameraHal( 165): ~SensorListener(122): Kill looper
D/CameraHal( 165): ~SensorListener(128): SensorListener destroyed
D/CameraHal( 165): displayThread(615): displayThread(615): receive CMD_DISPLAY_STOP
D/CameraHal( 165): cameraDisplayBufferDestory(392): cameraDisplayBufferDestory(392): mANativeWindow is NULL, destory is ignore
D/CameraHal( 165): encProcessThread(1519): encProcessThread(1519): receive CMD_ENCPROCESS_EXIT
I/vpu_mem_pool( 165): pid 165, close_vpu_memory_pool:501: vpu memory pool size (720000)
I/vpu_mem_pool( 165): pid 165, close_vpu_memory_pool:501: vpu memory pool size (640000)
I/vpu_mem_pool( 165): pid 165, close_vpu_memory_pool:501: vpu memory pool size (560000)
I/vpu_mem_pool( 165): pid 165, close_vpu_memory_pool:501: vpu memory pool size (480000)
I/vpu_mem_pool( 165): pid 165, close_vpu_memory_pool:501: vpu memory pool size (400000)
I/vpu_mem_pool( 165): pid 165, close_vpu_memory_pool:501: vpu memory pool size (320000)
I/vpu_mem_pool( 165): pid 165, close_vpu_memory_pool:501: vpu memory pool size (240000)
I/vpu_mem_pool( 165): pid 165, close_vpu_memory_pool:501: vpu memory pool size (160000)
I/vpu_mem_pool( 165): pid 165, close_vpu_memory_pool:501: vpu memory pool size (80000)
I/vpu_mem_pool( 165): pid 165, close_vpu_memory_pool:501: vpu memory pool size (0)
I/vpu_mem_pool( 165): pid 165, close_vpu_memory_pool:552:
I/ActivityManager( 480): Start proc 911:com.android.launcher3/u0a33 for activity com.android.launcher3/.Launcher
V/ActivityManager( 480): Display changed displayId=0
D/WifiScanningService( 480): SCAN_AVAILABLE : 1
D/RttService( 480): SCAN_AVAILABLE : 1
D/RttService( 480): DefaultState got{ when=0 what=160513 target=com.android.internal.util.StateMachine$SmHandler }
D/WifiScanningService( 480): DefaultState got{ when=0 what=160007 target=com.android.internal.util.StateMachine$SmHandler }
V/ActivityManager( 480): Display changed displayId=0
I/Choreographer( 480): Skipped 134 frames! The application may be doing too much work on its main thread.
W/android.bg( 892): type=1400 audit(0.0:11): avc: denied { write } for name=".gps.interface.pipe.to_gpsd" dev="mmcblk0p12" ino=55778 scontext=u:r:system_server:s0 tcontext=u:object_r:gps_data_file:s0 tclass=fifo_file permissive=0
V/ActivityManager( 480): Display changed displayId=0
D/ljh ( 480): -----------------------starting.info.screenOrientation=5
W/android.bg( 892): type=1400 audit(0.0:12): avc: denied { write } for name=".gps.interface.pipe.to_gpsd" dev="mmcblk0p12" ino=55778 scontext=u:r:system_server:s0 tcontext=u:object_r:gps_data_file:s0 tclass=fifo_file permissive=0
I/fsck_msdos( 158): ** Phase 4 - Checking for Lost Files
I/fsck_msdos( 158): 251 files, 351104 free (10972 clusters)
I/Vold ( 158): Filesystem check completed OK
E/Vold ( 158): ---------set mSkipAsec to enable app2sd because mount Vfat succeed for external_sd, mountpoint =/mnt/external_sd
D/CameraHal( 165): commandThread(1099): commandThread(1099): receive CMD_EXIT
D/CameraHal( 165): ~CameraHal(298): CameraHal destory success
W/CameraService( 165): removeClient: clear camera 0, package name media
D/mmk ( 607): onStatusChangedLocked.+++++++
E/CameraManagerGlobal( 607): Camera id 0 has status changed to 0x1
I/FrameQueueManage( 165): FrameQueueManage::~FrameQueueManage end!
I/FrameQueueManage( 165): FrameQueueManage::~FrameQueueManage end!
I/CameraService( 165): getCameraCharacteristics: Switching to HAL1 shim implementation...
D/CameraHal( 165): camera_get_camera_info(1306): camera_get_camera_info(1306): camera_1 facing(1), orientation(0)
D/CameraHal( 165): camera_get_camera_info(1306): camera_get_camera_info(1306): camera_1 facing(1), orientation(0)
I/AwesomePlayer( 165): AwesomePlayer::AwesomePlayer()in
I/AwesomePlayer( 165): AwesomePlayer::AwesomePlayer()aftermClient.connect()
I/AwesomePlayer( 165): setDataSource_l()
W/android.bg( 892): type=1400 audit(0.0:13): avc: denied { write } for name=".gps.interface.pipe.to_gpsd" dev="mmcblk0p12" ino=55778 scontext=u:r:system_server:s0 tcontext=u:object_r:gps_data_file:s0 tclass=fifo_file permissive=0
I/Telecom ( 480): TelecomGlobals: TelecomGlobals initializing
I/OMXCodec( 165): --->InstantiateSoftwareCodec create OMX.google.vorbis.decoder codec
D/BluetoothManagerService( 480): Trying to bind to profile: 1, while Bluetooth was disabled
D/BluetoothManagerService( 480): Message: 30
I/OMXCodec( 165): Successfully allocated OMX node 'OMX.google.vorbis.decoder'
I/AwesomePlayer( 165): AwesomePlayer::AwesomePlayer()in
I/AwesomePlayer( 165): AwesomePlayer::AwesomePlayer()aftermClient.connect()
I/AwesomePlayer( 165): setDataSource_l()
I/Telecom ( 480): TelecomGlobals: CallsManager initialized
W/ContextImpl( 480): Calling a method in the system process without a qualified user: android.app.ContextImpl.startService:1704 android.content.ContextWrapper.startService:516 com.android.server.telecom.BluetoothPhoneService.start:440 com.android.server.telecom.TelecomGlobals.initialize:93 com.android.server.telecom.TelecomService.onCreate:164
I/ValidateNoPeople( 480): skipping global notification
D/Tethering( 480): UsbManager.ACTION_USB_STATE: true, false, false
D/ZenLog ( 480): downtime: Autotrigger skipped: not in downtime
I/ValidateNoPeople( 480): skipping global notification
I/OMXCodec( 165): --->InstantiateSoftwareCodec create OMX.google.vorbis.decoder codec
I/OMXCodec( 165): Successfully allocated OMX node 'OMX.google.vorbis.decoder'
I/CameraClient( 165): Opening camera 1
D/CameraHal( 165): camera_get_camera_info(1306): camera_get_camera_info(1306): camera_1 facing(1), orientation(0)
I/CameraHal( 165): camera_device_open(496): camera_device open
D/CameraHal( 165): gCameraHalLogLevel: 0
D/mmk ( 607): onStatusChangedLocked.+++++++
D/CameraHal( 165): CameraHal(130): it is a isp soc camera
E/CameraManagerGlobal( 607): Camera id 1 has status changed to 0x80000000
D/CameraHal( 165): Calling process is: /system/bin/mediaserver
I/vpu_mem_pool( 165): pid 165, open_vpu_memory_pool:473: success
I/vpu_mem_pool( 165): pid 165, vpu_mem_allocator:717: vpu memory pool size (80000)
I/vpu_mem_pool( 165): pid 165, vpu_mem_allocator:720: ion_alloc_fd success, memory fd 34
E/CameraHal( 165): disconnectCamera(1691): getFocusLimits failed!
I/vpu_mem_pool( 165): pid 165, vpu_mem_allocator:717: vpu memory pool size (160000)
I/vpu_mem_pool( 165): pid 165, vpu_mem_allocator:720: ion_alloc_fd success, memory fd 35
I/vpu_mem_pool( 165): pid 165, vpu_mem_allocator:717: vpu memory pool size (240000)
I/vpu_mem_pool( 165): pid 165, vpu_mem_allocator:720: ion_alloc_fd success, memory fd 36
I/vpu_mem_pool( 165): pid 165, vpu_mem_allocator:717: vpu memory pool size (320000)
I/vpu_mem_pool( 165): pid 165, vpu_mem_allocator:720: ion_alloc_fd success, memory fd 37
I/vpu_mem_pool( 165): pid 165, vpu_mem_allocator:717: vpu memory pool size (400000)
I/vpu_mem_pool( 165): pid 165, vpu_mem_allocator:720: ion_alloc_fd success, memory fd 38
I/vpu_mem_pool( 165): pid 165, vpu_mem_allocator:717: vpu memory pool size (480000)
I/vpu_mem_pool( 165): pid 165, vpu_mem_allocator:720: ion_alloc_fd success, memory fd 39
I/vpu_mem_pool( 165): pid 165, vpu_mem_allocator:717: vpu memory pool size (560000)
I/vpu_mem_pool( 165): pid 165, vpu_mem_allocator:720: ion_alloc_fd success, memory fd 40
I/vpu_mem_pool( 165): pid 165, vpu_mem_allocator:717: vpu memory pool size (640000)
I/vpu_mem_pool( 165): pid 165, vpu_mem_allocator:720: ion_alloc_fd success, memory fd 41
I/vpu_mem_pool( 165): pid 165, vpu_mem_allocator:717: vpu memory pool size (720000)
I/vpu_mem_pool( 165): pid 165, vpu_mem_allocator:720: ion_alloc_fd success, memory fd 42
I/vpu_mem_pool( 165): pid 165, vpu_mem_allocator:717: vpu memory pool size (800000)
I/vpu_mem_pool( 165): pid 165, vpu_mem_allocator:720: ion_alloc_fd success, memory fd 43
W/android.bg( 892): type=1400 audit(0.0:14): avc: denied { write } for name=".gps.interface.pipe.to_gpsd" dev="mmcblk0p12" ino=55778 scontext=u:r:system_server:s0 tcontext=u:object_r:gps_data_file:s0 tclass=fifo_file permissive=0
W/ResourcesManager( 480): Asset path '/system/framework/com.android.location.provider.jar' does not exist or contains no resources.
W/android.bg( 892): type=1400 audit(0.0:15): avc: denied { write } for name=".gps.interface.pipe.to_gpsd" dev="mmcblk0p12" ino=55778 scontext=u:r:system_server:s0 tcontext=u:object_r:gps_data_file:s0 tclass=fifo_file permissive=0
D/GpsNetInitiatedHandler( 480): location enabled :true
V/WiredAccessoryManager( 480): init()
D/Launcher.LauncherProvider( 911): 11683562 - initializeMaxScreenId(): 3
D/BluetoothManagerService( 480): Message: 300
D/BluetoothManagerService( 480): MESSAGE_USER_SWITCHED
I/art ( 480): Explicit concurrent mark sweep GC freed 17192(1104KB) AllocSpace objects, 6(91KB) LOS objects, 33% free, 6MB/9MB, paused 1.296ms total 34.760ms
D/PermissionCache( 159): checking android.permission.HARDWARE_TEST for uid=1000 => granted (120 us)
V/Launcher( 911): LauncherAppState inited
D/CameraHal_Marvin( 165):
D/CameraHal_Marvin( 165):
D/CameraHal_Marvin( 165):
D/CameraHal_Marvin( 165): CameraHal Version Check:
D/CameraHal_Marvin( 165): CamSys_Head.h version:
D/CameraHal_Marvin( 165): kernel: (0x) v0.a.0
D/CameraHal_Marvin( 165): libisp_siliconimage_isp.so: (0x) v0.a.0
D/CameraHal_Marvin( 165): LibIsp version:
D/CameraHal_Marvin( 165): local: (0x) v1.27.0
D/CameraHal_Marvin( 165): camera.rk30board.so: (0x) v1.27.0
D/CameraHal_Marvin( 165): Sensor ISI version:
D/CameraHal_Marvin( 165): libisp_isi_drv_XXX: (0x) v0.a.0
D/CameraHal_Marvin( 165): libisp_siliconimage_isp.so: (0x) v0.a.0
D/CameraHal_Marvin( 165): sensor name OV2659:
D/CameraHal_Marvin( 165): sensor drv version: (0x) v0.6.0
D/CameraHal_Marvin( 165):
D/CameraHal_Marvin( 165):
D/CameraHal_Marvin( 165):
D/Launcher.Model( 911): Old launcher provider: content://com.android.launcher2.settings/favorites?notify=true
D/Launcher.Model( 911): Old launcher provider does not exist.
V/BackupManagerService( 480): Connected to transport ComponentInfo{android/com.android.internal.backup.LocalTransportService}
V/BackupManagerService( 480): Registering transport android/com.android.internal.backup.LocalTransportService::android/com.android.internal.backup.LocalTransport = android.app.backup.BackupTransport$TransportImpl@17d4691e
V/ActivityManager( 480): Display changed displayId=0
W/Launcher( 911): setApplicationContext called twice! old=com.android.launcher3.LauncherApplication@19fbcf34 new=com.android.launcher3.LauncherApplication@19fbcf34
W/android.bg( 892): type=1400 audit(0.0:16): avc: denied { write } for name=".gps.interface.pipe.to_gpsd" dev="mmcblk0p12" ino=55778 scontext=u:r:system_server:s0 tcontext=u:object_r:gps_data_file:s0 tclass=fifo_file permissive=0
D/TelephonyProvider( 893): dbh.onOpen: ok, queried table=siminfo
D/TelephonyProvider( 893): dbh.onOpen: ok, queried table=carriers
D/BluetoothManagerService( 480): Trying to bind to profile: 1, while Bluetooth was disabled
D/BluetoothManagerService( 480): Message: 30
W/IInputConnectionWrapper( 480): showStatusIcon on inactive InputConnection
W/android.bg( 892): type=1400 audit(0.0:17): avc: denied { write } for name=".gps.interface.pipe.to_gpsd" dev="mmcblk0p12" ino=55778 scontext=u:r:system_server:s0 tcontext=u:object_r:gps_data_file:s0 tclass=fifo_file permissive=0
W/ResourceType( 911): Attempt to retrieve bag 0x7f0d0008 which is invalid or in a cycle.
I/ActivityManager( 480): Start proc 958:com.android.smspush/u0a55 for service com.android.smspush/.WapPushManager
E/CameraHal_Marvin( 165): ADPF: AdpfStart: Can't enable CamerIc DPF (8)
E/CameraHal_Marvin( 165): ADPCC: AdpccStart: Can't enable CamerIc DPCC (8)
D/CameraHal( 165): Calling process is: /system/bin/mediaserver
D/CameraHal( 165): enableSensor(203): orientation = 0xb40a7c10 (MPL accel)
V/Sensors ( 480): int poll__activate(sensors_poll_device_t*, int, int)
V/Sensors ( 480): int sensors_poll_context_t::activate(int, int)
V/Sensors ( 480): enable - sensor Accelerometer (handle 4) dis -> en
V/Sensors ( 480): enabled_sensors: 16 dmp_started: 0
V/Sensors ( 480): Starting DMP
E/ ( 480): /home/mzhang/works/nexusprime/full_source/branch-CAN-4.1.1/mltools/batch/mlsdk-rel-android-src-CONFIDENTIAL/mldmp/mlsupervisor_9axis.c|inv_enable_9x_fusion_legacy|299 returning 1
E/Sensors ( 480): Error while trying to enable 9 axis sensor fusion : 1
E/DcSwitchStateMachine-0( 893): DctController is not ready
D/Launcher.Model( 911): 11683562 - loadWorkspace()
I/MPL-mldl_cfg_mpu:( 480): inv_mpu_resume(,,,,0070) -> 0070
V/Sensors ( 480): int poll__setDelay(sensors_poll_device_t*, int, int64_t)
V/Sensors ( 480): int sensors_poll_context_t::setDelay(int, int64_t)
V/Sensors ( 480): setDelay - sensor Accelerometer (handle 4), rate 20 ms (50.00 Hz)
V/Sensors ( 480): set fifo rate - divider : 3, delay : 20 ms (50.00 Hz)
D/Launcher.Model( 911): 11683562 - loadedOldDb: false
E/ConnectivityService( 480): Failed to find Messenger in unregisterNetworkFactory
I/MPL-mldl_cfg_mpu:( 480): inv_mpu_suspend(,,,,7fff) -> 0000
D/ConnectivityService( 480): Got NetworkFactory Messenger for Telephony
W/Launcher( 911): setApplicationContext called twice! old=com.android.launcher3.LauncherApplication@19fbcf34 new=com.android.launcher3.LauncherApplication@19fbcf34
I/MPL-fifo( 480): Actual ODR: 50000 mHz
D/OpenGLRenderer( 911): Use EGL_SWAP_BEHAVIOR_PRESERVED: true
W/android.bg( 892): type=1400 audit(0.0:18): avc: denied { write } for name=".gps.interface.pipe.to_gpsd" dev="mmcblk0p12" ino=55778 scontext=u:r:system_server:s0 tcontext=u:object_r:gps_data_file:s0 tclass=fifo_file permissive=0
D/Atlas ( 911): Validating map...
W/Atlas ( 911): Pointer 0x0, not in getPreloadedDrawables?
W/Atlas ( 911): Pointer 0x0, not in getPreloadedDrawables?
W/Atlas ( 911): Pointer 0x0, not in getPreloadedDrawables?
W/Atlas ( 911): Pointer 0x0, not in getPreloadedDrawables?
W/Atlas ( 911): Pointer 0x0, not in getPreloadedDrawables?
W/Atlas ( 911): Pointer 0x0, not in getPreloadedDrawables?
W/Atlas ( 911): Pointer 0x0, not in getPreloadedDrawables?
W/Atlas ( 911): Pointer 0x0, not in getPreloadedDrawables?
W/Atlas ( 911): Pointer 0x0, not in getPreloadedDrawables?
W/Atlas ( 911): Pointer 0x0, not in getPreloadedDrawables?
W/Atlas ( 911): Pointer 0x0, not in getPreloadedDrawables?
W/Atlas ( 911): Pointer 0x0, not in getPreloadedDrawables?
W/Atlas ( 911): Pointer 0x0, not in getPreloadedDrawables?
W/Atlas ( 911): Pointer 0x0, not in getPreloadedDrawables?
W/Atlas ( 911): Pointer 0x0, not in getPreloadedDrawables?
W/Atlas ( 911): Pointer 0x0, not in getPreloadedDrawables?
W/Atlas ( 911): Pointer 0x0, not in getPreloadedDrawables?
W/Atlas ( 911): Pointer 0x0, not in getPreloadedDrawables?
W/Atlas ( 911): Pointer 0x0, not in getPreloadedDrawables?
W/Atlas ( 911): Pointer 0x0, not in getPreloadedDrawables?
W/Atlas ( 911): Pointer 0x0, not in getPreloadedDrawables?
W/Atlas ( 911): Pointer 0x0, not in getPreloadedDrawables?
W/Atlas ( 911): Pointer 0x0, not in getPreloadedDrawables?
W/Atlas ( 911): Pointer 0x0, not in getPreloadedDrawables?
W/Atlas ( 911): Pointer 0x0, not in getPreloadedDrawables?
W/Atlas ( 911): Pointer 0x0, not in getPreloadedDrawables?
W/Atlas ( 911): Pointer 0x0, not in getPreloadedDrawables?
W/Atlas ( 911): Pointer 0x0, not in getPreloadedDrawables?
W/Atlas ( 911): Pointer 0x0, not in getPreloadedDrawables?
W/Atlas ( 911): Pointer 0x0, not in getPreloadedDrawables?
W/Atlas ( 911): Pointer 0x0, not in getPreloadedDrawables?
W/Atlas ( 911): Pointer 0x0, not in getPreloadedDrawables?
W/Atlas ( 911): Pointer 0x0, not in getPreloadedDrawables?
W/Atlas ( 911): Pointer 0x0, not in getPreloadedDrawables?
W/Atlas ( 911): Pointer 0x0, not in getPreloadedDrawables?
W/Atlas ( 911): Pointer 0x0, not in getPreloadedDrawables?
W/Atlas ( 911): Pointer 0x0, not in getPreloadedDrawables?
W/Atlas ( 911): Pointer 0x0, not in getPreloadedDrawables?
W/Atlas ( 911): Pointer 0x0, not in getPreloadedDrawables?
W/Atlas ( 911): Pointer 0x0, not in getPreloadedDrawables?
W/Atlas ( 911): Pointer 0x0, not in getPreloadedDrawables?
W/Atlas ( 911): Pointer 0x0, not in getPreloadedDrawables?
W/Atlas ( 911): Pointer 0x0, not in getPreloadedDrawables?
W/Atlas ( 911): Pointer 0x0, not in getPreloadedDrawables?
W/Atlas ( 911): Pointer 0x0, not in getPreloadedDrawables?
W/Atlas ( 911): Pointer 0x0, not in getPreloadedDrawables?
W/Atlas ( 911): Pointer 0x0, not in getPreloadedDrawables?
W/Atlas ( 911): Pointer 0x0, not in getPreloadedDrawables?
W/Atlas ( 911): Pointer 0x0, not in getPreloadedDrawables?
W/Atlas ( 911): Pointer 0x0, not in getPreloadedDrawables?
W/Atlas ( 911): Pointer 0x0, not in getPreloadedDrawables?
W/Atlas ( 911): Pointer 0x0, not in getPreloadedDrawables?
W/Atlas ( 911): Pointer 0x0, not in getPreloadedDrawables?
W/Atlas ( 911): Pointer 0x0, not in getPreloadedDrawables?
W/Atlas ( 911): Pointer 0x0, not in getPreloadedDrawables?
W/Atlas ( 911): Pointer 0x0, not in getPreloadedDrawables?
W/Atlas ( 911): Pointer 0x0, not in getPreloadedDrawables?
W/Atlas ( 911): Pointer 0x0, not in getPreloadedDrawables?
W/Atlas ( 911): Pointer 0x0, not in getPreloadedDrawables?
W/Atlas ( 911): Pointer 0x0, not in getPreloadedDrawables?
W/Atlas ( 911): Pointer 0x0, not in getPreloadedDrawables?
W/Atlas ( 911): Pointer 0x0, not in getPreloadedDrawables?
W/Atlas ( 911): Pointer 0x0, not in getPreloadedDrawables?
W/Atlas ( 911): Pointer 0x0, not in getPreloadedDrawables?
W/Atlas ( 911): Pointer 0x0, not in getPreloadedDrawables?
W/Atlas ( 911): Pointer 0x0, not in getPreloadedDrawables?
W/Atlas ( 911): Pointer 0x0, not in getPreloadedDrawables?
W/Atlas ( 911): Pointer 0x0, not in getPreloadedDrawables?
W/Atlas ( 911): Pointer 0x0, not in getPreloadedDrawables?
W/Atlas ( 911): Pointer 0x0, not in getPreloadedDrawables?
W/Atlas ( 911): Pointer 0x0, not in getPreloadedDrawables?
W/Atlas ( 911): Pointer 0x0, not in getPreloadedDrawables?
W/Atlas ( 911): Pointer 0x0, not in getPreloadedDrawables?
W/Atlas ( 911): Pointer 0x0, not in getPreloadedDrawables?
W/Atlas ( 911): Pointer 0x0, not in getPreloadedDrawables?
W/Atlas ( 911): Pointer 0x0, not in getPreloadedDrawables?
W/Atlas ( 911): Pointer 0x0, not in getPreloadedDrawables?
W/Atlas ( 911): Pointer 0x0, not in getPreloadedDrawables?
W/Atlas ( 911): Pointer 0x0, not in getPreloadedDrawables?
W/Atlas ( 911): Pointer 0x0, not in getPreloadedDrawables?
W/Atlas ( 911): Pointer 0x0, not in getPreloadedDrawables?
W/Atlas ( 911): Pointer 0x0, not in getPreloadedDrawables?
W/Atlas ( 911): Pointer 0x0, not in getPreloadedDrawables?
W/Atlas ( 911): Pointer 0x0, not in getPreloadedDrawables?
W/Atlas ( 911): Pointer 0x0, not in getPreloadedDrawables?
W/Atlas ( 911): Pointer 0x0, not in getPreloadedDrawables?
W/Atlas ( 911): Pointer 0x0, not in getPreloadedDrawables?
W/Atlas ( 911): Pointer 0x0, not in getPreloadedDrawables?
W/Atlas ( 911): Pointer 0x0, not in getPreloadedDrawables?
W/Atlas ( 911): Pointer 0x0, not in getPreloadedDrawables?
W/Atlas ( 911): Pointer 0x0, not in getPreloadedDrawables?
W/Atlas ( 911): Pointer 0x0, not in getPreloadedDrawables?
W/Atlas ( 911): Pointer 0x0, not in getPreloadedDrawables?
W/Atlas ( 911): Pointer 0x0, not in getPreloadedDrawables?
W/Atlas ( 911): Pointer 0x0, not in getPreloadedDrawables?
W/Atlas ( 911): Pointer 0x0, not in getPreloadedDrawables?
W/Atlas ( 911): Pointer 0x0, not in getPreloadedDrawables?
W/Atlas ( 911): Pointer 0x0, not in getPreloadedDrawables?
W/Atlas ( 911): Pointer 0x0, not in getPreloadedDrawables?
W/Atlas ( 911): Pointer 0x0, not in getPreloadedDrawables?
W/Atlas ( 911): Pointer 0x0, not in getPreloadedDrawables?
W/Atlas ( 911): Pointer 0x0, not in getPreloadedDrawables?
W/Atlas ( 911): Pointer 0x0, not in getPreloadedDrawables?
W/Atlas ( 911): Pointer 0x0, not in getPreloadedDrawables?
W/Atlas ( 911): Pointer 0x0, not in getPreloadedDrawables?
W/Atlas ( 911): Pointer 0x0, not in getPreloadedDrawables?
W/Atlas ( 911): Pointer 0x0, not in getPreloadedDrawables?
W/Atlas ( 911): Pointer 0x0, not in getPreloadedDrawables?
W/Atlas ( 911): Pointer 0x0, not in getPreloadedDrawables?
W/Atlas ( 911): Pointer 0x0, not in getPreloadedDrawables?
W/Atlas ( 911): Pointer 0x0, not in getPreloadedDrawables?
W/Atlas ( 911): Pointer 0x0, not in getPreloadedDrawables?
W/Atlas ( 911): Pointer 0x0, not in getPreloadedDrawables?
W/Atlas ( 911): Pointer 0x0, not in getPreloadedDrawables?
W/Atlas ( 911): Pointer 0x0, not in getPreloadedDrawables?
W/Atlas ( 911): Pointer 0x0, not in getPreloadedDrawables?
W/Atlas ( 911): Pointer 0x0, not in getPreloadedDrawables?
W/Atlas ( 911): Pointer 0x0, not in getPreloadedDrawables?
W/Atlas ( 911): Pointer 0x0, not in getPreloadedDrawables?
W/Atlas ( 911): Pointer 0x0, not in getPreloadedDrawables?
I/MPL-mldl_cfg_mpu:( 480): inv_mpu_resume(,,,,0070) -> 0070
W/Atlas ( 911): Pointer 0x0, not in getPreloadedDrawables?
W/Atlas ( 911): Pointer 0x0, not in getPreloadedDrawables?
W/Atlas ( 911): Pointer 0x0, not in getPreloadedDrawables?
W/Atlas ( 911): Pointer 0x0, not in getPreloadedDrawables?
W/Atlas ( 911): Pointer 0x0, not in getPreloadedDrawables?
W/Atlas ( 911): Pointer 0x0, not in getPreloadedDrawables?
W/Atlas ( 911): Pointer 0x0, not in getPreloadedDrawables?
W/Atlas ( 911): Pointer 0x0, not in getPreloadedDrawables?
W/Atlas ( 911): Pointer 0x0, not in getPreloadedDrawables?
W/Atlas ( 911): Pointer 0x0, not in getPreloadedDrawables?
V/Sensors ( 480): int poll__setDelay(sensors_poll_device_t*, int, int64_t)
W/Atlas ( 911): Pointer 0x0, not in getPreloadedDrawables?
V/Sensors ( 480): int sensors_poll_context_t::setDelay(int, int64_t)
W/Atlas ( 911): Pointer 0x0, not in getPreloadedDrawables?
V/Sensors ( 480): setDelay - sensor Accelerometer (handle 4), rate 100 ms (10.00 Hz)
W/Atlas ( 911): Pointer 0x0, not in getPreloadedDrawables?
V/Sensors ( 480): set fifo rate - divider : 19, delay : 100 ms (10.00 Hz)
W/Atlas ( 911): Pointer 0x0, not in getPreloadedDrawables?
W/Atlas ( 911): Pointer 0x0, not in getPreloadedDrawables?
W/Atlas ( 911): Pointer 0x0, not in getPreloadedDrawables?
W/Atlas ( 911): Pointer 0x0, not in getPreloadedDrawables?
W/Atlas ( 911): Pointer 0x0, not in getPreloadedDrawables?
W/Atlas ( 911): Pointer 0x0, not in getPreloadedDrawables?
W/Atlas ( 911): Pointer 0x0, not in getPreloadedDrawables?
W/Atlas ( 911): Pointer 0x0, not in getPreloadedDrawables?
W/Atlas ( 911): Pointer 0x0, not in getPreloadedDrawables?
W/Atlas ( 911): Pointer 0x0, not in getPreloadedDrawables?
W/Atlas ( 911): Pointer 0x0, not in getPreloadedDrawables?
W/Atlas ( 911): Pointer 0x0, not in getPreloadedDrawables?
W/Atlas ( 911): Pointer 0x0, not in getPreloadedDrawables?
W/Atlas ( 911): Pointer 0x0, not in getPreloadedDrawables?
W/Atlas ( 911): Pointer 0x0, not in getPreloadedDrawables?
W/Atlas ( 911): Pointer 0x0, not in getPreloadedDrawables?
W/Atlas ( 911): Pointer 0x0, not in getPreloadedDrawables?
W/Atlas ( 911): Pointer 0x0, not in getPreloadedDrawables?
W/Atlas ( 911): Pointer 0x0, not in getPreloadedDrawables?
W/Atlas ( 911): Pointer 0x0, not in getPreloadedDrawables?
W/Atlas ( 911): Pointer 0x0, not in getPreloadedDrawables?
W/Atlas ( 911): Pointer 0x0, not in getPreloadedDrawables?
W/Atlas ( 911): Pointer 0x0, not in getPreloadedDrawables?
W/Atlas ( 911): Pointer 0x0, not in getPreloadedDrawables?
W/Atlas ( 911): Pointer 0x0, not in getPreloadedDrawables?
W/Atlas ( 911): Pointer 0x0, not in getPreloadedDrawables?
W/Atlas ( 911): Pointer 0x0, not in getPreloadedDrawables?
W/Atlas ( 911): Pointer 0x0, not in getPreloadedDrawables?
W/Atlas ( 911): Pointer 0x0, not in getPreloadedDrawables?
W/Atlas ( 911): Pointer 0x0, not in getPreloadedDrawables?
W/Atlas ( 911): Pointer 0x0, not in getPreloadedDrawables?
W/Atlas ( 911): Pointer 0x0, not in getPreloadedDrawables?
W/Atlas ( 911): Pointer 0x0, not in getPreloadedDrawables?
W/Atlas ( 911): Pointer 0x0, not in getPreloadedDrawables?
W/Atlas ( 911): Pointer 0x0, not in getPreloadedDrawables?
W/Atlas ( 911): Pointer 0x0, not in getPreloadedDrawables?
W/Atlas ( 911): Pointer 0x0, not in getPreloadedDrawables?
W/Atlas ( 911): Pointer 0x0, not in getPreloadedDrawables?
W/Atlas ( 911): Pointer 0x0, not in getPreloadedDrawables?
W/Atlas ( 911): Pointer 0x0, not in getPreloadedDrawables?
W/Atlas ( 911): Pointer 0x0, not in getPreloadedDrawables?
W/Atlas ( 911): Pointer 0x0, not in getPreloadedDrawables?
W/Atlas ( 911): Pointer 0x0, not in getPreloadedDrawables?
W/Atlas ( 911): Pointer 0x0, not in getPreloadedDrawables?
W/Atlas ( 911): Pointer 0x0, not in getPreloadedDrawables?
W/Atlas ( 911): Pointer 0x0, not in getPreloadedDrawables?
W/Atlas ( 911): Pointer 0x0, not in getPreloadedDrawables?
W/Atlas ( 911): Pointer 0x0, not in getPreloadedDrawables?
W/Atlas ( 911): Pointer 0x0, not in getPreloadedDrawables?
W/Atlas ( 911): Pointer 0x0, not in getPreloadedDrawables?
W/Atlas ( 911): Pointer 0x0, not in getPreloadedDrawables?
W/Atlas ( 911): Pointer 0x0, not in getPreloadedDrawables?
W/Atlas ( 911): Pointer 0x0, not in getPreloadedDrawables?
I/MPL-mldl_cfg_mpu:( 480): inv_mpu_suspend(,,,,7fff) -> 0000
W/Atlas ( 911): Pointer 0x0, not in getPreloadedDrawables?
W/Atlas ( 911): Pointer 0x0, not in getPreloadedDrawables?
W/Atlas ( 911): Pointer 0x0, not in getPreloadedDrawables?
W/Atlas ( 911): Pointer 0x0, not in getPreloadedDrawables?
W/Atlas ( 911): Pointer 0x0, not in getPreloadedDrawables?
W/Atlas ( 911): Pointer 0x0, not in getPreloadedDrawables?
W/Atlas ( 911): Pointer 0x0, not in getPreloadedDrawables?
W/Atlas ( 911): Pointer 0x0, not in getPreloadedDrawables?
W/Atlas ( 911): Pointer 0x0, not in getPreloadedDrawables?
W/Atlas ( 911): Pointer 0x0, not in getPreloadedDrawables?
W/Atlas ( 911): Pointer 0x0, not in getPreloadedDrawables?
W/Atlas ( 911): Pointer 0x0, not in getPreloadedDrawables?
W/Atlas ( 911): Pointer 0x0, not in getPreloadedDrawables?
W/Atlas ( 911): Pointer 0x0, not in getPreloadedDrawables?
W/Atlas ( 911): Pointer 0x0, not in getPreloadedDrawables?
W/Atlas ( 911): Pointer 0x0, not in getPreloadedDrawables?
W/Atlas ( 911): Pointer 0x0, not in getPreloadedDrawables?
W/Atlas ( 911): Pointer 0x0, not in getPreloadedDrawables?
W/Atlas ( 911): Pointer 0x0, not in getPreloadedDrawables?
W/Atlas ( 911): Pointer 0x0, not in getPreloadedDrawables?
W/Atlas ( 911): Pointer 0x0, not in getPreloadedDrawables?
W/Atlas ( 911): Pointer 0x0, not in getPreloadedDrawables?
W/Atlas ( 911): Pointer 0x0, not in getPreloadedDrawables?
W/Atlas ( 911): Pointer 0x0, not in getPreloadedDrawables?
W/Atlas ( 911): Pointer 0x0, not in getPreloadedDrawables?
W/Atlas ( 911): Pointer 0x0, not in getPreloadedDrawables?
W/Atlas ( 911): Pointer 0x0, not in getPreloadedDrawables?
W/Atlas ( 911): Pointer 0x0, not in getPreloadedDrawables?
W/Atlas ( 911): Pointer 0x0, not in getPreloadedDrawables?
W/Atlas ( 911): Pointer 0x0, not in getPreloadedDrawables?
W/Atlas ( 911): Pointer 0x0, not in getPreloadedDrawables?
W/Atlas ( 911): Pointer 0x0, not in getPreloadedDrawables?
W/Atlas ( 911): Pointer 0x0, not in getPreloadedDrawables?
W/Atlas ( 911): Pointer 0x0, not in getPreloadedDrawables?
W/Atlas ( 911): Pointer 0x0, not in getPreloadedDrawables?
W/Atlas ( 911): Pointer 0x0, not in getPreloadedDrawables?
W/Atlas ( 911): Pointer 0x0, not in getPreloadedDrawables?
W/Atlas ( 911): Pointer 0x0, not in getPreloadedDrawables?
W/Atlas ( 911): Pointer 0x0, not in getPreloadedDrawables?
W/Atlas ( 911): Pointer 0x0, not in getPreloadedDrawables?
W/Atlas ( 911): Pointer 0x0, not in getPreloadedDrawables?
W/Atlas ( 911): Pointer 0x0, not in getPreloadedDrawables?
W/Atlas ( 911): Pointer 0x0, not in getPreloadedDrawables?
W/Atlas ( 911): Pointer 0x0, not in getPreloadedDrawables?
W/Atlas ( 911): Pointer 0x0, not in getPreloadedDrawables?
W/Atlas ( 911): Pointer 0x0, not in getPreloadedDrawables?
W/Atlas ( 911): Pointer 0x0, not in getPreloadedDrawables?
W/Atlas ( 911): Pointer 0x0, not in getPreloadedDrawables?
W/Atlas ( 911): Pointer 0x0, not in getPreloadedDrawables?
W/Atlas ( 911): Pointer 0x0, not in getPreloadedDrawables?
W/Atlas ( 911): Pointer 0x0, not in getPreloadedDrawables?
W/Atlas ( 911): Pointer 0x0, not in getPreloadedDrawables?
W/Atlas ( 911): Pointer 0x0, not in getPreloadedDrawables?
W/Atlas ( 911): Pointer 0x0, not in getPreloadedDrawables?
W/Atlas ( 911): Pointer 0x0, not in getPreloadedDrawables?
W/Atlas ( 911): Pointer 0x0, not in getPreloadedDrawables?
W/Atlas ( 911): Pointer 0x0, not in getPreloadedDrawables?
W/Atlas ( 911): Pointer 0x0, not in getPreloadedDrawables?
W/Atlas ( 911): Pointer 0x0, not in getPreloadedDrawables?
W/Atlas ( 911): Pointer 0x0, not in getPreloadedDrawables?
W/Atlas ( 911): Pointer 0x0, not in getPreloadedDrawables?
W/Atlas ( 911): Pointer 0x0, not in getPreloadedDrawables?
W/Atlas ( 911): Pointer 0x0, not in getPreloadedDrawables?
W/Atlas ( 911): Pointer 0x0, not in getPreloadedDrawables?
W/Atlas ( 911): Pointer 0x0, not in getPreloadedDrawables?
W/Atlas ( 911): Pointer 0x0, not in getPreloadedDrawables?
W/Atlas ( 911): Pointer 0x0, not in getPreloadedDrawables?
W/Atlas ( 911): Pointer 0x0, not in getPreloadedDrawables?
W/Atlas ( 911): Pointer 0x0, not in getPreloadedDrawables?
W/Atlas ( 911): Pointer 0x0, not in getPreloadedDrawables?
W/Atlas ( 911): Pointer 0x0, not in getPreloadedDrawables?
W/Atlas ( 911): Pointer 0x0, not in getPreloadedDrawables?
W/Atlas ( 911): Pointer 0x0, not in getPreloadedDrawables?
W/Atlas ( 911): Pointer 0x0, not in getPreloadedDrawables?
W/Atlas ( 911): Pointer 0x0, not in getPreloadedDrawables?
W/Atlas ( 911): Pointer 0x0, not in getPreloadedDrawables?
W/Atlas ( 911): Pointer 0x0, not in getPreloadedDrawables?
W/Atlas ( 911): Pointer 0x0, not in getPreloadedDrawables?
W/Atlas ( 911): Pointer 0x0, not in getPreloadedDrawables?
W/Atlas ( 911): Pointer 0x0, not in getPreloadedDrawables?
W/Atlas ( 911): Pointer 0x0, not in getPreloadedDrawables?
W/Atlas ( 911): Pointer 0x0, not in getPreloadedDrawables?
W/Atlas ( 911): Pointer 0x0, not in getPreloadedDrawables?
W/Atlas ( 911): Pointer 0x0, not in getPreloadedDrawables?
W/Atlas ( 911): Pointer 0x0, not in getPreloadedDrawables?
W/Atlas ( 911): Pointer 0x0, not in getPreloadedDrawables?
W/Atlas ( 911): Pointer 0x0, not in getPreloadedDrawables?
W/Atlas ( 911): Pointer 0x0, not in getPreloadedDrawables?
W/Atlas ( 911): Pointer 0x0, not in getPreloadedDrawables?
W/Atlas ( 911): Pointer 0x0, not in getPreloadedDrawables?
W/Atlas ( 911): Pointer 0x0, not in getPreloadedDrawables?
W/Atlas ( 911): Pointer 0x0, not in getPreloadedDrawables?
W/Atlas ( 911): Pointer 0x0, not in getPreloadedDrawables?
W/Atlas ( 911): Pointer 0x0, not in getPreloadedDrawables?
W/Atlas ( 911): Pointer 0x0, not in getPreloadedDrawables?
W/Atlas ( 911): Pointer 0x0, not in getPreloadedDrawables?
W/Atlas ( 911): Pointer 0x0, not in getPreloadedDrawables?
W/Atlas ( 911): Pointer 0x0, not in getPreloadedDrawables?
W/Atlas ( 911): Pointer 0x0, not in getPreloadedDrawables?
W/Atlas ( 911): Pointer 0x0, not in getPreloadedDrawables?
W/Atlas ( 911): Pointer 0x0, not in getPreloadedDrawables?
W/Atlas ( 911): Pointer 0x0, not in getPreloadedDrawables?
W/Atlas ( 911): Pointer 0x0, not in getPreloadedDrawables?
W/Atlas ( 911): Pointer 0x0, not in getPreloadedDrawables?
W/Atlas ( 911): Pointer 0x0, not in getPreloadedDrawables?
V/WindowManager( 480): Based on layer: Adding window Window{23f131a9 u0 com.android.launcher3/com.android.launcher3.Launcher} at 0 of 1
D/BluetoothManagerService( 480): Message: 20
D/BluetoothManagerService( 480): Added callback: android.bluetooth.IBluetoothManagerCallback$Stub$Proxy@289b1ecf:true
D/BluetoothManagerService( 480): Message: 30
D/BluetoothManagerService( 480): Trying to bind to profile: 1, while Bluetooth was disabled
W/RenderThread( 987): type=1400 audit(0.0:19): avc: denied { write } for name="property_service" dev="tmpfs" ino=2320 scontext=u:r:untrusted_app:s0 tcontext=u:object_r:property_socket:s0 tclass=sock_file permissive=0
I/MPL-mldl_cfg_mpu:( 480): inv_mpu_resume(,,,,0070) -> 0070
I/Telephony( 893): TtyManager: updateUiTtyMode -1 -> 0
W/CameraService( 165): CameraService::connect X (id 1, this pid is 165, name media)
D/CameraHal( 165): commandThread(987): commandThread(987): receive CMD_PREVIEW_CAPTURE_CANCEL
D/CameraHal( 165): commandThread(995): commandThread(995): CMD_PREVIEW_CAPTURE_CANCEL out
D/CameraHal( 165): cancelPicture(566): cancel picture OK.
D/CameraHal( 165): commandThread(915): commandThread(915):receive CMD_PREVIEW_STOP
D/CameraHal( 165): commandThread(936): commandThread(936): CMD_PREVIEW_STOP out
D/CameraHal( 165): stopPreview(367): stop preview OK.
I/CameraClient( 165): Destroying camera 1
D/CameraHal( 165): camera_device_close(447): camera_device_close
D/CameraHal( 165): disableSensor(222): orientation = 0xb40a7c10 (MPL accel)
V/Sensors ( 480): int poll__activate(sensors_poll_device_t*, int, int)
V/Sensors ( 480): int sensors_poll_context_t::activate(int, int)
V/Sensors ( 480): enable - sensor Accelerometer (handle 4) en -> dis
V/Sensors ( 480): enabled_sensors: 0 dmp_started: 1
V/Sensors ( 480): Stopping DMP
W/Sensors ( 480): Cannot disable 9 axis sensor fusion - already disabled
I/MPL-mldl_cfg_mpu:( 480): inv_mpu_suspend(,,,,7fff) -> 0000
I/mali_so ( 911): [File] : hardware/arm/maliT760/driver/product/base/src/mali_base_kbase.c; [Line] : 899; [Func] : base_context_deal_with_version_affairs_rk_ext;
I/mali_so ( 911): arm_release_ver of this mali_so is 'r5p0-06rel0', rk_so_ver is '5@0', built at '16:39:14', on 'Mar 5 2015'.
I/mali_so ( 911): [File] : hardware/arm/maliT760/driver/product/base/src/mali_base_kbase.c; [Line] : 929; [Func] : base_context_deal_with_version_affairs_rk_ext;
I/mali_so ( 911): arm_release_vers are match. to set the full mali_ver 'r5p0-06rel0-12-5@0' as value of 'sys.gmali.version'.
I/OpenGLRenderer( 911): Initialized EGL, version 1.4
D/CameraHal( 165): ~SensorListener(110): Kill looper thread
D/CameraHal( 165): ~SensorListener(122): Kill looper
D/CameraHal( 165): ~SensorListener(128): SensorListener destroyed
D/CameraHal( 165): displayThread(615): displayThread(615): receive CMD_DISPLAY_STOP
D/CameraHal( 165): cameraDisplayBufferDestory(392): cameraDisplayBufferDestory(392): mANativeWindow is NULL, destory is ignore
D/CameraHal( 165): encProcessThread(1519): encProcessThread(1519): receive CMD_ENCPROCESS_EXIT
I/vpu_mem_pool( 165): pid 165, close_vpu_memory_pool:501: vpu memory pool size (720000)
I/vpu_mem_pool( 165): pid 165, close_vpu_memory_pool:501: vpu memory pool size (640000)
I/vpu_mem_pool( 165): pid 165, close_vpu_memory_pool:501: vpu memory pool size (560000)
I/vpu_mem_pool( 165): pid 165, close_vpu_memory_pool:501: vpu memory pool size (480000)
I/vpu_mem_pool( 165): pid 165, close_vpu_memory_pool:501: vpu memory pool size (400000)
I/vpu_mem_pool( 165): pid 165, close_vpu_memory_pool:501: vpu memory pool size (320000)
I/vpu_mem_pool( 165): pid 165, close_vpu_memory_pool:501: vpu memory pool size (240000)
