I/vpu_mem_pool( 165): pid 165, close_vpu_memory_pool:501: vpu memory pool size (160000)
I/vpu_mem_pool( 165): pid 165, close_vpu_memory_pool:501: vpu memory pool size (80000)
I/vpu_mem_pool( 165): pid 165, close_vpu_memory_pool:501: vpu memory pool size (0)
I/vpu_mem_pool( 165): pid 165, close_vpu_memory_pool:552:
W/android.bg( 892): type=1400 audit(0.0:20): avc: denied { write } for name="gps" dev="mmcblk0p12" ino=55777 scontext=u:r:system_server:s0 tcontext=u:object_r:gps_data_file:s0 tclass=dir permissive=0
W/android.bg( 892): type=1400 audit(0.0:21): avc: denied { write } for name="gps" dev="mmcblk0p12" ino=55777 scontext=u:r:system_server:s0 tcontext=u:object_r:gps_data_file:s0 tclass=dir permissive=0
D/OpenGLRenderer( 911): Enabling debug mode 0
D/mali_winsys( 911): new_window_surface returns 0x3000
E/gpslogd ( 480): Can't open named pipe /data/gps/.gps.interface.pipe.to_gpsd for write, errno = 13 (Permission denied)
W/android.bg( 892): type=1400 audit(0.0:22): avc: denied { write } for name="gps" dev="mmcblk0p12" ino=55777 scontext=u:r:system_server:s0 tcontext=u:object_r:gps_data_file:s0 tclass=dir permissive=0
E/gpslogd ( 480): mkfifo(/data/gps/.gps.interface.pipe.to_jni, 432) returned error, errno = 13(Permission denied), 2
E/gpslogd ( 480): Can not open IPC communication channel.
D/Launcher.Model( 911): 11683562 - loadWorkspaceScreensDb()
D/Launcher.Model( 911): 11683562 - screens: { 0: 3 }
D/Launcher.Model( 911): 11683562 - sBgWorkspaceScreens: 3
D/TelephonyDebugService( 893): TelephonyDebugService()
D/GpsLocationProvider( 480): received SIM realted action:
D/GpsLocationProvider( 480): SIM MCC/MNC is still not available
I/ActivityManager( 480): Displayed com.android.launcher3/.Launcher: +566ms
D/CameraHal( 165): commandThread(1099): commandThread(1099): receive CMD_EXIT
D/CameraHal( 165): ~CameraHal(298): CameraHal destory success
W/CameraService( 165): removeClient: clear camera 1, package name media
D/mmk ( 607): onStatusChangedLocked.+++++++
E/CameraManagerGlobal( 607): Camera id 1 has status changed to 0x1
I/FrameQueueManage( 165): FrameQueueManage::~FrameQueueManage end!
I/FrameQueueManage( 165): FrameQueueManage::~FrameQueueManage end!
D/CameraHal( 165): camera_get_camera_info(1306): camera_get_camera_info(1306): camera_0 facing(0), orientation(0)
D/CameraHal( 165): camera_get_camera_info(1306): camera_get_camera_info(1306): camera_0 facing(0), orientation(0)
D/Launcher( 911): 11683562 - bindAddScreens()
D/Launcher( 911): 11683562 - orderedScreenIds: 3
D/Launcher.Workspace( 911): 11683562 - insertNewWorkspaceScreen(): 3 at index: 0
D/mmk ( 607): updateCallbackLocked.+++++++
D/mmk ( 607): postSingleUpdate.+++++++++ status = 1
D/mmk ( 607): postSingleUpdate.+++++++++ status = 1
D/UserManager( 607): ---getMaxSupportedUsers,we has UMS,force disabled M-user---
D/BluetoothAdapter( 607): 887592240: getState() : mService = null. Returning STATE_OFF
D/BluetoothAdapter( 607): 887592240: getState() : mService = null. Returning STATE_OFF
D/BluetoothAdapter( 607): 887592240: getState() : mService = null. Returning STATE_OFF
D/BluetoothAdapter( 607): 887592240: getState() : mService = null. Returning STATE_OFF
V/KeyguardServiceDelegate( 480): *** Keyguard started
W/KeyguardServiceDelegate( 480): onScreenTurnedOn(): no keyguard service!
D/OpenGLRenderer( 607): Use EGL_SWAP_BEHAVIOR_PRESERVED: true
D/Atlas ( 607): Validating map...
W/Atlas ( 607): Pointer 0x0, not in getPreloadedDrawables?
W/Atlas ( 607): Pointer 0x0, not in getPreloadedDrawables?
W/Atlas ( 607): Pointer 0x0, not in getPreloadedDrawables?
W/Atlas ( 607): Pointer 0x0, not in getPreloadedDrawables?
W/Atlas ( 607): Pointer 0x0, not in getPreloadedDrawables?
W/Atlas ( 607): Pointer 0x0, not in getPreloadedDrawables?
W/Atlas ( 607): Pointer 0x0, not in getPreloadedDrawables?
W/Atlas ( 607): Pointer 0x0, not in getPreloadedDrawables?
W/Atlas ( 607): Pointer 0x0, not in getPreloadedDrawables?
W/Atlas ( 607): Pointer 0x0, not in getPreloadedDrawables?
W/Atlas ( 607): Pointer 0x0, not in getPreloadedDrawables?
W/Atlas ( 607): Pointer 0x0, not in getPreloadedDrawables?
W/Atlas ( 607): Pointer 0x0, not in getPreloadedDrawables?
W/Atlas ( 607): Pointer 0x0, not in getPreloadedDrawables?
W/Atlas ( 607): Pointer 0x0, not in getPreloadedDrawables?
W/Atlas ( 607): Pointer 0x0, not in getPreloadedDrawables?
W/Atlas ( 607): Pointer 0x0, not in getPreloadedDrawables?
W/Atlas ( 607): Pointer 0x0, not in getPreloadedDrawables?
W/Atlas ( 607): Pointer 0x0, not in getPreloadedDrawables?
W/Atlas ( 607): Pointer 0x0, not in getPreloadedDrawables?
W/Atlas ( 607): Pointer 0x0, not in getPreloadedDrawables?
W/Atlas ( 607): Pointer 0x0, not in getPreloadedDrawables?
W/Atlas ( 607): Pointer 0x0, not in getPreloadedDrawables?
W/Atlas ( 607): Pointer 0x0, not in getPreloadedDrawables?
W/Atlas ( 607): Pointer 0x0, not in getPreloadedDrawables?
W/Atlas ( 607): Pointer 0x0, not in getPreloadedDrawables?
W/Atlas ( 607): Pointer 0x0, not in getPreloadedDrawables?
W/Atlas ( 607): Pointer 0x0, not in getPreloadedDrawables?
W/Atlas ( 607): Pointer 0x0, not in getPreloadedDrawables?
W/Atlas ( 607): Pointer 0x0, not in getPreloadedDrawables?
W/Atlas ( 607): Pointer 0x0, not in getPreloadedDrawables?
W/Atlas ( 607): Pointer 0x0, not in getPreloadedDrawables?
W/Atlas ( 607): Pointer 0x0, not in getPreloadedDrawables?
W/Atlas ( 607): Pointer 0x0, not in getPreloadedDrawables?
W/Atlas ( 607): Pointer 0x0, not in getPreloadedDrawables?
W/Atlas ( 607): Pointer 0x0, not in getPreloadedDrawables?
W/Atlas ( 607): Pointer 0x0, not in getPreloadedDrawables?
W/Atlas ( 607): Pointer 0x0, not in getPreloadedDrawables?
W/Atlas ( 607): Pointer 0x0, not in getPreloadedDrawables?
W/Atlas ( 607): Pointer 0x0, not in getPreloadedDrawables?
W/Atlas ( 607): Pointer 0x0, not in getPreloadedDrawables?
W/Atlas ( 607): Pointer 0x0, not in getPreloadedDrawables?
W/Atlas ( 607): Pointer 0x0, not in getPreloadedDrawables?
W/Atlas ( 607): Pointer 0x0, not in getPreloadedDrawables?
W/Atlas ( 607): Pointer 0x0, not in getPreloadedDrawables?
W/Atlas ( 607): Pointer 0x0, not in getPreloadedDrawables?
W/Atlas ( 607): Pointer 0x0, not in getPreloadedDrawables?
W/Atlas ( 607): Pointer 0x0, not in getPreloadedDrawables?
W/Atlas ( 607): Pointer 0x0, not in getPreloadedDrawables?
W/Atlas ( 607): Pointer 0x0, not in getPreloadedDrawables?
W/Atlas ( 607): Pointer 0x0, not in getPreloadedDrawables?
W/Atlas ( 607): Pointer 0x0, not in getPreloadedDrawables?
W/Atlas ( 607): Pointer 0x0, not in getPreloadedDrawables?
W/Atlas ( 607): Pointer 0x0, not in getPreloadedDrawables?
W/Atlas ( 607): Pointer 0x0, not in getPreloadedDrawables?
W/Atlas ( 607): Pointer 0x0, not in getPreloadedDrawables?
W/Atlas ( 607): Pointer 0x0, not in getPreloadedDrawables?
W/Atlas ( 607): Pointer 0x0, not in getPreloadedDrawables?
W/Atlas ( 607): Pointer 0x0, not in getPreloadedDrawables?
W/Atlas ( 607): Pointer 0x0, not in getPreloadedDrawables?
W/Atlas ( 607): Pointer 0x0, not in getPreloadedDrawables?
W/Atlas ( 607): Pointer 0x0, not in getPreloadedDrawables?
W/Atlas ( 607): Pointer 0x0, not in getPreloadedDrawables?
W/Atlas ( 607): Pointer 0x0, not in getPreloadedDrawables?
W/Atlas ( 607): Pointer 0x0, not in getPreloadedDrawables?
W/Atlas ( 607): Pointer 0x0, not in getPreloadedDrawables?
W/Atlas ( 607): Pointer 0x0, not in getPreloadedDrawables?
W/Atlas ( 607): Pointer 0x0, not in getPreloadedDrawables?
W/Atlas ( 607): Pointer 0x0, not in getPreloadedDrawables?
W/Atlas ( 607): Pointer 0x0, not in getPreloadedDrawables?
W/Atlas ( 607): Pointer 0x0, not in getPreloadedDrawables?
W/Atlas ( 607): Pointer 0x0, not in getPreloadedDrawables?
W/Atlas ( 607): Pointer 0x0, not in getPreloadedDrawables?
W/Atlas ( 607): Pointer 0x0, not in getPreloadedDrawables?
W/Atlas ( 607): Pointer 0x0, not in getPreloadedDrawables?
W/Atlas ( 607): Pointer 0x0, not in getPreloadedDrawables?
W/Atlas ( 607): Pointer 0x0, not in getPreloadedDrawables?
W/Atlas ( 607): Pointer 0x0, not in getPreloadedDrawables?
W/Atlas ( 607): Pointer 0x0, not in getPreloadedDrawables?
W/Atlas ( 607): Pointer 0x0, not in getPreloadedDrawables?
W/Atlas ( 607): Pointer 0x0, not in getPreloadedDrawables?
W/Atlas ( 607): Pointer 0x0, not in getPreloadedDrawables?
W/Atlas ( 607): Pointer 0x0, not in getPreloadedDrawables?
W/Atlas ( 607): Pointer 0x0, not in getPreloadedDrawables?
W/Atlas ( 607): Pointer 0x0, not in getPreloadedDrawables?
W/Atlas ( 607): Pointer 0x0, not in getPreloadedDrawables?
W/Atlas ( 607): Pointer 0x0, not in getPreloadedDrawables?
W/Atlas ( 607): Pointer 0x0, not in getPreloadedDrawables?
W/Atlas ( 607): Pointer 0x0, not in getPreloadedDrawables?
W/Atlas ( 607): Pointer 0x0, not in getPreloadedDrawables?
W/Atlas ( 607): Pointer 0x0, not in getPreloadedDrawables?
W/Atlas ( 607): Pointer 0x0, not in getPreloadedDrawables?
W/Atlas ( 607): Pointer 0x0, not in getPreloadedDrawables?
W/Atlas ( 607): Pointer 0x0, not in getPreloadedDrawables?
W/Atlas ( 607): Pointer 0x0, not in getPreloadedDrawables?
W/Atlas ( 607): Pointer 0x0, not in getPreloadedDrawables?
W/Atlas ( 607): Pointer 0x0, not in getPreloadedDrawables?
W/Atlas ( 607): Pointer 0x0, not in getPreloadedDrawables?
W/Atlas ( 607): Pointer 0x0, not in getPreloadedDrawables?
W/Atlas ( 607): Pointer 0x0, not in getPreloadedDrawables?
W/Atlas ( 607): Pointer 0x0, not in getPreloadedDrawables?
W/Atlas ( 607): Pointer 0x0, not in getPreloadedDrawables?
W/Atlas ( 607): Pointer 0x0, not in getPreloadedDrawables?
W/Atlas ( 607): Pointer 0x0, not in getPreloadedDrawables?
W/Atlas ( 607): Pointer 0x0, not in getPreloadedDrawables?
W/Atlas ( 607): Pointer 0x0, not in getPreloadedDrawables?
W/Atlas ( 607): Pointer 0x0, not in getPreloadedDrawables?
W/Atlas ( 607): Pointer 0x0, not in getPreloadedDrawables?
W/Atlas ( 607): Pointer 0x0, not in getPreloadedDrawables?
W/Atlas ( 607): Pointer 0x0, not in getPreloadedDrawables?
W/Atlas ( 607): Pointer 0x0, not in getPreloadedDrawables?
W/Atlas ( 607): Pointer 0x0, not in getPreloadedDrawables?
W/Atlas ( 607): Pointer 0x0, not in getPreloadedDrawables?
W/Atlas ( 607): Pointer 0x0, not in getPreloadedDrawables?
W/Atlas ( 607): Pointer 0x0, not in getPreloadedDrawables?
W/Atlas ( 607): Pointer 0x0, not in getPreloadedDrawables?
W/Atlas ( 607): Pointer 0x0, not in getPreloadedDrawables?
W/Atlas ( 607): Pointer 0x0, not in getPreloadedDrawables?
W/Atlas ( 607): Pointer 0x0, not in getPreloadedDrawables?
W/Atlas ( 607): Pointer 0x0, not in getPreloadedDrawables?
W/Atlas ( 607): Pointer 0x0, not in getPreloadedDrawables?
W/Atlas ( 607): Pointer 0x0, not in getPreloadedDrawables?
W/Atlas ( 607): Pointer 0x0, not in getPreloadedDrawables?
W/Atlas ( 607): Pointer 0x0, not in getPreloadedDrawables?
W/Atlas ( 607): Pointer 0x0, not in getPreloadedDrawables?
W/Atlas ( 607): Pointer 0x0, not in getPreloadedDrawables?
W/Atlas ( 607): Pointer 0x0, not in getPreloadedDrawables?
W/Atlas ( 607): Pointer 0x0, not in getPreloadedDrawables?
W/Atlas ( 607): Pointer 0x0, not in getPreloadedDrawables?
W/Atlas ( 607): Pointer 0x0, not in getPreloadedDrawables?
W/Atlas ( 607): Pointer 0x0, not in getPreloadedDrawables?
W/Atlas ( 607): Pointer 0x0, not in getPreloadedDrawables?
W/Atlas ( 607): Pointer 0x0, not in getPreloadedDrawables?
W/Atlas ( 607): Pointer 0x0, not in getPreloadedDrawables?
W/Atlas ( 607): Pointer 0x0, not in getPreloadedDrawables?
W/Atlas ( 607): Pointer 0x0, not in getPreloadedDrawables?
W/Atlas ( 607): Pointer 0x0, not in getPreloadedDrawables?
W/Atlas ( 607): Pointer 0x0, not in getPreloadedDrawables?
W/Atlas ( 607): Pointer 0x0, not in getPreloadedDrawables?
W/Atlas ( 607): Pointer 0x0, not in getPreloadedDrawables?
W/Atlas ( 607): Pointer 0x0, not in getPreloadedDrawables?
W/Atlas ( 607): Pointer 0x0, not in getPreloadedDrawables?
W/Atlas ( 607): Pointer 0x0, not in getPreloadedDrawables?
W/Atlas ( 607): Pointer 0x0, not in getPreloadedDrawables?
W/Atlas ( 607): Pointer 0x0, not in getPreloadedDrawables?
W/Atlas ( 607): Pointer 0x0, not in getPreloadedDrawables?
W/Atlas ( 607): Pointer 0x0, not in getPreloadedDrawables?
W/Atlas ( 607): Pointer 0x0, not in getPreloadedDrawables?
W/Atlas ( 607): Pointer 0x0, not in getPreloadedDrawables?
W/Atlas ( 607): Pointer 0x0, not in getPreloadedDrawables?
W/Atlas ( 607): Pointer 0x0, not in getPreloadedDrawables?
W/Atlas ( 607): Pointer 0x0, not in getPreloadedDrawables?
W/Atlas ( 607): Pointer 0x0, not in getPreloadedDrawables?
W/Atlas ( 607): Pointer 0x0, not in getPreloadedDrawables?
W/Atlas ( 607): Pointer 0x0, not in getPreloadedDrawables?
W/Atlas ( 607): Pointer 0x0, not in getPreloadedDrawables?
W/Atlas ( 607): Pointer 0x0, not in getPreloadedDrawables?
W/Atlas ( 607): Pointer 0x0, not in getPreloadedDrawables?
W/Atlas ( 607): Pointer 0x0, not in getPreloadedDrawables?
W/Atlas ( 607): Pointer 0x0, not in getPreloadedDrawables?
W/Atlas ( 607): Pointer 0x0, not in getPreloadedDrawables?
W/Atlas ( 607): Pointer 0x0, not in getPreloadedDrawables?
W/Atlas ( 607): Pointer 0x0, not in getPreloadedDrawables?
W/Atlas ( 607): Pointer 0x0, not in getPreloadedDrawables?
W/Atlas ( 607): Pointer 0x0, not in getPreloadedDrawables?
W/Atlas ( 607): Pointer 0x0, not in getPreloadedDrawables?
W/Atlas ( 607): Pointer 0x0, not in getPreloadedDrawables?
W/Atlas ( 607): Pointer 0x0, not in getPreloadedDrawables?
W/Atlas ( 607): Pointer 0x0, not in getPreloadedDrawables?
W/Atlas ( 607): Pointer 0x0, not in getPreloadedDrawables?
W/Atlas ( 607): Pointer 0x0, not in getPreloadedDrawables?
W/Atlas ( 607): Pointer 0x0, not in getPreloadedDrawables?
W/Atlas ( 607): Pointer 0x0, not in getPreloadedDrawables?
W/Atlas ( 607): Pointer 0x0, not in getPreloadedDrawables?
W/Atlas ( 607): Pointer 0x0, not in getPreloadedDrawables?
W/Atlas ( 607): Pointer 0x0, not in getPreloadedDrawables?
W/Atlas ( 607): Pointer 0x0, not in getPreloadedDrawables?
W/Atlas ( 607): Pointer 0x0, not in getPreloadedDrawables?
W/Atlas ( 607): Pointer 0x0, not in getPreloadedDrawables?
W/Atlas ( 607): Pointer 0x0, not in getPreloadedDrawables?
W/Atlas ( 607): Pointer 0x0, not in getPreloadedDrawables?
W/Atlas ( 607): Pointer 0x0, not in getPreloadedDrawables?
W/Atlas ( 607): Pointer 0x0, not in getPreloadedDrawables?
W/Atlas ( 607): Pointer 0x0, not in getPreloadedDrawables?
W/Atlas ( 607): Pointer 0x0, not in getPreloadedDrawables?
W/Atlas ( 607): Pointer 0x0, not in getPreloadedDrawables?
W/Atlas ( 607): Pointer 0x0, not in getPreloadedDrawables?
W/Atlas ( 607): Pointer 0x0, not in getPreloadedDrawables?
W/Atlas ( 607): Pointer 0x0, not in getPreloadedDrawables?
W/Atlas ( 607): Pointer 0x0, not in getPreloadedDrawables?
W/Atlas ( 607): Pointer 0x0, not in getPreloadedDrawables?
W/Atlas ( 607): Pointer 0x0, not in getPreloadedDrawables?
W/Atlas ( 607): Pointer 0x0, not in getPreloadedDrawables?
W/Atlas ( 607): Pointer 0x0, not in getPreloadedDrawables?
W/Atlas ( 607): Pointer 0x0, not in getPreloadedDrawables?
W/Atlas ( 607): Pointer 0x0, not in getPreloadedDrawables?
W/Atlas ( 607): Pointer 0x0, not in getPreloadedDrawables?
W/Atlas ( 607): Pointer 0x0, not in getPreloadedDrawables?
W/Atlas ( 607): Pointer 0x0, not in getPreloadedDrawables?
W/Atlas ( 607): Pointer 0x0, not in getPreloadedDrawables?
W/Atlas ( 607): Pointer 0x0, not in getPreloadedDrawables?
W/Atlas ( 607): Pointer 0x0, not in getPreloadedDrawables?
W/Atlas ( 607): Pointer 0x0, not in getPreloadedDrawables?
W/Atlas ( 607): Pointer 0x0, not in getPreloadedDrawables?
W/Atlas ( 607): Pointer 0x0, not in getPreloadedDrawables?
W/Atlas ( 607): Pointer 0x0, not in getPreloadedDrawables?
W/Atlas ( 607): Pointer 0x0, not in getPreloadedDrawables?
W/Atlas ( 607): Pointer 0x0, not in getPreloadedDrawables?
W/Atlas ( 607): Pointer 0x0, not in getPreloadedDrawables?
W/Atlas ( 607): Pointer 0x0, not in getPreloadedDrawables?
W/Atlas ( 607): Pointer 0x0, not in getPreloadedDrawables?
W/Atlas ( 607): Pointer 0x0, not in getPreloadedDrawables?
W/Atlas ( 607): Pointer 0x0, not in getPreloadedDrawables?
W/Atlas ( 607): Pointer 0x0, not in getPreloadedDrawables?
W/Atlas ( 607): Pointer 0x0, not in getPreloadedDrawables?
W/Atlas ( 607): Pointer 0x0, not in getPreloadedDrawables?
W/Atlas ( 607): Pointer 0x0, not in getPreloadedDrawables?
W/Atlas ( 607): Pointer 0x0, not in getPreloadedDrawables?
W/Atlas ( 607): Pointer 0x0, not in getPreloadedDrawables?
W/Atlas ( 607): Pointer 0x0, not in getPreloadedDrawables?
W/Atlas ( 607): Pointer 0x0, not in getPreloadedDrawables?
W/Atlas ( 607): Pointer 0x0, not in getPreloadedDrawables?
W/Atlas ( 607): Pointer 0x0, not in getPreloadedDrawables?
W/Atlas ( 607): Pointer 0x0, not in getPreloadedDrawables?
W/Atlas ( 607): Pointer 0x0, not in getPreloadedDrawables?
W/Atlas ( 607): Pointer 0x0, not in getPreloadedDrawables?
W/Atlas ( 607): Pointer 0x0, not in getPreloadedDrawables?
W/Atlas ( 607): Pointer 0x0, not in getPreloadedDrawables?
W/Atlas ( 607): Pointer 0x0, not in getPreloadedDrawables?
W/Atlas ( 607): Pointer 0x0, not in getPreloadedDrawables?
W/Atlas ( 607): Pointer 0x0, not in getPreloadedDrawables?
W/Atlas ( 607): Pointer 0x0, not in getPreloadedDrawables?
W/Atlas ( 607): Pointer 0x0, not in getPreloadedDrawables?
W/Atlas ( 607): Pointer 0x0, not in getPreloadedDrawables?
W/Atlas ( 607): Pointer 0x0, not in getPreloadedDrawables?
W/Atlas ( 607): Pointer 0x0, not in getPreloadedDrawables?
W/Atlas ( 607): Pointer 0x0, not in getPreloadedDrawables?
W/Atlas ( 607): Pointer 0x0, not in getPreloadedDrawables?
W/Atlas ( 607): Pointer 0x0, not in getPreloadedDrawables?
W/Atlas ( 607): Pointer 0x0, not in getPreloadedDrawables?
W/Atlas ( 607): Pointer 0x0, not in getPreloadedDrawables?
W/Atlas ( 607): Pointer 0x0, not in getPreloadedDrawables?
W/Atlas ( 607): Pointer 0x0, not in getPreloadedDrawables?
W/Atlas ( 607): Pointer 0x0, not in getPreloadedDrawables?
W/Atlas ( 607): Pointer 0x0, not in getPreloadedDrawables?
W/Atlas ( 607): Pointer 0x0, not in getPreloadedDrawables?
W/Atlas ( 607): Pointer 0x0, not in getPreloadedDrawables?
W/Atlas ( 607): Pointer 0x0, not in getPreloadedDrawables?
W/Atlas ( 607): Pointer 0x0, not in getPreloadedDrawables?
W/Atlas ( 607): Pointer 0x0, not in getPreloadedDrawables?
W/Atlas ( 607): Pointer 0x0, not in getPreloadedDrawables?
W/Atlas ( 607): Pointer 0x0, not in getPreloadedDrawables?
W/Atlas ( 607): Pointer 0x0, not in getPreloadedDrawables?
W/Atlas ( 607): Pointer 0x0, not in getPreloadedDrawables?
W/Atlas ( 607): Pointer 0x0, not in getPreloadedDrawables?
W/Atlas ( 607): Pointer 0x0, not in getPreloadedDrawables?
W/Atlas ( 607): Pointer 0x0, not in getPreloadedDrawables?
W/Atlas ( 607): Pointer 0x0, not in getPreloadedDrawables?
W/Atlas ( 607): Pointer 0x0, not in getPreloadedDrawables?
W/Atlas ( 607): Pointer 0x0, not in getPreloadedDrawables?
W/Atlas ( 607): Pointer 0x0, not in getPreloadedDrawables?
W/Atlas ( 607): Pointer 0x0, not in getPreloadedDrawables?
W/Atlas ( 607): Pointer 0x0, not in getPreloadedDrawables?
W/Atlas ( 607): Pointer 0x0, not in getPreloadedDrawables?
W/Atlas ( 607): Pointer 0x0, not in getPreloadedDrawables?
W/Atlas ( 607): Pointer 0x0, not in getPreloadedDrawables?
W/Atlas ( 607): Pointer 0x0, not in getPreloadedDrawables?
W/Atlas ( 607): Pointer 0x0, not in getPreloadedDrawables?
W/Atlas ( 607): Pointer 0x0, not in getPreloadedDrawables?
W/Atlas ( 607): Pointer 0x0, not in getPreloadedDrawables?
W/Atlas ( 607): Pointer 0x0, not in getPreloadedDrawables?
W/Atlas ( 607): Pointer 0x0, not in getPreloadedDrawables?
W/Atlas ( 607): Pointer 0x0, not in getPreloadedDrawables?
W/Atlas ( 607): Pointer 0x0, not in getPreloadedDrawables?
W/Atlas ( 607): Pointer 0x0, not in getPreloadedDrawables?
W/Atlas ( 607): Pointer 0x0, not in getPreloadedDrawables?
W/Atlas ( 607): Pointer 0x0, not in getPreloadedDrawables?
W/Atlas ( 607): Pointer 0x0, not in getPreloadedDrawables?
W/Atlas ( 607): Pointer 0x0, not in getPreloadedDrawables?
W/Atlas ( 607): Pointer 0x0, not in getPreloadedDrawables?
W/Atlas ( 607): Pointer 0x0, not in getPreloadedDrawables?
W/Atlas ( 607): Pointer 0x0, not in getPreloadedDrawables?
W/Atlas ( 607): Pointer 0x0, not in getPreloadedDrawables?
W/Atlas ( 607): Pointer 0x0, not in getPreloadedDrawables?
W/Atlas ( 607): Pointer 0x0, not in getPreloadedDrawables?
W/Atlas ( 607): Pointer 0x0, not in getPreloadedDrawables?
W/Atlas ( 607): Pointer 0x0, not in getPreloadedDrawables?
W/Atlas ( 607): Pointer 0x0, not in getPreloadedDrawables?
W/Atlas ( 607): Pointer 0x0, not in getPreloadedDrawables?
W/Atlas ( 607): Pointer 0x0, not in getPreloadedDrawables?
W/Atlas ( 607): Pointer 0x0, not in getPreloadedDrawables?
W/Atlas ( 607): Pointer 0x0, not in getPreloadedDrawables?
W/Atlas ( 607): Pointer 0x0, not in getPreloadedDrawables?
W/Atlas ( 607): Pointer 0x0, not in getPreloadedDrawables?
W/Atlas ( 607): Pointer 0x0, not in getPreloadedDrawables?
W/Atlas ( 607): Pointer 0x0, not in getPreloadedDrawables?
W/Atlas ( 607): Pointer 0x0, not in getPreloadedDrawables?
W/Atlas ( 607): Pointer 0x0, not in getPreloadedDrawables?
W/Atlas ( 607): Pointer 0x0, not in getPreloadedDrawables?
W/Atlas ( 607): Pointer 0x0, not in getPreloadedDrawables?
W/Atlas ( 607): Pointer 0x0, not in getPreloadedDrawables?
W/Atlas ( 607): Pointer 0x0, not in getPreloadedDrawables?
W/Atlas ( 607): Pointer 0x0, not in getPreloadedDrawables?
W/Atlas ( 607): Pointer 0x0, not in getPreloadedDrawables?
W/Atlas ( 607): Pointer 0x0, not in getPreloadedDrawables?
W/Atlas ( 607): Pointer 0x0, not in getPreloadedDrawables?
W/Atlas ( 607): Pointer 0x0, not in getPreloadedDrawables?
W/Atlas ( 607): Pointer 0x0, not in getPreloadedDrawables?
W/Atlas ( 607): Pointer 0x0, not in getPreloadedDrawables?
W/Atlas ( 607): Pointer 0x0, not in getPreloadedDrawables?
W/Atlas ( 607): Pointer 0x0, not in getPreloadedDrawables?
W/Atlas ( 607): Pointer 0x0, not in getPreloadedDrawables?
W/Atlas ( 607): Pointer 0x0, not in getPreloadedDrawables?
W/Atlas ( 607): Pointer 0x0, not in getPreloadedDrawables?
W/Atlas ( 607): Pointer 0x0, not in getPreloadedDrawables?
W/Atlas ( 607): Pointer 0x0, not in getPreloadedDrawables?
W/Atlas ( 607): Pointer 0x0, not in getPreloadedDrawables?
W/Atlas ( 607): Pointer 0x0, not in getPreloadedDrawables?
W/Atlas ( 607): Pointer 0x0, not in getPreloadedDrawables?
W/Atlas ( 607): Pointer 0x0, not in getPreloadedDrawables?
W/Atlas ( 607): Pointer 0x0, not in getPreloadedDrawables?
W/Atlas ( 607): Pointer 0x0, not in getPreloadedDrawables?
W/Atlas ( 607): Pointer 0x0, not in getPreloadedDrawables?
W/Atlas ( 607): Pointer 0x0, not in getPreloadedDrawables?
W/Atlas ( 607): Pointer 0x0, not in getPreloadedDrawables?
W/Atlas ( 607): Pointer 0x0, not in getPreloadedDrawables?
W/Atlas ( 607): Pointer 0x0, not in getPreloadedDrawables?
W/Atlas ( 607): Pointer 0x0, not in getPreloadedDrawables?
W/Atlas ( 607): Pointer 0x0, not in getPreloadedDrawables?
W/Atlas ( 607): Pointer 0x0, not in getPreloadedDrawables?
W/Atlas ( 607): Pointer 0x0, not in getPreloadedDrawables?
W/Atlas ( 607): Pointer 0x0, not in getPreloadedDrawables?
W/Atlas ( 607): Pointer 0x0, not in getPreloadedDrawables?
W/Atlas ( 607): Pointer 0x0, not in getPreloadedDrawables?
W/Atlas ( 607): Pointer 0x0, not in getPreloadedDrawables?
W/Atlas ( 607): Pointer 0x0, not in getPreloadedDrawables?
W/Atlas ( 607): Pointer 0x0, not in getPreloadedDrawables?
W/Atlas ( 607): Pointer 0x0, not in getPreloadedDrawables?
W/Atlas ( 607): Pointer 0x0, not in getPreloadedDrawables?
W/Atlas ( 607): Pointer 0x0, not in getPreloadedDrawables?
W/Atlas ( 607): Pointer 0x0, not in getPreloadedDrawables?
W/Atlas ( 607): Pointer 0x0, not in getPreloadedDrawables?
W/Atlas ( 607): Pointer 0x0, not in getPreloadedDrawables?
W/Atlas ( 607): Pointer 0x0, not in getPreloadedDrawables?
W/Atlas ( 607): Pointer 0x0, not in getPreloadedDrawables?
W/Atlas ( 607): Pointer 0x0, not in getPreloadedDrawables?
W/Atlas ( 607): Pointer 0x0, not in getPreloadedDrawables?
W/Atlas ( 607): Pointer 0x0, not in getPreloadedDrawables?
W/Atlas ( 607): Pointer 0x0, not in getPreloadedDrawables?
W/Atlas ( 607): Pointer 0x0, not in getPreloadedDrawables?
W/Atlas ( 607): Pointer 0x0, not in getPreloadedDrawables?
W/Atlas ( 607): Pointer 0x0, not in getPreloadedDrawables?
W/Atlas ( 607): Pointer 0x0, not in getPreloadedDrawables?
W/Atlas ( 607): Pointer 0x0, not in getPreloadedDrawables?
W/Atlas ( 607): Pointer 0x0, not in getPreloadedDrawables?
W/Atlas ( 607): Pointer 0x0, not in getPreloadedDrawables?
W/Atlas ( 607): Pointer 0x0, not in getPreloadedDrawables?
W/Atlas ( 607): Pointer 0x0, not in getPreloadedDrawables?
W/Atlas ( 607): Pointer 0x0, not in getPreloadedDrawables?
W/Atlas ( 607): Pointer 0x0, not in getPreloadedDrawables?
W/Atlas ( 607): Pointer 0x0, not in getPreloadedDrawables?
W/Atlas ( 607): Pointer 0x0, not in getPreloadedDrawables?
W/Atlas ( 607): Pointer 0x0, not in getPreloadedDrawables?
W/Atlas ( 607): Pointer 0x0, not in getPreloadedDrawables?
W/Atlas ( 607): Pointer 0x0, not in getPreloadedDrawables?
W/Atlas ( 607): Pointer 0x0, not in getPreloadedDrawables?
W/Atlas ( 607): Pointer 0x0, not in getPreloadedDrawables?
W/Atlas ( 607): Pointer 0x0, not in getPreloadedDrawables?
W/Atlas ( 607): Pointer 0x0, not in getPreloadedDrawables?
W/Atlas ( 607): Pointer 0x0, not in getPreloadedDrawables?
W/Atlas ( 607): Pointer 0x0, not in getPreloadedDrawables?
W/Atlas ( 607): Pointer 0x0, not in getPreloadedDrawables?
W/Atlas ( 607): Pointer 0x0, not in getPreloadedDrawables?
W/Atlas ( 607): Pointer 0x0, not in getPreloadedDrawables?
W/Atlas ( 607): Pointer 0x0, not in getPreloadedDrawables?
W/Atlas ( 607): Pointer 0x0, not in getPreloadedDrawables?
W/Atlas ( 607): Pointer 0x0, not in getPreloadedDrawables?
W/Atlas ( 607): Pointer 0x0, not in getPreloadedDrawables?
W/Atlas ( 607): Pointer 0x0, not in getPreloadedDrawables?
W/Atlas ( 607): Pointer 0x0, not in getPreloadedDrawables?
W/Atlas ( 607): Pointer 0x0, not in getPreloadedDrawables?
W/Atlas ( 607): Pointer 0x0, not in getPreloadedDrawables?
W/Atlas ( 607): Pointer 0x0, not in getPreloadedDrawables?
W/Atlas ( 607): Pointer 0x0, not in getPreloadedDrawables?
W/Atlas ( 607): Pointer 0x0, not in getPreloadedDrawables?
W/Atlas ( 607): Pointer 0x0, not in getPreloadedDrawables?
W/Atlas ( 607): Pointer 0x0, not in getPreloadedDrawables?
W/Atlas ( 607): Pointer 0x0, not in getPreloadedDrawables?
W/Atlas ( 607): Pointer 0x0, not in getPreloadedDrawables?
W/Atlas ( 607): Pointer 0x0, not in getPreloadedDrawables?
W/Atlas ( 607): Pointer 0x0, not in getPreloadedDrawables?
W/Atlas ( 607): Pointer 0x0, not in getPreloadedDrawables?
W/Atlas ( 607): Pointer 0x0, not in getPreloadedDrawables?
W/Atlas ( 607): Pointer 0x0, not in getPreloadedDrawables?
W/Atlas ( 607): Pointer 0x0, not in getPreloadedDrawables?
W/Atlas ( 607): Pointer 0x0, not in getPreloadedDrawables?
W/Atlas ( 607): Pointer 0x0, not in getPreloadedDrawables?
W/Atlas ( 607): Pointer 0x0, not in getPreloadedDrawables?
W/Atlas ( 607): Pointer 0x0, not in getPreloadedDrawables?
W/Atlas ( 607): Pointer 0x0, not in getPreloadedDrawables?
W/Atlas ( 607): Pointer 0x0, not in getPreloadedDrawables?
W/Atlas ( 607): Pointer 0x0, not in getPreloadedDrawables?
W/Atlas ( 607): Pointer 0x0, not in getPreloadedDrawables?
W/Atlas ( 607): Pointer 0x0, not in getPreloadedDrawables?
W/Atlas ( 607): Pointer 0x0, not in getPreloadedDrawables?
W/Atlas ( 607): Pointer 0x0, not in getPreloadedDrawables?
W/Atlas ( 607): Pointer 0x0, not in getPreloadedDrawables?
W/Atlas ( 607): Pointer 0x0, not in getPreloadedDrawables?
W/Atlas ( 607): Pointer 0x0, not in getPreloadedDrawables?
W/Atlas ( 607): Pointer 0x0, not in getPreloadedDrawables?
W/Atlas ( 607): Pointer 0x0, not in getPreloadedDrawables?
W/Atlas ( 607): Pointer 0x0, not in getPreloadedDrawables?
W/Atlas ( 607): Pointer 0x0, not in getPreloadedDrawables?
W/Atlas ( 607): Pointer 0x0, not in getPreloadedDrawables?
W/Atlas ( 607): Pointer 0x0, not in getPreloadedDrawables?
W/Atlas ( 607): Pointer 0x0, not in getPreloadedDrawables?
W/Atlas ( 607): Pointer 0x0, not in getPreloadedDrawables?
W/Atlas ( 607): Pointer 0x0, not in getPreloadedDrawables?
W/Atlas ( 607): Pointer 0x0, not in getPreloadedDrawables?
W/Atlas ( 607): Pointer 0x0, not in getPreloadedDrawables?
W/Atlas ( 607): Pointer 0x0, not in getPreloadedDrawables?
W/Atlas ( 607): Pointer 0x0, not in getPreloadedDrawables?
W/Atlas ( 607): Pointer 0x0, not in getPreloadedDrawables?
W/Atlas ( 607): Pointer 0x0, not in getPreloadedDrawables?
W/Atlas ( 607): Pointer 0x0, not in getPreloadedDrawables?
W/Atlas ( 607): Pointer 0x0, not in getPreloadedDrawables?
W/Atlas ( 607): Pointer 0x0, not in getPreloadedDrawables?
W/Atlas ( 607): Pointer 0x0, not in getPreloadedDrawables?
W/Atlas ( 607): Pointer 0x0, not in getPreloadedDrawables?
W/Atlas ( 607): Pointer 0x0, not in getPreloadedDrawables?
W/Atlas ( 607): Pointer 0x0, not in getPreloadedDrawables?
W/Atlas ( 607): Pointer 0x0, not in getPreloadedDrawables?
W/Atlas ( 607): Pointer 0x0, not in getPreloadedDrawables?
W/Atlas ( 607): Pointer 0x0, not in getPreloadedDrawables?
W/Atlas ( 607): Pointer 0x0, not in getPreloadedDrawables?
W/Atlas ( 607): Pointer 0x0, not in getPreloadedDrawables?
W/Atlas ( 607): Pointer 0x0, not in getPreloadedDrawables?
W/Atlas ( 607): Pointer 0x0, not in getPreloadedDrawables?
W/Atlas ( 607): Pointer 0x0, not in getPreloadedDrawables?
W/Atlas ( 607): Pointer 0x0, not in getPreloadedDrawables?
W/Atlas ( 607): Pointer 0x0, not in getPreloadedDrawables?
W/Atlas ( 607): Pointer 0x0, not in getPreloadedDrawables?
W/Atlas ( 607): Pointer 0x0, not in getPreloadedDrawables?
W/Atlas ( 607): Pointer 0x0, not in getPreloadedDrawables?
W/Atlas ( 607): Pointer 0x0, not in getPreloadedDrawables?
W/Atlas ( 607): Pointer 0x0, not in getPreloadedDrawables?
D/PhoneStatusBar( 607): disable: < expand icons alerts system_info back home recent clock search > I/Telephony( 893): PstnIncomingCallNotifier: Registering: Handler (com.android.internal.telephony.gsm.GSMPhone) {a96131d}
V/RenderScript( 911): 0xb481ac00 Launching thread(s), CPUs 4
D/BluetoothAdapter( 607): 887592240: getState() : mService = null. Returning STATE_OFF
D/BluetoothAdapter( 607): 887592240: getState() : mService = null. Returning STATE_OFF
D/PhoneStatusBar( 607): heads up is enabled
I/Choreographer( 607): Skipped 75 frames! The application may be doing too much work on its main thread.
D/ViewRootImpl( 607): changeCanvasOpacity: opaque=true
I/ActivityManager( 480): Start proc 1013:com.rockchip.devicetest/1000 for broadcast com.rockchip.devicetest/.BootReceiver
D/mmk ( 607): updateCallbackLocked.+++++++
D/mmk ( 607): postSingleUpdate.+++++++++ status = 1
D/mmk ( 607): postSingleUpdate.+++++++++ status = 1
W/RenderThread( 1008): type=1400 audit(0.0:23): avc: denied { write } for name="property_service" dev="tmpfs" ino=2320 scontext=u:r:platform_app:s0 tcontext=u:object_r:property_socket:s0 tclass=sock_file permissive=0
I/mali_so ( 607): [File] : hardware/arm/maliT760/driver/product/base/src/mali_base_kbase.c; [Line] : 899; [Func] : base_context_deal_with_version_affairs_rk_ext;
I/mali_so ( 607): arm_release_ver of this mali_so is 'r5p0-06rel0', rk_so_ver is '5@0', built at '16:39:14', on 'Mar 5 2015'.
I/mali_so ( 607): [File] : hardware/arm/maliT760/driver/product/base/src/mali_base_kbase.c; [Line] : 929; [Func] : base_context_deal_with_version_affairs_rk_ext;
I/mali_so ( 607): arm_release_vers are match. to set the full mali_ver 'r5p0-06rel0-12-5@0' as value of 'sys.gmali.version'.
I/OpenGLRenderer( 607): Initialized EGL, version 1.4
D/OpenGLRenderer( 607): Enabling debug mode 0
D/mali_winsys( 607): new_window_surface returns 0x3000
D/mali_winsys( 607): new_window_surface returns 0x3000
D/WifiService( 480): New client listening to asynchronous messages
D/PhoneStatusBar( 607): disable: < EXPAND* icons alerts system_info BACK* HOME* RECENT* clock SEARCH* > V/TestService( 1013): action:android.intent.action.MEDIA_MOUNTED
V/TestService( 1013): pathfile:///mnt/internal_sd,bootcomplete=false
V/TestService( 1013): path1:file:///mnt/internal_sd
W/ContextImpl( 1013): Calling a method in the system process without a qualified user: android.app.ContextImpl.startService:1704 android.content.ContextWrapper.startService:516 android.content.ContextWrapper.startService:516 com.rockchip.devicetest.BootReceiver.onReceive:58 android.app.ActivityThread.handleReceiver:2609
D/TestService( 1013): onCreate
V/Sensors ( 480): int poll__activate(sensors_poll_device_t*, int, int)
V/Sensors ( 480): int sensors_poll_context_t::activate(int, int)
V/Sensors ( 480): enable - sensor Accelerometer (handle 4) dis -> en
V/Sensors ( 480): enabled_sensors: 16 dmp_started: 0
V/Sensors ( 480): Starting DMP
E/ ( 480): /home/mzhang/works/nexusprime/full_source/branch-CAN-4.1.1/mltools/batch/mlsdk-rel-android-src-CONFIDENTIAL/mldmp/mlsupervisor_9axis.c|inv_enable_9x_fusion_legacy|299 returning 1
E/Sensors ( 480): Error while trying to enable 9 axis sensor fusion : 1
D/GpsLocationProvider( 480): received SIM realted action:
D/GpsLocationProvider( 480): SIM MCC/MNC is still not available
D/TestService( 1013): onStartCommand,from:app
D/StorageList( 1013): VolumnState:mounted
D/StorageList( 1013): Storage'paths:/mnt/internal_sd state:mounted
D/StorageList( 1013): VolumnState:checking
D/StorageList( 1013): Storage'paths:/mnt/external_sd state:checking
D/StorageList( 1013): VolumnState:removed
D/StorageList( 1013): Storage'paths:/mnt/usb_storage state:removed
D/DeviceTest-FileUitls( 1013): find path:/mnt/internal_sd
D/gpslogd ( 480): agps_set_server: Waiting for IPC connection - timeout
E/gpslogd ( 480): LIBGPS: Cannot communicate (write) with a GPSD
E/gpslogd ( 480): IPC Communication Error, /tmp/12861424_190916/customers/broadcom/Lophiusandroid/../../../proprietary/deliverables/android/gps_interface/../gps_interface/gpsi_client/GpsiClient.cpp:1075 agps_set_server
D/StorageList( 1013): VolumnState:mounted
D/DeviceTest-FileUitls( 1013): find path:/mnt/external_sd
D/StorageList( 1013): VolumnState:checking
D/DeviceTest-FileUitls( 1013): find path:/mnt/usb_storage
D/StorageList( 1013): VolumnState:removed
D/DeviceTest-FileUitls( 1013): find file:/mnt/internal_sd/LOST.DIR
D/DeviceTest-FileUitls( 1013): find file:/mnt/internal_sd/.android_secure
D/DeviceTest-FileUitls( 1013): find file:/mnt/internal_sd/Music
D/DeviceTest-FileUitls( 1013): find file:/mnt/internal_sd/Podcasts
D/DeviceTest-FileUitls( 1013): find file:/mnt/internal_sd/Ringtones
D/DeviceTest-FileUitls( 1013): find file:/mnt/internal_sd/Alarms
D/DeviceTest-FileUitls( 1013): find file:/mnt/internal_sd/Notifications
D/DeviceTest-FileUitls( 1013): find file:/mnt/internal_sd/Pictures
D/DeviceTest-FileUitls( 1013): find file:/mnt/internal_sd/Movies
D/DeviceTest-FileUitls( 1013): find file:/mnt/internal_sd/Download
D/DeviceTest-FileUitls( 1013): find file:/mnt/internal_sd/DCIM
D/DeviceTest-FileUitls( 1013): find file:/mnt/internal_sd/eHomeMediaCenter
D/DeviceTest-FileUitls( 1013): find file:/mnt/internal_sd/Android
D/TestService( 1013): no DeviceTest.apk
V/TestService( 1013): isSystemReady()=trueisBootComplete()=false
D/TestService( 1013): check home ,if need will set default home
D/StorageList( 1013): VolumnState:mounted
D/StorageList( 1013): Storage'paths:/mnt/internal_sd state:mounted
D/StorageList( 1013): VolumnState:checking
D/StorageList( 1013): Storage'paths:/mnt/external_sd state:checking
D/StorageList( 1013): VolumnState:removed
D/StorageList( 1013): Storage'paths:/mnt/usb_storage state:removed
D/DeviceTest-FileUitls( 1013): find path:/mnt/internal_sd
D/StorageList( 1013): VolumnState:mounted
D/DeviceTest-FileUitls( 1013): find path:/mnt/external_sd
D/StorageList( 1013): VolumnState:checking
D/DeviceTest-FileUitls( 1013): find path:/mnt/usb_storage
D/StorageList( 1013): VolumnState:removed
D/DeviceTest-FileUitls( 1013): find file:/mnt/internal_sd/LOST.DIR
D/DeviceTest-FileUitls( 1013): find file:/mnt/internal_sd/.android_secure
D/DeviceTest-FileUitls( 1013): find file:/mnt/internal_sd/Music
D/DeviceTest-FileUitls( 1013): find file:/mnt/internal_sd/Podcasts
D/DeviceTest-FileUitls( 1013): find file:/mnt/internal_sd/Ringtones
D/DeviceTest-FileUitls( 1013): find file:/mnt/internal_sd/Alarms
D/DeviceTest-FileUitls( 1013): find file:/mnt/internal_sd/Notifications
D/DeviceTest-FileUitls( 1013): find file:/mnt/internal_sd/Pictures
D/DeviceTest-FileUitls( 1013): find file:/mnt/internal_sd/Movies
D/DeviceTest-FileUitls( 1013): find file:/mnt/internal_sd/Download
D/DeviceTest-FileUitls( 1013): find file:/mnt/internal_sd/DCIM
D/DeviceTest-FileUitls( 1013): find file:/mnt/internal_sd/eHomeMediaCenter
D/DeviceTest-FileUitls( 1013): find file:/mnt/internal_sd/Android
D/StorageList( 1013): VolumnState:mounted
D/StorageList( 1013): Storage'paths:/mnt/internal_sd state:mounted
D/StorageList( 1013): VolumnState:checking
I/MPL-mldl_cfg_mpu:( 480): inv_mpu_resume(,,,,0070) -> 0070
V/Sensors ( 480): int poll__setDelay(sensors_poll_device_t*, int, int64_t)
V/Sensors ( 480): int sensors_poll_context_t::setDelay(int, int64_t)
V/Sensors ( 480): setDelay - sensor Accelerometer (handle 4), rate 66 ms (15.00 Hz)
V/Sensors ( 480): set fifo rate - divider : 13, delay : 66 ms (15.00 Hz)
D/StorageList( 1013): Storage'paths:/mnt/external_sd state:checking
D/StorageList( 1013): VolumnState:removed
D/StorageList( 1013): Storage'paths:/mnt/usb_storage state:removed
D/DeviceTest-FileUitls( 1013): find path:/mnt/internal_sd
I/MPL-mldl_cfg_mpu:( 480): inv_mpu_suspend(,,,,7fff) -> 0000
D/StorageList( 1013): VolumnState:mounted
D/DeviceTest-FileUitls( 1013): find path:/mnt/external_sd
D/StorageList( 1013): VolumnState:checking
D/DeviceTest-FileUitls( 1013): find path:/mnt/usb_storage
D/StorageList( 1013): VolumnState:removed
D/DeviceTest-FileUitls( 1013): find file:/mnt/internal_sd/LOST.DIR
D/DeviceTest-FileUitls( 1013): find file:/mnt/internal_sd/.android_secure
D/DeviceTest-FileUitls( 1013): find file:/mnt/internal_sd/Music
D/DeviceTest-FileUitls( 1013): find file:/mnt/internal_sd/Podcasts
D/DeviceTest-FileUitls( 1013): find file:/mnt/internal_sd/Ringtones
D/DeviceTest-FileUitls( 1013): find file:/mnt/internal_sd/Alarms
D/DeviceTest-FileUitls( 1013): find file:/mnt/internal_sd/Notifications
D/DeviceTest-FileUitls( 1013): find file:/mnt/internal_sd/Pictures
D/DeviceTest-FileUitls( 1013): find file:/mnt/internal_sd/Movies
D/DeviceTest-FileUitls( 1013): find file:/mnt/internal_sd/Download
D/DeviceTest-FileUitls( 1013): find file:/mnt/internal_sd/DCIM
D/DeviceTest-FileUitls( 1013): find file:/mnt/internal_sd/eHomeMediaCenter
D/DeviceTest-FileUitls( 1013): find file:/mnt/internal_sd/Android
D/TestService( 1013): factoryFilePath: agingFilePath: externalStorageFilePath:/mnt/internal_sd
I/ActivityManager( 480): Start proc 1049:com.android.externalstorage/u0a6 for broadcast com.android.externalstorage/.MountReceiver
I/MPL-fifo( 480): Actual ODR: 14285 mHz
D/StorageList( 1013): VolumnState:mounted
D/StorageList( 1013): Storage'paths:/mnt/internal_sd state:mounted
D/StorageList( 1013): VolumnState:checking
D/StorageList( 1013): Storage'paths:/mnt/external_sd state:checking
D/StorageList( 1013): VolumnState:removed
D/StorageList( 1013): Storage'paths:/mnt/usb_storage state:removed
D/DeviceTest-FileUitls( 1013): find path:/mnt/internal_sd
W/art ( 911): Suspending all threads took: 14.710ms
D/StorageList( 1013): VolumnState:mounted
D/DeviceTest-FileUitls( 1013): find path:/mnt/external_sd
D/StorageList( 1013): VolumnState:checking
D/DeviceTest-FileUitls( 1013): find path:/mnt/usb_storage
I/Telephony( 893): PstnIncomingCallNotifier: Unregistering: Handler (com.android.internal.telephony.gsm.GSMPhone) {a96131d}
I/art ( 911): Background sticky concurrent mark sweep GC freed 16509(994KB) AllocSpace objects, 3(45KB) LOS objects, 3% free, 14MB/15MB, paused 15.920ms total 54.366ms
D/StorageList( 1013): VolumnState:removed
D/DeviceTest-FileUitls( 1013): find file:/mnt/internal_sd/LOST.DIR
D/DeviceTest-FileUitls( 1013): find file:/mnt/internal_sd/.android_secure
D/DeviceTest-FileUitls( 1013): find file:/mnt/internal_sd/Music
D/DeviceTest-FileUitls( 1013): find file:/mnt/internal_sd/Podcasts
D/DeviceTest-FileUitls( 1013): find file:/mnt/internal_sd/Ringtones
D/DeviceTest-FileUitls( 1013): find file:/mnt/internal_sd/Alarms
D/DeviceTest-FileUitls( 1013): find file:/mnt/internal_sd/Notifications
D/DeviceTest-FileUitls( 1013): find file:/mnt/internal_sd/Pictures
D/DeviceTest-FileUitls( 1013): find file:/mnt/internal_sd/Movies
D/DeviceTest-FileUitls( 1013): find file:/mnt/internal_sd/Download
D/DeviceTest-FileUitls( 1013): find file:/mnt/internal_sd/DCIM
D/DeviceTest-FileUitls( 1013): find file:/mnt/internal_sd/eHomeMediaCenter
D/DeviceTest-FileUitls( 1013): find file:/mnt/internal_sd/Android
D/TestService( 1013): onDestroy
I/MPL-mldl_cfg_mpu:( 480): inv_mpu_resume(,,,,0070) -> 0070
I/Telephony( 893): PstnIncomingCallNotifier: Registering: Handler (com.android.internal.telephony.gsm.GSMPhone) {a96131d}
I/ActivityManager( 480): Start proc 1067:com.android.printspooler/u0a45 for service com.android.printspooler/.model.PrintSpoolerService
D/Vold ( 158): blkid identified as /dev/block/vold/179:33: LABEL="M-Ai^RM-3hM-^OM-wM-7M-py^S" UUID="592A-6241" TYPE="vfat"
I/MountService( 480): onEvent:: raw= 613 external_sd /mnt/external_sd "592A-6241" cooked = 613 external_sd /mnt/external_sd 592A-6241
I/MountService( 480): onEvent:: raw= 614 external_sd /mnt/external_sd "M-Ai^RM-3hM-^OM-wM-7M-py^S" cooked = 614 external_sd /mnt/external_sd M-Ai^RM-3hM-^OM-wM-7M-py^S
I/Vold ( 158): Error(call No.1) opening /sys/sd-sdio/rescan in the file of Volume.cpp
D/Vold ( 158): Volume external_sd state changing 3 (Checking) -> 4 (Mounted)
E/VoldConnector( 480): NDC Command {6 volume mount /mnt/external_sd} took too long (2017ms)
I/MountService( 480): onEvent:: raw= 605 Volume external_sd /mnt/external_sd state changed from 3 (Checking) to 4 (Mounted) cooked = 605 Volume external_sd /mnt/external_sd state changed from 3 (Checking) to 4 (Mounted)
I/MountService( 480): notifyVolumeStateChange::checking
I/MountService( 480): updating volume state mounted
D/MountService( 480): volume state changed for /mnt/external_sd (checking -> mounted)
D/VoldCmdListener( 158): asec list
D/MountService( 480): sendStorageIntent Intent { act=android.intent.action.MEDIA_MOUNTED dat=file:///mnt/external_sd flg=0x4000000 (has extras) } to UserHandle{-1}
I/PrintSpoolerService( 1067): No existing print spooler state.
D/ExternalStorage( 1049): After updating volumes, found 2 active roots
D/mali_winsys( 607): new_window_surface returns 0x3000
I/art ( 480): Explicit concurrent mark sweep GC freed 10397(633KB) AllocSpace objects, 4(64KB) LOS objects, 33% free, 6MB/10MB, paused 1.043ms total 29.571ms
D/ExternalStorage( 1049): After updating volumes, found 2 active roots
D/GpsLocationProvider( 480): received SIM realted action:
I/FusedLocation( 480): engine started (com.android.location.fused)
D/GpsLocationProvider( 480): SIM MCC/MNC is still not available
D/GpsLocationProvider( 480): received SIM realted action:
D/MediaScannerReceiver( 589): action: android.intent.action.MEDIA_MOUNTED path: /mnt/internal_sd
D/GpsLocationProvider( 480): SIM MCC/MNC is still not available
D/RKUpdateReceiver( 776): action = android.intent.action.MEDIA_MOUNTED
I/ActivityManager( 480): Start proc 1086:com.android.deskclock/u0a24 for broadcast com.android.deskclock/com.android.alarmclock.DigitalAppWidgetProvider
D/MediaScannerService( 589): start scanning volume external: [/mnt/internal_sd]
W/MediaProvider( 589): no database for scanned volume external
E/SQLiteLog( 589): (283) recovered 77 frames from WAL file /data/data/com.android.providers.media/databases/external-ffffffff.db-wal
I/ActivityManager( 480): Start proc 1108:com.android.music/u0a37 for broadcast com.android.music/.MediaButtonIntentReceiver
V/KeyguardUpdateMonitor( 607): action android.intent.action.SIM_STATE_CHANGED state: NOT_READY slotId: 0 subid: 0
V/KeyguardUpdateMonitor( 607): action android.intent.action.SIM_STATE_CHANGED state: ABSENT slotId: 0 subid: 0
V/KeyguardServiceDelegate( 480): *** Keyguard connected (yay!)
I/Choreographer( 607): Skipped 45 frames! The application may be doing too much work on its main thread.
D/OpenGLRenderer( 607): setting property extraRasterBucket to 0.95
D/OpenGLRenderer( 607): failed
D/OpenGLRenderer( 607): setting property extraRasterBucket to 0.0
D/OpenGLRenderer( 607): failed
D/KeyguardUpdateMonitor( 607): handleSimStateChange(subId=0, slotId=0, state=NOT_READY)
D/KeyguardViewMediator( 607): onSimStateChanged(subId=0, slotId=0,state=NOT_READY)
D/KeyguardUpdateMonitor( 607): handleSimStateChange(subId=0, slotId=0, state=ABSENT)
D/KeyguardViewMediator( 607): onSimStateChanged(subId=0, slotId=0,state=ABSENT)
V/KeyguardUpdateMonitor( 607): onSubscriptionInfoChanged()
I/ValidateNoPeople( 480): skipping global notification
V/KeyguardUpdateMonitor( 607): onSubscriptionInfoChanged: list is null
W/WindowManager( 480): Keyguard drawn timeout. Setting mKeyguardDrawComplete
I/SurfaceFlinger( 159): Boot is finished (15658 ms)
V/KeyguardUpdateMonitor( 607): onSubscriptionInfoChanged()
V/KeyguardUpdateMonitor( 607): onSubscriptionInfoChanged: list is null
V/KeyguardServiceDelegate( 480): **** SHOWN CALLED ****
D/PhoneStatusBar( 607): disable: < expand* icons alerts system_info back* home* recent* clock search* > E/VoldConnector( 480): NDC Command {7 asec list} took too long (2642ms)
I/PackageManager( 480): No secure containers found
W/PackageManager( 480): Unknown permission com.google.android.googleapps.permission.GOOGLE_AUTH in package com.android.providers.calendar
W/PackageManager( 480): Unknown permission com.google.android.googleapps.permission.GOOGLE_AUTH.cl in package com.android.providers.calendar
W/PackageManager( 480): Not granting permission android.permission.GLOBAL_SEARCH to package com.android.quicksearchbox (protectionLevel=18 flags=0x88be45)
W/PackageManager( 480): Not granting permission android.permission.ACCESS_DOWNLOAD_MANAGER to package com.android.browser (protectionLevel=18 flags=0x89be45)
W/PackageManager( 480): Not granting permission android.permission.SEND_DOWNLOAD_COMPLETED_INTENTS to package com.android.browser (protectionLevel=2 flags=0x89be45)
W/PackageManager( 480): Not granting permission android.permission.BIND_WALLPAPER to package com.android.camera2 (protectionLevel=18 flags=0xd8bc45)
W/PackageManager( 480): Unknown permission android.permission.INSTALL_DRM in package com.android.mms
W/PackageManager( 480): Not granting permission android.permission.BIND_APPWIDGET to package com.android.launcher3 (protectionLevel=18 flags=0xd83e45)
W/PackageManager( 480): Unknown permission com.android.launcher.permission.READ_SETTINGS in package com.android.launcher3
W/PackageManager( 480): Unknown permission com.android.launcher.permission.WRITE_SETTINGS in package com.android.launcher3
W/PackageManager( 480): Unknown permission com.google.android.googleapps.permission.GOOGLE_AUTH.mail in package com.android.calendar
W/PackageManager( 480): Unknown permission android.Manifest.permission.INJECT_EVENTS in package com.rockchip.devicetest
W/PackageManager( 480): Unknown permission com.android.launcher.permission.READ_SETTINGS in package com.android.onetimeinitializer
W/PackageManager( 480): Unknown permission com.android.launcher.permission.WRITE_SETTINGS in package com.android.onetimeinitializer
W/PackageManager( 480): Unknown permission android.permission.READ_MEDIA_STORAGE in package com.android.packageinstaller
W/PackageManager( 480): Not granting permission android.permission.DELETE_PACKAGES to package com.svox.pico (protectionLevel=18 flags=0x88be45)
W/PackageManager( 480): Unknown permission com.google.android.gallery3d.permission.PICASA_STORE in package com.android.dreams.phototable
W/PackageManager( 480): Unknown permission com.google.android.googleapps.permission.GOOGLE_AUTH in package com.android.settings
W/PackageManager( 480): Unknown permission com.android.launcher.permission.READ_SETTINGS in package com.android.settings
W/PackageManager( 480): Unknown permission com.android.launcher.permission.WRITE_SETTINGS in package com.android.settings
W/PackageManager( 480): Not granting permission android.permission.MOUNT_UNMOUNT_FILESYSTEMS to package com.rockchip.mediacenter (protectionLevel=18 flags=0x88be45)
W/PackageManager( 480): Not granting permission android.permission.DEVICE_POWER to package com.rockchip.mediacenter (protectionLevel=2 flags=0x88be45)
W/PackageManager( 480): Unknown permission com.android.email.permission.READ_ATTACHMENT in package com.rockchip.mediacenter
W/PackageManager( 480): Unknown permission com.android.vending.BILLING in package eu.chainfire.supersu
W/PackageManager( 480): Not granting permission android.permission.REBOOT to package eu.chainfire.supersu (protectionLevel=18 flags=0x883e05)
W/PackageManager( 480): Not granting permission android.permission.DEVICE_POWER to package com.android.deskclock (protectionLevel=2 flags=0xc8be45)
W/PackageManager( 480): Unknown permission com.android.email.permission.READ_ATTACHMENT in package com.android.exchange
W/PackageManager( 480): Unknown permission com.android.email.permission.ACCESS_PROVIDER in package com.android.exchange
W/PackageManager( 480): Unknown permission com.google.android.gallery3d.permission.GALLERY_PROVIDER in package com.android.bluetooth
W/PackageManager( 480): Unknown permission rockchip.permission.FULL_SCREEN in package android.rk.RockVideoPlayer
W/PackageManager( 480): Unknown permission android.permission.RAISED_THREAD_PRIORITY in package android.rk.RockVideoPlayer
W/PackageManager( 480): Unknown permission android.permission.FULL_SCREEN in package android.rk.RockVideoPlayer
W/PackageManager( 480): Unknown permission archos.permission.FULL_SCREEN in package android.rk.RockVideoPlayer
D/VoldCmdListener( 158): asec list
I/SystemServiceManager( 480): Starting phase 1000
D/MediaScanner( 589): Skipping: /mnt/internal_sd/Android/
D/MediaScannerService( 589): done scanning volume external
